{"id":39513,"date":"2022-04-05T16:05:39","date_gmt":"2022-04-05T16:05:39","guid":{"rendered":"https:\/\/www.ateti.pt\/loja\/?post_type=product&#038;p=39513"},"modified":"2025-01-30T10:14:52","modified_gmt":"2025-01-30T10:14:52","slug":"massa-cuscus-250g-amanhecer","status":"publish","type":"product","link":"https:\/\/www.ateti.pt\/loja\/produto\/massa-cuscus-250g-amanhecer\/","title":{"rendered":"Massa Cuscus 250g Amanhecer"},"content":{"rendered":"<p><strong>Massa Cuscus Amanhecer<\/strong><\/p>\n<p><strong>Quantidade:\u00a0<\/strong>250g<\/p>\n<p><strong>Ingredientes:\u00a0<\/strong>S\u00eamola de trigo duro. Pode conter vest\u00edgios de ovo.<\/p>\n<p><strong>Declara\u00e7\u00e3o Nutricional (por 100g): <\/strong>Energia: 1496kj\/353kcal; L\u00edpidos: 1,7g; dos quais Saturados: 0,4g; Hidratos de Carbono: 71,4g; dos quais A\u00e7\u00facares: 4,3g; Fibra: 3,2g; Prote\u00ednas: 11,4g; Sal: &lt;0,1g.<\/p>\n<p>&nbsp;<\/p>\n<p>&nbsp;<\/p>\n","protected":false},"excerpt":{"rendered":"<p>2.60\u20ac\/kg<\/p>\n","protected":false},"featured_media":39514,"comment_status":"closed","ping_status":"closed","template":"","meta":{"_themeisle_gutenberg_block_has_review":false},"product_brand":[],"product_cat":[187,891,132],"product_tag":[],"woo-feed-brand":[],"class_list":{"0":"post-39513","1":"product","2":"type-product","3":"status-publish","4":"has-post-thumbnail","6":"product_cat-arrozemassas","7":"product_cat-iva-zero","8":"product_cat-mercearia","9":"ts_product_brand-amanhecer","11":"first","12":"instock","13":"taxable","14":"shipping-taxable","15":"purchasable","16":"product-type-simple"},"_links":{"self":[{"href":"https:\/\/www.ateti.pt\/loja\/wp-json\/wp\/v2\/product\/39513","targetHints":{"allow":["GET"]}}],"collection":[{"href":"https:\/\/www.ateti.pt\/loja\/wp-json\/wp\/v2\/product"}],"about":[{"href":"https:\/\/www.ateti.pt\/loja\/wp-json\/wp\/v2\/types\/product"}],"replies":[{"embeddable":true,"href":"https:\/\/www.ateti.pt\/loja\/wp-json\/wp\/v2\/comments?post=39513"}],"wp:featuredmedia":[{"embeddable":true,"href":"https:\/\/www.ateti.pt\/loja\/wp-json\/wp\/v2\/media\/39514"}],"wp:attachment":[{"href":"https:\/\/www.ateti.pt\/loja\/wp-json\/wp\/v2\/media?parent=39513"}],"wp:term":[{"taxonomy":"product_brand","embeddable":true,"href":"https:\/\/www.ateti.pt\/loja\/wp-json\/wp\/v2\/product_brand?post=39513"},{"taxonomy":"product_cat","embeddable":true,"href":"https:\/\/www.ateti.pt\/loja\/wp-json\/wp\/v2\/product_cat?post=39513"},{"taxonomy":"product_tag","embeddable":true,"href":"https:\/\/www.ateti.pt\/loja\/wp-json\/wp\/v2\/product_tag?post=39513"},{"taxonomy":"woo-feed-brand","embeddable":true,"href":"https:\/\/www.ateti.pt\/loja\/wp-json\/wp\/v2\/woo-feed-brand?post=39513"}],"curies":[{"name":"wp","href":"https:\/\/api.w.org\/{rel}","templated":true}]}}

<p><strong>Massa Cuscus Amanhecer</strong></p>
<p><strong>Quantidade: </strong>250g</p>
<p><strong>Ingredientes: </strong>Sêmola de trigo duro. Pode conter vestígios de ovo.</p>
<p><strong>Declaração Nutricional (por 100g): </strong>Energia: 1496kj/353kcal; Lípidos: 1,7g; dos quais Saturados: 0,4g; Hidratos de Carbono: 71,4g; dos quais Açúcares: 4,3g; Fibra: 3,2g; Proteínas: 11,4g; Sal: &lt;0,1g.</p>
<p>&nbsp;</p>
<p>&nbsp;</p>
