{"id":39454,"date":"2022-04-04T16:11:17","date_gmt":"2022-04-04T16:11:17","guid":{"rendered":"https:\/\/www.ateti.pt\/loja\/?post_type=product&#038;p=39454"},"modified":"2024-01-18T18:00:55","modified_gmt":"2024-01-18T17:00:55","slug":"massa-cotovelinhos-500g-amanhecer-2","status":"publish","type":"product","link":"https:\/\/www.ateti.pt\/loja\/produto\/massa-cotovelinhos-500g-amanhecer-2\/","title":{"rendered":"Massa Cotovelinhos 500g Amanhecer"},"content":{"rendered":"<h5>Massa Cotovelinhos Amanhecer<\/h5>\n<p><strong>Quantidade:<\/strong> 500g<\/p>\n<p>Ingredientes: S\u00eamola de trigo duro.<\/p>\n<p>Pode conter vest\u00edgios de ovo.<\/p>\n<p>Conservar em local fresco e seco.<\/p>\n<p>Valores nutricionais: Energia: 1496kj\/353kcal; L\u00edpidos: 1.7g, dos quais saturados: 0.4g; Hidratos de carbono: 71.4g, dos quais a\u00e7\u00facares: 4.3g; Fibra: 3.2g; Prote\u00ednas: 11.4g; Sal:\u00ab0.1g.<\/p>\n<p><strong>Tempo de cozedura:<\/strong><\/p>\n<p>7-9 minutos em \u00e1gua abundante e a ferver, temperada com sal a gosto.<\/p>\n<h4>Como preparar cotovelinhos<\/h4>\n<p>Sugest\u00e3o de receita<\/p>\n<h5>Cotovelos \u00e0 Carbonara<\/h5>\n<p><strong>Ingredientes:<\/strong><\/p>\n<p>400 g <a href=\"https:\/\/www.ateti.pt\/loja\/categoria\/mercearia\/arrozemassas\/\">Massa cotovelos<\/a><\/p>\n<p><a href=\"https:\/\/www.ateti.pt\/loja\/categoria\/mercearia\/azeiteseoleos\/\">Azeite<\/a> q.b.<\/p>\n<p>1 <a href=\"https:\/\/www.ateti.pt\/loja\/categoria\/frutas-e-legumes\/legumes-frescos\/\">Cebola<\/a> picada<\/p>\n<p>1 dente de <a href=\"https:\/\/www.ateti.pt\/loja\/categoria\/frutas-e-legumes\/legumes-frescos\/\">alho picado<\/a><\/p>\n<p><a href=\"https:\/\/www.ateti.pt\/loja\/categoria\/refrigerados\/charcutaria\/\">Bacon<\/a> em cubos q.b.<\/p>\n<p>200ml <a href=\"https:\/\/www.ateti.pt\/loja\/categoria\/mercearia\/laticinios\/\">Natas Carbonara<\/a><\/p>\n<p>Manjeric\u00e3o fresco<\/p>\n<p>Queijo parmes\u00e3o ralado q.b.<\/p>\n<p><strong>Prepara\u00e7\u00e3o:<\/strong><\/p>\n<p>1-Coza a massa cotovelos em abundante \u00e1gua com sal at\u00e9 ficar al dente. Escorra e reserve.<\/p>\n<p>2-Refogue a cebola e o alho no azeite durante alguns minutos. Junte o bacon em peda\u00e7os.<\/p>\n<p>3-Retire do lume, acrescente a Nata Carbonara Parmalat e envolva. Leve novamente ao lume at\u00e9 ferver.<\/p>\n<p>4-Deite o molho sobre a massa cozida e polvilhe com queijo ralado. Decore com folhas de manjeric\u00e3o.<\/p>\n<p>Veja mais em <a href=\"https:\/\/www.ateti.pt\/loja\/categoria\/mercearia\/arrozemassas\/\">Arroz e Massas<\/a><\/p>\n","protected":false},"excerpt":{"rendered":"<p>2.24\/kg<\/p>\n","protected":false},"featured_media":31900,"comment_status":"closed","ping_status":"closed","template":"","meta":{"_themeisle_gutenberg_block_has_review":false},"product_brand":[],"product_cat":[187,891,132],"product_tag":[],"woo-feed-brand":[],"class_list":{"0":"post-39454","1":"product","2":"type-product","3":"status-publish","4":"has-post-thumbnail","6":"product_cat-arrozemassas","7":"product_cat-iva-zero","8":"product_cat-mercearia","10":"first","11":"instock","12":"taxable","13":"shipping-taxable","14":"purchasable","15":"product-type-simple"},"_links":{"self":[{"href":"https:\/\/www.ateti.pt\/loja\/wp-json\/wp\/v2\/product\/39454","targetHints":{"allow":["GET"]}}],"collection":[{"href":"https:\/\/www.ateti.pt\/loja\/wp-json\/wp\/v2\/product"}],"about":[{"href":"https:\/\/www.ateti.pt\/loja\/wp-json\/wp\/v2\/types\/product"}],"replies":[{"embeddable":true,"href":"https:\/\/www.ateti.pt\/loja\/wp-json\/wp\/v2\/comments?post=39454"}],"wp:featuredmedia":[{"embeddable":true,"href":"https:\/\/www.ateti.pt\/loja\/wp-json\/wp\/v2\/media\/31900"}],"wp:attachment":[{"href":"https:\/\/www.ateti.pt\/loja\/wp-json\/wp\/v2\/media?parent=39454"}],"wp:term":[{"taxonomy":"product_brand","embeddable":true,"href":"https:\/\/www.ateti.pt\/loja\/wp-json\/wp\/v2\/product_brand?post=39454"},{"taxonomy":"product_cat","embeddable":true,"href":"https:\/\/www.ateti.pt\/loja\/wp-json\/wp\/v2\/product_cat?post=39454"},{"taxonomy":"product_tag","embeddable":true,"href":"https:\/\/www.ateti.pt\/loja\/wp-json\/wp\/v2\/product_tag?post=39454"},{"taxonomy":"woo-feed-brand","embeddable":true,"href":"https:\/\/www.ateti.pt\/loja\/wp-json\/wp\/v2\/woo-feed-brand?post=39454"}],"curies":[{"name":"wp","href":"https:\/\/api.w.org\/{rel}","templated":true}]}}