{"id":39446,"date":"2022-04-04T15:36:59","date_gmt":"2022-04-04T15:36:59","guid":{"rendered":"https:\/\/www.ateti.pt\/loja\/?post_type=product&#038;p=39446"},"modified":"2024-02-06T17:00:10","modified_gmt":"2024-02-06T17:00:10","slug":"farinha-de-trigo-sem-fermento-1kg-amanhecer","status":"publish","type":"product","link":"https:\/\/www.ateti.pt\/loja\/produto\/farinha-de-trigo-sem-fermento-1kg-amanhecer\/","title":{"rendered":"Farinha de Trigo sem Fermento 1kg Amanhecer"},"content":{"rendered":"<p><strong>Farinha de Trigo sem Fermento Amanhecer<\/strong><\/p>\n<p><strong>Quantidade:\u00a0<\/strong>1kg<\/p>\n<p><strong>Ingredientes:\u00a0<\/strong>Farinha de trigo tipo 55. Pode conter vest\u00edgios de soja.<\/p>\n<p><em>Produzida a partir de artigos selecionados esta farinha \u00e9 indicada para todos os usos culin\u00e1rios.<\/em><\/p>\n<p><strong>Declara\u00e7\u00e3o Nutricional (por 100g):\u00a0<\/strong>Energia: 1541kj\/363kcal; L\u00edpidos: 1,3g; dos quais Saturados: 0,3g; Hidratos de Carbono: 76g; dos quais A\u00e7\u00facares: 2,7g; Fibra: 3,5g; Prote\u00ednas: 10g; Sal: &lt;0,1g.<\/p>\n","protected":false},"excerpt":{"rendered":"<p>1.09\u20ac\/Kg<\/p>\n","protected":false},"featured_media":39447,"comment_status":"closed","ping_status":"closed","template":"","meta":{"_themeisle_gutenberg_block_has_review":false},"product_brand":[],"product_cat":[188,132],"product_tag":[593],"woo-feed-brand":[],"class_list":{"0":"post-39446","1":"product","2":"type-product","3":"status-publish","4":"has-post-thumbnail","6":"product_cat-farinhaeacucares","7":"product_cat-mercearia","8":"product_tag-novidades","9":"ts_product_brand-amanhecer","11":"first","12":"instock","13":"taxable","14":"shipping-taxable","15":"purchasable","16":"product-type-simple"},"_links":{"self":[{"href":"https:\/\/www.ateti.pt\/loja\/wp-json\/wp\/v2\/product\/39446","targetHints":{"allow":["GET"]}}],"collection":[{"href":"https:\/\/www.ateti.pt\/loja\/wp-json\/wp\/v2\/product"}],"about":[{"href":"https:\/\/www.ateti.pt\/loja\/wp-json\/wp\/v2\/types\/product"}],"replies":[{"embeddable":true,"href":"https:\/\/www.ateti.pt\/loja\/wp-json\/wp\/v2\/comments?post=39446"}],"wp:featuredmedia":[{"embeddable":true,"href":"https:\/\/www.ateti.pt\/loja\/wp-json\/wp\/v2\/media\/39447"}],"wp:attachment":[{"href":"https:\/\/www.ateti.pt\/loja\/wp-json\/wp\/v2\/media?parent=39446"}],"wp:term":[{"taxonomy":"product_brand","embeddable":true,"href":"https:\/\/www.ateti.pt\/loja\/wp-json\/wp\/v2\/product_brand?post=39446"},{"taxonomy":"product_cat","embeddable":true,"href":"https:\/\/www.ateti.pt\/loja\/wp-json\/wp\/v2\/product_cat?post=39446"},{"taxonomy":"product_tag","embeddable":true,"href":"https:\/\/www.ateti.pt\/loja\/wp-json\/wp\/v2\/product_tag?post=39446"},{"taxonomy":"woo-feed-brand","embeddable":true,"href":"https:\/\/www.ateti.pt\/loja\/wp-json\/wp\/v2\/woo-feed-brand?post=39446"}],"curies":[{"name":"wp","href":"https:\/\/api.w.org\/{rel}","templated":true}]}}