{"id":39328,"date":"2022-03-31T17:01:46","date_gmt":"2022-03-31T16:01:46","guid":{"rendered":"https:\/\/www.ateti.pt\/loja\/?post_type=product&#038;p=39328"},"modified":"2024-09-03T15:47:47","modified_gmt":"2024-09-03T14:47:47","slug":"capsulas-de-cafe-dolce-gusto-buondi-intenso-16-capsulas","status":"publish","type":"product","link":"https:\/\/www.ateti.pt\/loja\/produto\/capsulas-de-cafe-dolce-gusto-buondi-intenso-16-capsulas\/","title":{"rendered":"Caf\u00e9 Buondi Intenso 16 C\u00e1psulas Dolce Gusto"},"content":{"rendered":"<p><strong>Caf\u00e9 Buondi Intenso <\/strong><strong>Dolce Gusto<\/strong><\/p>\n<p><strong>Quantidade: <\/strong>16 c\u00e1psulas<\/p>\n<p><strong>Intensidade:\u00a0<\/strong>10<\/p>\n<p><strong>Ingredientes:\u00a0<\/strong>Caf\u00e9 torrado e mo\u00eddo<\/p>\n<p><strong>Origem:\u00a0<\/strong>Vietnam, Brasil, Colombia<\/p>\n<p><em>Inspirado nos caf\u00e9s portugueses.<\/em><\/p>\n<p><em>Aumente o n\u00edvel de intensidade com este expresso ousado. Mergulhe no seu creme aveludado e descubra uma explos\u00e3o de sabores. Asdelicadas notas frutadas d\u00e3o rapidamente lugar a notas torradas, e os apontamentos de chocolate preto adicionam um toque de indulg\u00eancia a este caf\u00e9 encorpado.<\/em><\/p>\n<p><em>Intenso com notas de cacau.<\/em><\/p>\n<p>&nbsp;<\/p>\n","protected":false},"excerpt":{"rendered":"<p>0,35\u20ac\/un<\/p>\n<p><strong>Intensidade:\u00a0<\/strong>10<\/p>\n","protected":false},"featured_media":60371,"comment_status":"closed","ping_status":"closed","template":"","meta":{"_themeisle_gutenberg_block_has_review":false},"product_brand":[],"product_cat":[117,18,138,257],"product_tag":[],"woo-feed-brand":[],"class_list":{"0":"post-39328","1":"product","2":"type-product","3":"status-publish","4":"has-post-thumbnail","6":"product_cat-cafe-em-capsula","7":"product_cat-capsulas-dolce-gusto","8":"product_cat-originais-e-compativeis-dg","9":"product_cat-original","10":"ts_product_brand-dolce-gusto","12":"first","13":"instock","14":"sale","15":"taxable","16":"shipping-taxable","17":"purchasable","18":"product-type-simple"},"_links":{"self":[{"href":"https:\/\/www.ateti.pt\/loja\/wp-json\/wp\/v2\/product\/39328","targetHints":{"allow":["GET"]}}],"collection":[{"href":"https:\/\/www.ateti.pt\/loja\/wp-json\/wp\/v2\/product"}],"about":[{"href":"https:\/\/www.ateti.pt\/loja\/wp-json\/wp\/v2\/types\/product"}],"replies":[{"embeddable":true,"href":"https:\/\/www.ateti.pt\/loja\/wp-json\/wp\/v2\/comments?post=39328"}],"wp:featuredmedia":[{"embeddable":true,"href":"https:\/\/www.ateti.pt\/loja\/wp-json\/wp\/v2\/media\/60371"}],"wp:attachment":[{"href":"https:\/\/www.ateti.pt\/loja\/wp-json\/wp\/v2\/media?parent=39328"}],"wp:term":[{"taxonomy":"product_brand","embeddable":true,"href":"https:\/\/www.ateti.pt\/loja\/wp-json\/wp\/v2\/product_brand?post=39328"},{"taxonomy":"product_cat","embeddable":true,"href":"https:\/\/www.ateti.pt\/loja\/wp-json\/wp\/v2\/product_cat?post=39328"},{"taxonomy":"product_tag","embeddable":true,"href":"https:\/\/www.ateti.pt\/loja\/wp-json\/wp\/v2\/product_tag?post=39328"},{"taxonomy":"woo-feed-brand","embeddable":true,"href":"https:\/\/www.ateti.pt\/loja\/wp-json\/wp\/v2\/woo-feed-brand?post=39328"}],"curies":[{"name":"wp","href":"https:\/\/api.w.org\/{rel}","templated":true}]}}