{"id":37510,"date":"2024-07-04T11:15:56","date_gmt":"2024-07-04T10:15:56","guid":{"rendered":"https:\/\/www.ateti.pt\/loja\/?post_type=product&#038;p=37510"},"modified":"2025-10-24T12:42:57","modified_gmt":"2025-10-24T11:42:57","slug":"farinha-de-milho-ceifeira-500g","status":"publish","type":"product","link":"https:\/\/www.ateti.pt\/loja\/produto\/farinha-de-milho-ceifeira-500g\/","title":{"rendered":"Farinha de Milho 500g Ceifeira"},"content":{"rendered":"<p><strong>Farinha de Milho Ceifeira<\/strong><\/p>\n<p><strong>Quantidade:<\/strong> 500g<\/p>\n<p><em>Ideal para fritos, biscoitos e broas.<\/em><\/p>\n<p><em>Isento de gl\u00faten<\/em><\/p>\n<p><strong>Declara\u00e7\u00e3o Nutricional (por 100g):\u00a0<\/strong>Energia: 1485kj\/355kcal; L\u00edpidos: 1,8g; dos quais Saturados: 0,3g; Hidratos de Carbono: 78,4g; dos quais A\u00e7\u00facares: 0,9g; Prote\u00ednas: 4,9g; Sal: &lt;0,1g.<\/p>\n","protected":false},"excerpt":{"rendered":"<p>1,58\u20ac\/kg<\/p>\n","protected":false},"featured_media":37512,"comment_status":"closed","ping_status":"closed","template":"","meta":{"_themeisle_gutenberg_block_has_review":false},"product_brand":[],"product_cat":[188,132],"product_tag":[593],"woo-feed-brand":[],"class_list":{"0":"post-37510","1":"product","2":"type-product","3":"status-publish","4":"has-post-thumbnail","6":"product_cat-farinhaeacucares","7":"product_cat-mercearia","8":"product_tag-novidades","10":"first","11":"instock","12":"taxable","13":"shipping-taxable","14":"purchasable","15":"product-type-simple"},"_links":{"self":[{"href":"https:\/\/www.ateti.pt\/loja\/wp-json\/wp\/v2\/product\/37510","targetHints":{"allow":["GET"]}}],"collection":[{"href":"https:\/\/www.ateti.pt\/loja\/wp-json\/wp\/v2\/product"}],"about":[{"href":"https:\/\/www.ateti.pt\/loja\/wp-json\/wp\/v2\/types\/product"}],"replies":[{"embeddable":true,"href":"https:\/\/www.ateti.pt\/loja\/wp-json\/wp\/v2\/comments?post=37510"}],"wp:featuredmedia":[{"embeddable":true,"href":"https:\/\/www.ateti.pt\/loja\/wp-json\/wp\/v2\/media\/37512"}],"wp:attachment":[{"href":"https:\/\/www.ateti.pt\/loja\/wp-json\/wp\/v2\/media?parent=37510"}],"wp:term":[{"taxonomy":"product_brand","embeddable":true,"href":"https:\/\/www.ateti.pt\/loja\/wp-json\/wp\/v2\/product_brand?post=37510"},{"taxonomy":"product_cat","embeddable":true,"href":"https:\/\/www.ateti.pt\/loja\/wp-json\/wp\/v2\/product_cat?post=37510"},{"taxonomy":"product_tag","embeddable":true,"href":"https:\/\/www.ateti.pt\/loja\/wp-json\/wp\/v2\/product_tag?post=37510"},{"taxonomy":"woo-feed-brand","embeddable":true,"href":"https:\/\/www.ateti.pt\/loja\/wp-json\/wp\/v2\/woo-feed-brand?post=37510"}],"curies":[{"name":"wp","href":"https:\/\/api.w.org\/{rel}","templated":true}]}}