{"id":37505,"date":"2022-02-04T10:48:03","date_gmt":"2022-02-04T09:48:03","guid":{"rendered":"https:\/\/www.ateti.pt\/loja\/?post_type=product&#038;p=37505"},"modified":"2024-03-12T10:59:24","modified_gmt":"2024-03-12T10:59:24","slug":"caramelos-de-fruta-penha-100g","status":"publish","type":"product","link":"https:\/\/www.ateti.pt\/loja\/produto\/caramelos-de-fruta-penha-100g\/","title":{"rendered":"Caramelos de Fruta 100g Penha"},"content":{"rendered":"<p><strong>Caramelos de Fruta Penha<\/strong><\/p>\n<p><strong>Quantidade:<\/strong> 100g<\/p>\n<p><em>Caramelos de fruta com sabores sortidos<\/em><\/p>\n<p><strong>Ingredientes:\u00a0<\/strong>A\u00e7\u00facar, xarope de glicose, gordura vegetal (\u00f3leo de palma), gelatina de vaca, regulador de acidez (\u00e1cido c\u00edtrico), aromas, espessantes (goma ar\u00e1bica), emulsionante (lecitina de soja), dextrina e antioxidantes (vitamina E e vitamina C). Conservar em local fresco e seco.<\/p>\n<p><strong>Declara\u00e7\u00e3o Nutricional (por 100g):\u00a0<\/strong>Energia: 1705kj\/403kcal; L\u00edpidos: 7,2g; dos quais Saturados: 3,7g; Hidratos de Carbono: 82,5g; dos quais A\u00e7ucares: 65,3g; Prote\u00ednas: 1,3g; Sal: 0g.<\/p>\n","protected":false},"excerpt":{"rendered":"<p>16,90\u20ac\/kg<\/p>\n","protected":false},"featured_media":37506,"comment_status":"closed","ping_status":"closed","template":"","meta":{"_themeisle_gutenberg_block_has_review":false},"product_brand":[],"product_cat":[25,144,132],"product_tag":[],"woo-feed-brand":[],"class_list":{"0":"post-37505","1":"product","2":"type-product","3":"status-publish","4":"has-post-thumbnail","6":"product_cat-chocolates","7":"product_cat-chocolates-biscoitos-e-cereais","8":"product_cat-mercearia","9":"ts_product_brand-penha","11":"first","12":"instock","13":"taxable","14":"shipping-taxable","15":"purchasable","16":"product-type-simple"},"_links":{"self":[{"href":"https:\/\/www.ateti.pt\/loja\/wp-json\/wp\/v2\/product\/37505","targetHints":{"allow":["GET"]}}],"collection":[{"href":"https:\/\/www.ateti.pt\/loja\/wp-json\/wp\/v2\/product"}],"about":[{"href":"https:\/\/www.ateti.pt\/loja\/wp-json\/wp\/v2\/types\/product"}],"replies":[{"embeddable":true,"href":"https:\/\/www.ateti.pt\/loja\/wp-json\/wp\/v2\/comments?post=37505"}],"wp:featuredmedia":[{"embeddable":true,"href":"https:\/\/www.ateti.pt\/loja\/wp-json\/wp\/v2\/media\/37506"}],"wp:attachment":[{"href":"https:\/\/www.ateti.pt\/loja\/wp-json\/wp\/v2\/media?parent=37505"}],"wp:term":[{"taxonomy":"product_brand","embeddable":true,"href":"https:\/\/www.ateti.pt\/loja\/wp-json\/wp\/v2\/product_brand?post=37505"},{"taxonomy":"product_cat","embeddable":true,"href":"https:\/\/www.ateti.pt\/loja\/wp-json\/wp\/v2\/product_cat?post=37505"},{"taxonomy":"product_tag","embeddable":true,"href":"https:\/\/www.ateti.pt\/loja\/wp-json\/wp\/v2\/product_tag?post=37505"},{"taxonomy":"woo-feed-brand","embeddable":true,"href":"https:\/\/www.ateti.pt\/loja\/wp-json\/wp\/v2\/woo-feed-brand?post=37505"}],"curies":[{"name":"wp","href":"https:\/\/api.w.org\/{rel}","templated":true}]}}