{"id":35287,"date":"2021-11-16T17:33:33","date_gmt":"2021-11-16T16:33:33","guid":{"rendered":"https:\/\/www.ateti.pt\/loja\/?post_type=product&#038;p=35287"},"modified":"2026-03-12T13:00:33","modified_gmt":"2026-03-12T13:00:33","slug":"pastilhas-cafe-delta-lote-chavena-16un","status":"publish","type":"product","link":"https:\/\/www.ateti.pt\/loja\/produto\/pastilhas-cafe-delta-lote-chavena-16un\/","title":{"rendered":"Pastilhas Caf\u00e9 Lote Ch\u00e1vena 16un Delta"},"content":{"rendered":"<p><strong>Pastilhas Caf\u00e9 Lote Ch\u00e1vena <\/strong><strong>Delta\u00a0<\/strong><\/p>\n<p><strong>Quantidade: <\/strong>16un<\/p>\n<p><em>Caf\u00e9 Torrado Mo\u00eddo<\/em><\/p>\n<p><strong>Intensidade:<\/strong> 8<\/p>\n<p><strong>Declara\u00e7\u00e3o Nutricional (por 100g):\u00a0<\/strong>Energia: 1401kj\/339kcal; L\u00edpidos: 13g; dos quais Saturados: 6g; Hidratos de Carbono: 14g; dos quais A\u00e7\u00facares: 0g; Fibra: 49g; Prote\u00ednas: 17g; Sal: 0,03g.<\/p>\n","protected":false},"excerpt":{"rendered":"<p>0,26\u20ac\/un<\/p>\n","protected":false},"featured_media":42130,"comment_status":"closed","ping_status":"closed","template":"","meta":{"_themeisle_gutenberg_block_has_review":false},"product_brand":[],"product_cat":[117,707],"product_tag":[],"woo-feed-brand":[],"class_list":{"0":"post-35287","1":"product","2":"type-product","3":"status-publish","4":"has-post-thumbnail","6":"product_cat-cafe-em-capsula","7":"product_cat-pastilhas-de-papel","8":"ts_product_brand-delta","10":"first","11":"instock","12":"taxable","13":"shipping-taxable","14":"purchasable","15":"product-type-simple"},"_links":{"self":[{"href":"https:\/\/www.ateti.pt\/loja\/wp-json\/wp\/v2\/product\/35287","targetHints":{"allow":["GET"]}}],"collection":[{"href":"https:\/\/www.ateti.pt\/loja\/wp-json\/wp\/v2\/product"}],"about":[{"href":"https:\/\/www.ateti.pt\/loja\/wp-json\/wp\/v2\/types\/product"}],"replies":[{"embeddable":true,"href":"https:\/\/www.ateti.pt\/loja\/wp-json\/wp\/v2\/comments?post=35287"}],"wp:featuredmedia":[{"embeddable":true,"href":"https:\/\/www.ateti.pt\/loja\/wp-json\/wp\/v2\/media\/42130"}],"wp:attachment":[{"href":"https:\/\/www.ateti.pt\/loja\/wp-json\/wp\/v2\/media?parent=35287"}],"wp:term":[{"taxonomy":"product_brand","embeddable":true,"href":"https:\/\/www.ateti.pt\/loja\/wp-json\/wp\/v2\/product_brand?post=35287"},{"taxonomy":"product_cat","embeddable":true,"href":"https:\/\/www.ateti.pt\/loja\/wp-json\/wp\/v2\/product_cat?post=35287"},{"taxonomy":"product_tag","embeddable":true,"href":"https:\/\/www.ateti.pt\/loja\/wp-json\/wp\/v2\/product_tag?post=35287"},{"taxonomy":"woo-feed-brand","embeddable":true,"href":"https:\/\/www.ateti.pt\/loja\/wp-json\/wp\/v2\/woo-feed-brand?post=35287"}],"curies":[{"name":"wp","href":"https:\/\/api.w.org\/{rel}","templated":true}]}}