{"id":35193,"date":"2021-11-12T19:15:55","date_gmt":"2021-11-12T19:15:55","guid":{"rendered":"https:\/\/www.ateti.pt\/loja\/?post_type=product&#038;p=35193"},"modified":"2023-11-06T17:40:10","modified_gmt":"2023-11-06T16:40:10","slug":"licor-beirao-dhonra-70cl","status":"publish","type":"product","link":"https:\/\/www.ateti.pt\/loja\/produto\/licor-beirao-dhonra-70cl\/","title":{"rendered":"Licor Beir\u00e3o D&#8217;Honra 70cl"},"content":{"rendered":"<h4>Licor Beir\u00e3o D&#8217;Honra<\/h4>\n<p>Quantidade: 70cl<\/p>\n<p>\u00c1lcool: 30%vol.<\/p>\n<p>Veja mais em\u00a0<a href=\"https:\/\/www.ateti.pt\/loja\/categoria\/bebidas\/garrafeira\/\">Garrafeira<\/a><\/p>\n<p><em>&#8220;O Beir\u00e3o d\u2019Honra , que nasceu como homenagem a J. Carranca Redondo, e com inten\u00e7\u00e3o de ser uma edi\u00e7\u00e3o limitada, \u00e9 uma receita enriquecida com aguardente v\u00ednica envelhecida. A receita \u00e9 \u00fanica, o sabor \u00e9 envolvente e \u00e9 ideal para momentos \u00fanicos e memor\u00e1veis: palavra d\u2019Honra. Quanto ao consumo, ao contr\u00e1rio do Licor Beir\u00e3o, o Beir\u00e3o d&#8217;Honra deve ser feito, preferencialmente, num Copo Bal\u00e3o e em estado puro &#8211; sem gelo.&#8221;<\/em><\/p>\n<p class=\"p1\"><strong>Ingredientes:<\/strong>\u00a0\u00e1gua, \u00e1lcool, aguardente v\u00ednica envelhecida, a\u00e7\u00facar, destilado de plantas e sementes arom\u00e1ticas.<\/p>\n","protected":false},"excerpt":{"rendered":"<p>32,29\u20ac\/Lt<\/p>\n","protected":false},"featured_media":35259,"comment_status":"closed","ping_status":"closed","template":"","meta":{"_themeisle_gutenberg_block_has_review":false},"product_brand":[],"product_cat":[158,739,173,627,596],"product_tag":[],"woo-feed-brand":[],"class_list":{"0":"post-35193","1":"product","2":"type-product","3":"status-publish","4":"has-post-thumbnail","6":"product_cat-bebidas","7":"product_cat-bebidas-de-natal","8":"product_cat-garrafeira","9":"product_cat-licores-espirituosas","10":"product_cat-natal","11":"ts_product_brand-beirao","13":"first","14":"instock","15":"sale","16":"taxable","17":"shipping-taxable","18":"purchasable","19":"product-type-simple"},"_links":{"self":[{"href":"https:\/\/www.ateti.pt\/loja\/wp-json\/wp\/v2\/product\/35193","targetHints":{"allow":["GET"]}}],"collection":[{"href":"https:\/\/www.ateti.pt\/loja\/wp-json\/wp\/v2\/product"}],"about":[{"href":"https:\/\/www.ateti.pt\/loja\/wp-json\/wp\/v2\/types\/product"}],"replies":[{"embeddable":true,"href":"https:\/\/www.ateti.pt\/loja\/wp-json\/wp\/v2\/comments?post=35193"}],"wp:featuredmedia":[{"embeddable":true,"href":"https:\/\/www.ateti.pt\/loja\/wp-json\/wp\/v2\/media\/35259"}],"wp:attachment":[{"href":"https:\/\/www.ateti.pt\/loja\/wp-json\/wp\/v2\/media?parent=35193"}],"wp:term":[{"taxonomy":"product_brand","embeddable":true,"href":"https:\/\/www.ateti.pt\/loja\/wp-json\/wp\/v2\/product_brand?post=35193"},{"taxonomy":"product_cat","embeddable":true,"href":"https:\/\/www.ateti.pt\/loja\/wp-json\/wp\/v2\/product_cat?post=35193"},{"taxonomy":"product_tag","embeddable":true,"href":"https:\/\/www.ateti.pt\/loja\/wp-json\/wp\/v2\/product_tag?post=35193"},{"taxonomy":"woo-feed-brand","embeddable":true,"href":"https:\/\/www.ateti.pt\/loja\/wp-json\/wp\/v2\/woo-feed-brand?post=35193"}],"curies":[{"name":"wp","href":"https:\/\/api.w.org\/{rel}","templated":true}]}}