{"id":34072,"date":"2025-05-01T16:33:45","date_gmt":"2025-05-01T15:33:45","guid":{"rendered":"https:\/\/www.ateti.pt\/loja\/?post_type=product&#038;p=34072"},"modified":"2025-05-28T16:28:16","modified_gmt":"2025-05-28T15:28:16","slug":"bombons-kinder-schokobons-125g","status":"publish","type":"product","link":"https:\/\/www.ateti.pt\/loja\/produto\/bombons-kinder-schokobons-125g\/","title":{"rendered":"Bombons Schokobons 125g Kinder (25-06-2025)"},"content":{"rendered":"<h4>Bombons Kinder Schokobons<\/h4>\n<p>Quantidade: 125g<\/p>\n<p>Chocolate extrafino de leite com recheio cremoso de leite e avel\u00e3s.<\/p>\n<p class=\"attribute-name auc-pdp-attribute-title\"><strong>Ingredientes:<\/strong><\/p>\n<p>Chocolate de LEITE extrafino 50% (a\u00e7\u00facar LEITE inteiro em p\u00f3 manteiga de cacau pasta de cacau emulsionantes: lecitinas (SOJA) aromas) a\u00e7\u00facar LEITE desnatado em p\u00f3 gordura de palma AVEL\u00c3S (5 8% ) MANTEIGA concentrada chocolate negro (a\u00e7\u00facar pas ta de cacau manteiga de cacau emulsionantes: lecitinas (SOJA) aromas) agentes de revestimento (goma ar\u00e1bica goma laca) xarope de glicose emulsionantes: lecitinas (SOJA) aromas. Sobre o total: Produtos do LEITE: 28% cacau: 16 5%<\/p>\n","protected":false},"excerpt":{"rendered":"<p>31.92\u20ac\/Kg<\/p>\n","protected":false},"featured_media":34093,"comment_status":"closed","ping_status":"closed","template":"","meta":{"_themeisle_gutenberg_block_has_review":false},"product_brand":[],"product_cat":[25,144,132,265],"product_tag":[],"woo-feed-brand":[],"class_list":{"0":"post-34072","1":"product","2":"type-product","3":"status-publish","4":"has-post-thumbnail","6":"product_cat-chocolates","7":"product_cat-chocolates-biscoitos-e-cereais","8":"product_cat-mercearia","9":"product_cat-promocoes-outlet-ate-50-desconto-supermercado-online-ate-ti","10":"ts_product_brand-kinder","12":"first","13":"outofstock","14":"sale","15":"taxable","16":"shipping-taxable","17":"purchasable","18":"product-type-simple"},"_links":{"self":[{"href":"https:\/\/www.ateti.pt\/loja\/wp-json\/wp\/v2\/product\/34072","targetHints":{"allow":["GET"]}}],"collection":[{"href":"https:\/\/www.ateti.pt\/loja\/wp-json\/wp\/v2\/product"}],"about":[{"href":"https:\/\/www.ateti.pt\/loja\/wp-json\/wp\/v2\/types\/product"}],"replies":[{"embeddable":true,"href":"https:\/\/www.ateti.pt\/loja\/wp-json\/wp\/v2\/comments?post=34072"}],"wp:featuredmedia":[{"embeddable":true,"href":"https:\/\/www.ateti.pt\/loja\/wp-json\/wp\/v2\/media\/34093"}],"wp:attachment":[{"href":"https:\/\/www.ateti.pt\/loja\/wp-json\/wp\/v2\/media?parent=34072"}],"wp:term":[{"taxonomy":"product_brand","embeddable":true,"href":"https:\/\/www.ateti.pt\/loja\/wp-json\/wp\/v2\/product_brand?post=34072"},{"taxonomy":"product_cat","embeddable":true,"href":"https:\/\/www.ateti.pt\/loja\/wp-json\/wp\/v2\/product_cat?post=34072"},{"taxonomy":"product_tag","embeddable":true,"href":"https:\/\/www.ateti.pt\/loja\/wp-json\/wp\/v2\/product_tag?post=34072"},{"taxonomy":"woo-feed-brand","embeddable":true,"href":"https:\/\/www.ateti.pt\/loja\/wp-json\/wp\/v2\/woo-feed-brand?post=34072"}],"curies":[{"name":"wp","href":"https:\/\/api.w.org\/{rel}","templated":true}]}}