{"id":33800,"date":"2021-09-27T15:57:47","date_gmt":"2021-09-27T14:57:47","guid":{"rendered":"https:\/\/www.ateti.pt\/loja\/?post_type=product&#038;p=33800"},"modified":"2026-02-18T09:53:58","modified_gmt":"2026-02-18T09:53:58","slug":"fruta-desidratada-maca-vermelha-frubis-20g","status":"publish","type":"product","link":"https:\/\/www.ateti.pt\/loja\/produto\/fruta-desidratada-maca-vermelha-frubis-20g\/","title":{"rendered":"Fruta Desidratada Ma\u00e7\u00e3 Vermelha 20g Frubis"},"content":{"rendered":"<p><strong>Fruta Desidratada Ma\u00e7\u00e3 Vermelha Frubis<\/strong><\/p>\n<p><strong>Quantidade: <\/strong>20g<\/p>\n<p><em>Ma\u00e7\u00e3 Desidratada<\/em><\/p>\n<p>Alto teor em fibra<\/p>\n<p>Apenas fruta<\/p>\n<p>Cont\u00e9m apenas a\u00e7\u00facares naturalmente presentes na fruta<\/p>\n<p>Sem corantes nem conservantes<\/p>\n<p>Frubis \u00e9 fruta desidratada sem fritura<\/p>\n<p><strong>Ingredientes:\u00a0<\/strong>s\u00f3 Ma\u00e7\u00e3<\/p>\n<p><strong>Declara\u00e7\u00e3o Nutricional (por 20g):\u00a0<\/strong>Energia: 304kj\/72kcal; L\u00edpidos: 0,038g; dos quais Saturados: 0,01g; Hidratos de Carbono: 16,24g; dos quais A\u00e7\u00facares: 14,64g; Fibra: 2,82g; Prote\u00ednas: 0,28g; Sal: 0,012g; Vitamina E: 0,042mg.<\/p>\n","protected":false},"excerpt":{"rendered":"<p>39,50\u20ac\/kg<\/p>\n","protected":false},"featured_media":33873,"comment_status":"closed","ping_status":"closed","template":"","meta":{"_themeisle_gutenberg_block_has_review":false},"product_brand":[],"product_cat":[226,206,214,207,132,223],"product_tag":[],"woo-feed-brand":[],"class_list":{"0":"post-33800","1":"product","2":"type-product","3":"status-publish","4":"has-post-thumbnail","6":"product_cat-alimentacao","7":"product_cat-aperitivos","8":"product_cat-bebe-crianca","9":"product_cat-bio-saudavel","10":"product_cat-mercearia","11":"product_cat-mercearia-saudavel","13":"first","14":"instock","15":"taxable","16":"shipping-taxable","17":"purchasable","18":"product-type-simple"},"_links":{"self":[{"href":"https:\/\/www.ateti.pt\/loja\/wp-json\/wp\/v2\/product\/33800","targetHints":{"allow":["GET"]}}],"collection":[{"href":"https:\/\/www.ateti.pt\/loja\/wp-json\/wp\/v2\/product"}],"about":[{"href":"https:\/\/www.ateti.pt\/loja\/wp-json\/wp\/v2\/types\/product"}],"replies":[{"embeddable":true,"href":"https:\/\/www.ateti.pt\/loja\/wp-json\/wp\/v2\/comments?post=33800"}],"wp:featuredmedia":[{"embeddable":true,"href":"https:\/\/www.ateti.pt\/loja\/wp-json\/wp\/v2\/media\/33873"}],"wp:attachment":[{"href":"https:\/\/www.ateti.pt\/loja\/wp-json\/wp\/v2\/media?parent=33800"}],"wp:term":[{"taxonomy":"product_brand","embeddable":true,"href":"https:\/\/www.ateti.pt\/loja\/wp-json\/wp\/v2\/product_brand?post=33800"},{"taxonomy":"product_cat","embeddable":true,"href":"https:\/\/www.ateti.pt\/loja\/wp-json\/wp\/v2\/product_cat?post=33800"},{"taxonomy":"product_tag","embeddable":true,"href":"https:\/\/www.ateti.pt\/loja\/wp-json\/wp\/v2\/product_tag?post=33800"},{"taxonomy":"woo-feed-brand","embeddable":true,"href":"https:\/\/www.ateti.pt\/loja\/wp-json\/wp\/v2\/woo-feed-brand?post=33800"}],"curies":[{"name":"wp","href":"https:\/\/api.w.org\/{rel}","templated":true}]}}