{"id":33701,"date":"2021-09-22T17:26:45","date_gmt":"2021-09-22T16:26:45","guid":{"rendered":"https:\/\/www.ateti.pt\/loja\/?post_type=product&#038;p=33701"},"modified":"2023-04-04T18:15:19","modified_gmt":"2023-04-04T17:15:19","slug":"chocolate-morango-milka-100g","status":"publish","type":"product","link":"https:\/\/www.ateti.pt\/loja\/produto\/chocolate-morango-milka-100g\/","title":{"rendered":"Chocolate Morango 100g Milka"},"content":{"rendered":"<p><strong>Chocolate Morango Milka<\/strong><\/p>\n<p><strong>Quantidade: <\/strong>100g<\/p>\n<p><em>Chocolate de leite dos Alpes com recheio cremoso (51%) com sabor a morango.<\/em><\/p>\n<p><strong>Ingredientes:\u00a0<\/strong>a\u00e7\u00facar, gordura de palma, soro de leite em p\u00f3, manteiga de cacau, leite em p\u00f3 magro, pasta de cacau, gordura de leite, emulsionantes (lecitina de soja, lecitina de girassol), dextrose, aromas, pasta de avel\u00e3s, morangos desidratados (0,2%), maltodextrina, acidificante (\u00e1cido citrico). Pode conter outros frutos de casca rija e trigo.<\/p>\n<p><strong>Declara\u00e7\u00e3o Nutricional (por 100g):\u00a0<\/strong>Energia: 2304kj\/552kcal; L\u00edpidos: 34g; dos quais Saturados: 19g; Hidratos de Carbono: 57g; dos quais A\u00e7\u00facares: 56g; Fibra: 0,9g; Prote\u00ednas: 4,6g; Sal: 0,47g.<\/p>\n","protected":false},"excerpt":{"rendered":"<p>16,90\u20ac\/kg<\/p>\n","protected":false},"featured_media":33702,"comment_status":"closed","ping_status":"closed","template":"","meta":{"_themeisle_gutenberg_block_has_review":false},"product_brand":[],"product_cat":[25,144,132],"product_tag":[],"woo-feed-brand":[],"class_list":{"0":"post-33701","1":"product","2":"type-product","3":"status-publish","4":"has-post-thumbnail","6":"product_cat-chocolates","7":"product_cat-chocolates-biscoitos-e-cereais","8":"product_cat-mercearia","9":"ts_product_brand-milka","11":"first","12":"instock","13":"taxable","14":"shipping-taxable","15":"purchasable","16":"product-type-simple"},"_links":{"self":[{"href":"https:\/\/www.ateti.pt\/loja\/wp-json\/wp\/v2\/product\/33701","targetHints":{"allow":["GET"]}}],"collection":[{"href":"https:\/\/www.ateti.pt\/loja\/wp-json\/wp\/v2\/product"}],"about":[{"href":"https:\/\/www.ateti.pt\/loja\/wp-json\/wp\/v2\/types\/product"}],"replies":[{"embeddable":true,"href":"https:\/\/www.ateti.pt\/loja\/wp-json\/wp\/v2\/comments?post=33701"}],"wp:featuredmedia":[{"embeddable":true,"href":"https:\/\/www.ateti.pt\/loja\/wp-json\/wp\/v2\/media\/33702"}],"wp:attachment":[{"href":"https:\/\/www.ateti.pt\/loja\/wp-json\/wp\/v2\/media?parent=33701"}],"wp:term":[{"taxonomy":"product_brand","embeddable":true,"href":"https:\/\/www.ateti.pt\/loja\/wp-json\/wp\/v2\/product_brand?post=33701"},{"taxonomy":"product_cat","embeddable":true,"href":"https:\/\/www.ateti.pt\/loja\/wp-json\/wp\/v2\/product_cat?post=33701"},{"taxonomy":"product_tag","embeddable":true,"href":"https:\/\/www.ateti.pt\/loja\/wp-json\/wp\/v2\/product_tag?post=33701"},{"taxonomy":"woo-feed-brand","embeddable":true,"href":"https:\/\/www.ateti.pt\/loja\/wp-json\/wp\/v2\/woo-feed-brand?post=33701"}],"curies":[{"name":"wp","href":"https:\/\/api.w.org\/{rel}","templated":true}]}}