{"id":33531,"date":"2021-09-16T09:25:09","date_gmt":"2021-09-16T08:25:09","guid":{"rendered":"https:\/\/www.ateti.pt\/loja\/?post_type=product&#038;p=33531"},"modified":"2023-04-04T14:58:49","modified_gmt":"2023-04-04T13:58:49","slug":"dolce-gusto-galao-16-capsulas","status":"publish","type":"product","link":"https:\/\/www.ateti.pt\/loja\/produto\/dolce-gusto-galao-16-capsulas\/","title":{"rendered":"Gal\u00e3o 16 C\u00e1psulas Dolce Gusto"},"content":{"rendered":"<p><strong>Dolce Gusto Gal\u00e3o<\/strong><\/p>\n<p><strong>Quantidade:<\/strong> 16 c\u00e1psulas<\/p>\n<p><em>Preparado \u00e0 base de leite em p\u00f3 e caf\u00e9 sol\u00favel.<\/em><\/p>\n<p><strong>Ingredientes:\u00a0<\/strong>Leite em p\u00f3 (73,7%), caf\u00e9 sol\u00favel (24%), estabilizadores (fosfatos de pot\u00e1ssio, citratos de S\u00f3dio), emulsionante (lecitina de soja).<\/p>\n<p><strong>Declara\u00e7\u00e3o Nutricional (por 100ml):\u00a0<\/strong>Energia: 92kj\/22kcal; L\u00edpidos: 1,1g; dos quais Saturados: 0,7g; Hidratos de Carbono: 1,6g; dos quais A\u00e7\u00facares: 1,6g; Fibra: 0,4g; Prote\u00ednas: 1,2g; Sal: 0,06g.<\/p>\n","protected":false},"excerpt":{"rendered":"<p>0,35\u20ac\/c\u00e1psula<\/p>\n","protected":false},"featured_media":33608,"comment_status":"closed","ping_status":"closed","template":"","meta":{"_themeisle_gutenberg_block_has_review":false},"product_brand":[],"product_cat":[117,18,137],"product_tag":[],"woo-feed-brand":[],"class_list":{"0":"post-33531","1":"product","2":"type-product","3":"status-publish","4":"has-post-thumbnail","6":"product_cat-cafe-em-capsula","7":"product_cat-capsulas-dolce-gusto","8":"product_cat-especialidades-dolcegusto","9":"ts_product_brand-dolce-gusto","11":"first","12":"instock","13":"sale","14":"taxable","15":"shipping-taxable","16":"purchasable","17":"product-type-simple"},"_links":{"self":[{"href":"https:\/\/www.ateti.pt\/loja\/wp-json\/wp\/v2\/product\/33531","targetHints":{"allow":["GET"]}}],"collection":[{"href":"https:\/\/www.ateti.pt\/loja\/wp-json\/wp\/v2\/product"}],"about":[{"href":"https:\/\/www.ateti.pt\/loja\/wp-json\/wp\/v2\/types\/product"}],"replies":[{"embeddable":true,"href":"https:\/\/www.ateti.pt\/loja\/wp-json\/wp\/v2\/comments?post=33531"}],"wp:featuredmedia":[{"embeddable":true,"href":"https:\/\/www.ateti.pt\/loja\/wp-json\/wp\/v2\/media\/33608"}],"wp:attachment":[{"href":"https:\/\/www.ateti.pt\/loja\/wp-json\/wp\/v2\/media?parent=33531"}],"wp:term":[{"taxonomy":"product_brand","embeddable":true,"href":"https:\/\/www.ateti.pt\/loja\/wp-json\/wp\/v2\/product_brand?post=33531"},{"taxonomy":"product_cat","embeddable":true,"href":"https:\/\/www.ateti.pt\/loja\/wp-json\/wp\/v2\/product_cat?post=33531"},{"taxonomy":"product_tag","embeddable":true,"href":"https:\/\/www.ateti.pt\/loja\/wp-json\/wp\/v2\/product_tag?post=33531"},{"taxonomy":"woo-feed-brand","embeddable":true,"href":"https:\/\/www.ateti.pt\/loja\/wp-json\/wp\/v2\/woo-feed-brand?post=33531"}],"curies":[{"name":"wp","href":"https:\/\/api.w.org\/{rel}","templated":true}]}}