{"id":32506,"date":"2021-08-02T17:13:06","date_gmt":"2021-08-02T16:13:06","guid":{"rendered":"https:\/\/www.ateti.pt\/loja\/?post_type=product&#038;p=32506"},"modified":"2026-01-14T16:50:35","modified_gmt":"2026-01-14T16:50:35","slug":"panado-misto-cordon-blue-congelados-davigel-2-5kg","status":"publish","type":"product","link":"https:\/\/www.ateti.pt\/loja\/produto\/panado-misto-cordon-blue-congelados-davigel-2-5kg\/","title":{"rendered":"Panado Misto Cordon Blue Caixa 2,5kg Davigel"},"content":{"rendered":"<p><strong>Panado Cordon Blue Davigel<\/strong><\/p>\n<p><strong>Quantidade:<\/strong> 2,5Kg<\/p>\n<p>Ingredientes: P\u00e1 de porco 27.7%, faceira de porco 14,6%, p\u00e3o ralado(farinha de trigo, palma estearina, sal, xarope de malte de cevada, levedura(cont\u00e9m ovos)], fiambre da p\u00e1 12,5%[carne de porco, \u00e1gua, amido de trigo, sal, dextrose, estabilizadores(E451 &#8211; E452 &#8211; E407 &#8211; E410), antioxidante: E 316, conservante: E250], \u00e1gua, \u00f3leo de girassol, queijo fundido 6,6% [queijo, prote\u00ednas do leite, manteiga, sais de fus\u00e3o: E331 &#8211; E330 &#8211; E451] &#8211; E339, sal, conservante: E200], farinha de trigo, amido de batata, sal, prote\u00ednas de leite, leite em p\u00f3 magro, preparado \u00e1 base de gorduras vegetais(gorduras vegetais(palma e coco) e \u00f3leo de girassol), estabilizador( polifosfatos), acidificante(\u00e1cido c\u00edtrico), aroma.<\/p>\n<p>Pode conter vest\u00edgios de soja e sementes de s\u00e9samo.<\/p>\n<p><strong>Modo de prepara\u00e7\u00e3o:<\/strong><\/p>\n<p>No forno, sem descongelar, colocar os cordon-bleu durante 12 a 14 minutos a 180\u00baC.<\/p>\n<p>Na fritadeira, sem descongelar, mergulhar em \u00f3leo a 180\u00baC, durante 3 a 4 minutos.<\/p>\n<p>Conservar a -18\u00baC.<\/p>\n<p><strong>Valores nutricionais:<\/strong> Energia: 1203kj\/283kcal; L\u00edpidos: 20.24g, dos quais saturados: 6.2g; Hidratos de carbono: 14.74g, dos quais a\u00e7\u00facares: 0.73g; Fibra: 0.77g; Prote\u00ednas: 11.37g; Sal: 29g.<\/p>\n<p>Veja mais em <a href=\"https:\/\/neutura.pt\/\">Neutura<\/a><\/p>\n<p>Veja mais em <a href=\"https:\/\/www.ateti.pt\/loja\/categoria\/congelados\/pre-cozinhados\/\">Pr\u00e9-Cozinhados Congelados<\/a><\/p>\n","protected":false},"excerpt":{"rendered":"<p>11.59\u20ac\/kg<\/p>\n","protected":false},"featured_media":32534,"comment_status":"closed","ping_status":"closed","template":"","meta":{"_themeisle_gutenberg_block_has_review":false},"product_brand":[],"product_cat":[177,183],"product_tag":[],"woo-feed-brand":[],"class_list":{"0":"post-32506","1":"product","2":"type-product","3":"status-publish","4":"has-post-thumbnail","6":"product_cat-congelados","7":"product_cat-pre-cozinhados","8":"ts_product_brand-davigel","10":"first","11":"instock","12":"taxable","13":"shipping-taxable","14":"purchasable","15":"product-type-simple"},"_links":{"self":[{"href":"https:\/\/www.ateti.pt\/loja\/wp-json\/wp\/v2\/product\/32506","targetHints":{"allow":["GET"]}}],"collection":[{"href":"https:\/\/www.ateti.pt\/loja\/wp-json\/wp\/v2\/product"}],"about":[{"href":"https:\/\/www.ateti.pt\/loja\/wp-json\/wp\/v2\/types\/product"}],"replies":[{"embeddable":true,"href":"https:\/\/www.ateti.pt\/loja\/wp-json\/wp\/v2\/comments?post=32506"}],"wp:featuredmedia":[{"embeddable":true,"href":"https:\/\/www.ateti.pt\/loja\/wp-json\/wp\/v2\/media\/32534"}],"wp:attachment":[{"href":"https:\/\/www.ateti.pt\/loja\/wp-json\/wp\/v2\/media?parent=32506"}],"wp:term":[{"taxonomy":"product_brand","embeddable":true,"href":"https:\/\/www.ateti.pt\/loja\/wp-json\/wp\/v2\/product_brand?post=32506"},{"taxonomy":"product_cat","embeddable":true,"href":"https:\/\/www.ateti.pt\/loja\/wp-json\/wp\/v2\/product_cat?post=32506"},{"taxonomy":"product_tag","embeddable":true,"href":"https:\/\/www.ateti.pt\/loja\/wp-json\/wp\/v2\/product_tag?post=32506"},{"taxonomy":"woo-feed-brand","embeddable":true,"href":"https:\/\/www.ateti.pt\/loja\/wp-json\/wp\/v2\/woo-feed-brand?post=32506"}],"curies":[{"name":"wp","href":"https:\/\/api.w.org\/{rel}","templated":true}]}}