{"id":32409,"date":"2021-07-28T17:35:07","date_gmt":"2021-07-28T17:35:07","guid":{"rendered":"https:\/\/www.ateti.pt\/loja\/?post_type=product&#038;p=32409"},"modified":"2023-10-04T18:54:07","modified_gmt":"2023-10-04T17:54:07","slug":"gomas-ursos-interdoces-90g","status":"publish","type":"product","link":"https:\/\/www.ateti.pt\/loja\/produto\/gomas-ursos-interdoces-90g\/","title":{"rendered":"Gomas Ursos Interdoces 90g"},"content":{"rendered":"<p><strong>Gomas Ursos Interdoces<\/strong><\/p>\n<p>Quantidade: 90g<\/p>\n<p><strong>Ingredientes:\u00a0<\/strong>Xarope de glicose, a\u00e7\u00facar, \u00e1gua, amido de milho, gelatina, acidificante: \u00e1cido citrico, aromas, \u00f3leo vegetal (c\u00f4co), agente de revestimento: cera de carna\u00faba, regulador de acidez: citrato de s\u00f3dio, corantes: E100, E160c, E163.<\/p>\n<p><strong>Declara\u00e7\u00e3o Nutricional (por 100g):\u00a0<\/strong>Energia: 1389kj\/327kcal; L\u00edpidos: &lt;0,5g; dos quais Saturados: 0,2g; Hidratos de Carbono: 76g; dos quais A\u00e7\u00facares: 53g; Prote\u00ednas: 4,3g; Sal: 0,14g.<\/p>\n","protected":false},"excerpt":{"rendered":"<p>11\u20ac\/kg<\/p>\n","protected":false},"featured_media":56824,"comment_status":"closed","ping_status":"closed","template":"","meta":{"_themeisle_gutenberg_block_has_review":false},"product_brand":[],"product_cat":[25,144,132],"product_tag":[],"woo-feed-brand":[],"class_list":{"0":"post-32409","1":"product","2":"type-product","3":"status-publish","4":"has-post-thumbnail","6":"product_cat-chocolates","7":"product_cat-chocolates-biscoitos-e-cereais","8":"product_cat-mercearia","10":"first","11":"instock","12":"taxable","13":"shipping-taxable","14":"purchasable","15":"product-type-simple"},"_links":{"self":[{"href":"https:\/\/www.ateti.pt\/loja\/wp-json\/wp\/v2\/product\/32409","targetHints":{"allow":["GET"]}}],"collection":[{"href":"https:\/\/www.ateti.pt\/loja\/wp-json\/wp\/v2\/product"}],"about":[{"href":"https:\/\/www.ateti.pt\/loja\/wp-json\/wp\/v2\/types\/product"}],"replies":[{"embeddable":true,"href":"https:\/\/www.ateti.pt\/loja\/wp-json\/wp\/v2\/comments?post=32409"}],"wp:featuredmedia":[{"embeddable":true,"href":"https:\/\/www.ateti.pt\/loja\/wp-json\/wp\/v2\/media\/56824"}],"wp:attachment":[{"href":"https:\/\/www.ateti.pt\/loja\/wp-json\/wp\/v2\/media?parent=32409"}],"wp:term":[{"taxonomy":"product_brand","embeddable":true,"href":"https:\/\/www.ateti.pt\/loja\/wp-json\/wp\/v2\/product_brand?post=32409"},{"taxonomy":"product_cat","embeddable":true,"href":"https:\/\/www.ateti.pt\/loja\/wp-json\/wp\/v2\/product_cat?post=32409"},{"taxonomy":"product_tag","embeddable":true,"href":"https:\/\/www.ateti.pt\/loja\/wp-json\/wp\/v2\/product_tag?post=32409"},{"taxonomy":"woo-feed-brand","embeddable":true,"href":"https:\/\/www.ateti.pt\/loja\/wp-json\/wp\/v2\/woo-feed-brand?post=32409"}],"curies":[{"name":"wp","href":"https:\/\/api.w.org\/{rel}","templated":true}]}}