{"id":32319,"date":"2021-07-23T15:38:04","date_gmt":"2021-07-23T14:38:04","guid":{"rendered":"https:\/\/www.ateti.pt\/loja\/?post_type=product&#038;p=32319"},"modified":"2021-07-23T15:38:05","modified_gmt":"2021-07-23T14:38:05","slug":"flor-de-sal-vatel-175g","status":"publish","type":"product","link":"https:\/\/www.ateti.pt\/loja\/produto\/flor-de-sal-vatel-175g\/","title":{"rendered":"Flor de Sal Vatel 175g"},"content":{"rendered":"<p><strong>Flor de Sal Vatel<\/strong><\/p>\n<p>Quantidade: 175g<\/p>\n<p><strong>Declara\u00e7\u00e3o Nutricional (por 100g):\u00a0<\/strong>Energia: 0kj\/0kcal; L\u00edpidos: 0g; dos quais Saturados: 0g; Hidratos de Carbono: 0g; dos quais A\u00e7\u00facares: 0g; Prote\u00ednas: 0g; Sal: 92,4g; Magn\u00e9sio: 600mg.<\/p>\n<p><strong>Deve usar:\u00a0<\/strong>Como acabamento ou decora\u00e7\u00e3o final dos seus pratos. \u00c9 ideal para real\u00e7ar o sabor dos legumes quentes, das carnes e do peixe grelhado ou o doce de uma sobremesa.<\/p>\n<p>Produto de recolha artesanal.<\/p>\n<p>Conservar em local seco e fresco.<\/p>\n","protected":false},"excerpt":{"rendered":"<p>15,37\u20ac\/kg<\/p>\n","protected":false},"featured_media":32321,"comment_status":"closed","ping_status":"closed","template":"","meta":{"_themeisle_gutenberg_block_has_review":false},"product_brand":[],"product_cat":[132,174],"product_tag":[],"woo-feed-brand":[],"class_list":{"0":"post-32319","1":"product","2":"type-product","3":"status-publish","4":"has-post-thumbnail","6":"product_cat-mercearia","7":"product_cat-temperos-e-molhos","9":"first","10":"instock","11":"taxable","12":"shipping-taxable","13":"purchasable","14":"product-type-simple"},"_links":{"self":[{"href":"https:\/\/www.ateti.pt\/loja\/wp-json\/wp\/v2\/product\/32319","targetHints":{"allow":["GET"]}}],"collection":[{"href":"https:\/\/www.ateti.pt\/loja\/wp-json\/wp\/v2\/product"}],"about":[{"href":"https:\/\/www.ateti.pt\/loja\/wp-json\/wp\/v2\/types\/product"}],"replies":[{"embeddable":true,"href":"https:\/\/www.ateti.pt\/loja\/wp-json\/wp\/v2\/comments?post=32319"}],"wp:featuredmedia":[{"embeddable":true,"href":"https:\/\/www.ateti.pt\/loja\/wp-json\/wp\/v2\/media\/32321"}],"wp:attachment":[{"href":"https:\/\/www.ateti.pt\/loja\/wp-json\/wp\/v2\/media?parent=32319"}],"wp:term":[{"taxonomy":"product_brand","embeddable":true,"href":"https:\/\/www.ateti.pt\/loja\/wp-json\/wp\/v2\/product_brand?post=32319"},{"taxonomy":"product_cat","embeddable":true,"href":"https:\/\/www.ateti.pt\/loja\/wp-json\/wp\/v2\/product_cat?post=32319"},{"taxonomy":"product_tag","embeddable":true,"href":"https:\/\/www.ateti.pt\/loja\/wp-json\/wp\/v2\/product_tag?post=32319"},{"taxonomy":"woo-feed-brand","embeddable":true,"href":"https:\/\/www.ateti.pt\/loja\/wp-json\/wp\/v2\/woo-feed-brand?post=32319"}],"curies":[{"name":"wp","href":"https:\/\/api.w.org\/{rel}","templated":true}]}}