{"id":32303,"date":"2021-07-23T09:05:45","date_gmt":"2021-07-23T08:05:45","guid":{"rendered":"https:\/\/www.ateti.pt\/loja\/?post_type=product&#038;p=32303"},"modified":"2024-12-19T15:09:44","modified_gmt":"2024-12-19T15:09:44","slug":"vinho-tinto-corvos-2013","status":"publish","type":"product","link":"https:\/\/www.ateti.pt\/loja\/produto\/vinho-tinto-corvos-2013\/","title":{"rendered":"Vinho Tinto Corvos 2013"},"content":{"rendered":"<h5>Vinho Tinto Corvos 2013<\/h5>\n<p><strong>ORIGEM<\/strong><\/p>\n<p><strong>Denomina\u00e7\u00e3o<\/strong> Vinho Tinto<br \/>\n<strong>Classifica\u00e7\u00e3o<\/strong> DOC Bairrada<br \/>\n<strong>Colheita<\/strong> 2013 | <strong>Lote<\/strong> L05\/17<br \/>\n<strong>Volume de produ\u00e7\u00e3o<\/strong> 5000 l<br \/>\n<strong>Solo<\/strong> Argilo-Calc\u00e1rio<\/p>\n<p><strong>CASTAS<\/strong><\/p>\n<p>Tinta Roriz | Syrah | Merlot<\/p>\n<p>Alerg\u00e9nios: Cont\u00e9m sulfitos e di\u00f3xido de enxofre.<\/p>\n<p><strong>CONTROLO ANAL\u00cdTICO<\/strong><\/p>\n<p><strong>\u00c1lcool<\/strong> 13% vol.<br \/>\n<strong>A\u00e7\u00facar<\/strong> 2.1 gr \/ dm3<br \/>\n<strong>Ac. Total<\/strong> 5.4g \/ dm3<br \/>\n<strong>PH<\/strong> 3.38<\/p>\n<p><strong>PROCESSO<\/strong><\/p>\n<p><strong>Vinifica\u00e7\u00e3o<\/strong> Fermenta\u00e7\u00e3o separada em pequenos lagares de inox, com controlo da temperatura. Segunda fermenta\u00e7\u00e3o conjunta em barricas usadas e balseiros de carvalho franc\u00eas, durante 16 meses.<\/p>\n<p><strong>Engarrafamento<\/strong> 6550 garrafas 75cl<br \/>\n<strong>En\u00f3logo<\/strong> Raquel Carvalho\/Carlos Campolargo<br \/>\n<strong>EAN:<\/strong> 5600392561223<\/p>\n<p><strong>CARACTER\u00cdSTICAS<\/strong><\/p>\n<p><strong>Cor<\/strong> rubi intenso<br \/>\n<strong>Aroma<\/strong> Boa fruta madura, amoras silvestres, leves notas florais.<br \/>\n<strong>Paladar<\/strong> Redondo e sumarento, bem estruturado, com taninos presentes mas polidos<br \/>\n<strong>Final de Prova<\/strong> um vinho s\u00e9rio, bem feito, muito apetec\u00edvel.<\/p>\n<p><strong>GASTRONOMIA<\/strong><\/p>\n<p>Ideal para acompanhar com estufados e carnes vermelhas como vaca e cordeiro.<\/p>\n<p><strong>Temperatura de Servi\u00e7o<\/strong> 15 \u2013 18oC<\/p>\n<p><strong>CONSERVA\u00c7\u00c3O<\/strong><\/p>\n<p>As condi\u00e7\u00f5es de armazenamento ou de guarda dos vinhos s\u00e3o muito importantes se pretendermos preservar as caracter\u00edsticas dos vinhos e<br \/>\ngarantir uma evolu\u00e7\u00e3o regular ao longo do tempo.<\/p>\n<p>O local de armazenamento, deve garantir:<\/p>\n<p>Uma temperatura adequada e com alguma ventila\u00e7\u00e3o de modo a evitar a prolifera\u00e7\u00e3o de fungos.<\/p>\n<p>Deve permitir a disposi\u00e7\u00e3o das garrafas deitadas.<\/p>\n<p>Aus\u00eancia de oscila\u00e7\u00f5es, vibra\u00e7\u00f5es ou odores desagrad\u00e1veis.<\/p>\n<p>As garrafas devem estar ao abrigo da luz mantendo a humidade relativa elevada.<\/p>\n","protected":false},"excerpt":{"rendered":"<p>Os Corvos (corvus corvax) da Vinha da Costa comem ovos dos outros p\u00e1ssaros e, at\u00e9, algumas uvas das cepas de Tinta-Roriz, Syrah e Merlot, mas nunca beberam o vinho que com elas fazemos.<\/p>\n<p>12,53\u20ac\/L<\/p>\n","protected":false},"featured_media":32315,"comment_status":"closed","ping_status":"closed","template":"","meta":{"_themeisle_gutenberg_block_has_review":false},"product_brand":[],"product_cat":[158,739,173,621],"product_tag":[],"woo-feed-brand":[],"class_list":{"0":"post-32303","1":"product","2":"type-product","3":"status-publish","4":"has-post-thumbnail","6":"product_cat-bebidas","7":"product_cat-bebidas-de-natal","8":"product_cat-garrafeira","9":"product_cat-vinho-tinto","11":"first","12":"instock","13":"taxable","14":"shipping-taxable","15":"purchasable","16":"product-type-simple"},"_links":{"self":[{"href":"https:\/\/www.ateti.pt\/loja\/wp-json\/wp\/v2\/product\/32303","targetHints":{"allow":["GET"]}}],"collection":[{"href":"https:\/\/www.ateti.pt\/loja\/wp-json\/wp\/v2\/product"}],"about":[{"href":"https:\/\/www.ateti.pt\/loja\/wp-json\/wp\/v2\/types\/product"}],"replies":[{"embeddable":true,"href":"https:\/\/www.ateti.pt\/loja\/wp-json\/wp\/v2\/comments?post=32303"}],"wp:featuredmedia":[{"embeddable":true,"href":"https:\/\/www.ateti.pt\/loja\/wp-json\/wp\/v2\/media\/32315"}],"wp:attachment":[{"href":"https:\/\/www.ateti.pt\/loja\/wp-json\/wp\/v2\/media?parent=32303"}],"wp:term":[{"taxonomy":"product_brand","embeddable":true,"href":"https:\/\/www.ateti.pt\/loja\/wp-json\/wp\/v2\/product_brand?post=32303"},{"taxonomy":"product_cat","embeddable":true,"href":"https:\/\/www.ateti.pt\/loja\/wp-json\/wp\/v2\/product_cat?post=32303"},{"taxonomy":"product_tag","embeddable":true,"href":"https:\/\/www.ateti.pt\/loja\/wp-json\/wp\/v2\/product_tag?post=32303"},{"taxonomy":"woo-feed-brand","embeddable":true,"href":"https:\/\/www.ateti.pt\/loja\/wp-json\/wp\/v2\/woo-feed-brand?post=32303"}],"curies":[{"name":"wp","href":"https:\/\/api.w.org\/{rel}","templated":true}]}}