{"id":31947,"date":"2021-07-07T17:03:37","date_gmt":"2021-07-07T17:03:37","guid":{"rendered":"https:\/\/www.ateti.pt\/loja\/?post_type=product&#038;p=31947"},"modified":"2024-07-04T15:48:14","modified_gmt":"2024-07-04T14:48:14","slug":"vinho-verde-tres-marias-075l","status":"publish","type":"product","link":"https:\/\/www.ateti.pt\/loja\/produto\/vinho-verde-tres-marias-075l\/","title":{"rendered":"Vinho Verde Branco Tr\u00eas Marias 75cl"},"content":{"rendered":"<h4><strong>Vinho Verde Branco Tr\u00eas Marias<\/strong><\/h4>\n<p>Quantidade: 75cl<\/p>\n<p>L\u00edmpido, de cor citrina aberta, aroma fresco e elegante, com notas de frutos citrino e tropicais. Na boca revela muita frescura, com algum a\u00e7\u00facar residual que lhe confere um final de boca suave, agrad\u00e1vel e persistente. Gastronomicamente vers\u00e1til, acompanha perfeitamente pratos de peixe grelhados, carnes brancas, mariscos, queijos ou pastas. Deve ser servido a uma temperatura de 9\u00ba-12\u00baC em copos adequados.<\/p>\n<p>\u00c1lcool: 9% vol.<br \/>\nAlerg\u00e9nios: Cont\u00e9m sulfitos e di\u00f3xido de enxofre.<\/p>\n","protected":false},"excerpt":{"rendered":"<p>3.19\u20ac\/L<\/p>\n","protected":false},"featured_media":42597,"comment_status":"closed","ping_status":"closed","template":"","meta":{"_themeisle_gutenberg_block_has_review":false},"product_brand":[],"product_cat":[173,623],"product_tag":[],"woo-feed-brand":[],"class_list":{"0":"post-31947","1":"product","2":"type-product","3":"status-publish","4":"has-post-thumbnail","6":"product_cat-garrafeira","7":"product_cat-vinho-branco","8":"ts_product_brand-tres-marias","10":"first","11":"instock","12":"sale","13":"taxable","14":"shipping-taxable","15":"purchasable","16":"product-type-simple"},"_links":{"self":[{"href":"https:\/\/www.ateti.pt\/loja\/wp-json\/wp\/v2\/product\/31947","targetHints":{"allow":["GET"]}}],"collection":[{"href":"https:\/\/www.ateti.pt\/loja\/wp-json\/wp\/v2\/product"}],"about":[{"href":"https:\/\/www.ateti.pt\/loja\/wp-json\/wp\/v2\/types\/product"}],"replies":[{"embeddable":true,"href":"https:\/\/www.ateti.pt\/loja\/wp-json\/wp\/v2\/comments?post=31947"}],"wp:featuredmedia":[{"embeddable":true,"href":"https:\/\/www.ateti.pt\/loja\/wp-json\/wp\/v2\/media\/42597"}],"wp:attachment":[{"href":"https:\/\/www.ateti.pt\/loja\/wp-json\/wp\/v2\/media?parent=31947"}],"wp:term":[{"taxonomy":"product_brand","embeddable":true,"href":"https:\/\/www.ateti.pt\/loja\/wp-json\/wp\/v2\/product_brand?post=31947"},{"taxonomy":"product_cat","embeddable":true,"href":"https:\/\/www.ateti.pt\/loja\/wp-json\/wp\/v2\/product_cat?post=31947"},{"taxonomy":"product_tag","embeddable":true,"href":"https:\/\/www.ateti.pt\/loja\/wp-json\/wp\/v2\/product_tag?post=31947"},{"taxonomy":"woo-feed-brand","embeddable":true,"href":"https:\/\/www.ateti.pt\/loja\/wp-json\/wp\/v2\/woo-feed-brand?post=31947"}],"curies":[{"name":"wp","href":"https:\/\/api.w.org\/{rel}","templated":true}]}}