{"id":30046,"date":"2021-04-27T11:13:53","date_gmt":"2021-04-27T10:13:53","guid":{"rendered":"https:\/\/www.ateti.pt\/loja\/?post_type=product&#038;p=30046"},"modified":"2021-08-24T15:17:52","modified_gmt":"2021-08-24T14:17:52","slug":"molho-whisky-cocktail-calve-258g","status":"publish","type":"product","link":"https:\/\/www.ateti.pt\/loja\/produto\/molho-whisky-cocktail-calve-258g\/","title":{"rendered":"Molho Whisky Cocktail Calv\u00e9 258g"},"content":{"rendered":"<p>Molho Whisky Cocktail Calv\u00e9 258g tem um suave aroma de whisky, num molho cl\u00e1ssico e requintado. Recomendado para carne ou peixe, delicioso com marisco.<\/p>\n<p><strong>Quantidade:<\/strong> 258g<\/p>\n<p><strong>Ingredientes:\u00a0<\/strong><\/p>\n<p>\u00e1gua, \u00f3leo de colza, vinagre, concentrado de tomate, a\u00e7\u00facar, amido de milho modificado, xarope de glicose, mostarda (\u00e1gua, sementes de mostarda, vinagre, sal, especiarias), gema de ovo, sal, molho ingl\u00eas (\u00e1gua, xarope de glicose, a\u00e7\u00facar, vinagre de cevada, sal, aromas, extrato de cebola, anchovas, sumo de lim\u00e3o concentrado, especiarias, ervas arom\u00e1ticas, \u00f3leo de girassol, alho em p\u00f3), u\u00edsque (0,5%), piment\u00e3o, conservante (\u00e1cido s\u00f3rbico), antioxidante (EDTA de s\u00f3dio e c\u00e1lcio), aromas naturais (cont\u00e9m cevada e leite).<\/p>\n<p><strong>Informa\u00e7\u00f5es Nutricionais (valores m\u00e9dios por 100 g de produto):<\/strong><\/p>\n<p>Energia: 1005.00 kJ \/ 239.00 kcal; L\u00edpidos: 21.00 g, Dos quais \u00e1cidos gordos saturados: 1.70 g; Hidratos de carbono: 12.00 g, Dos quais a\u00e7\u00facares: 6.60 g; Prote\u00ednas: 0.70 g; Sal: 1.20 g<\/p>\n<p><strong>Informa\u00e7\u00f5es gerais:<\/strong><\/p>\n<p>Depois de aberta a embalagem, deve conservar o seu Molho Whisky Cocktail Calv\u00e9 258g no frigor\u00edfico e consumir no prazo de 30 dias.<\/p>\n<p>&nbsp;<\/p>\n<p>Para ver mais produtos como este v\u00e1 a\u00a0<a href=\"https:\/\/www.ateti.pt\/loja\/categoria\/mercearia\/temperos-e-molhos\/\" target=\"_blank\" rel=\"noopener\">Temperos e Molhos<\/a>\u00a0na Categoria Mercearia.<\/p>\n<p>Pode ainda encontrar no At\u00e9 Ti produtos com descontos at\u00e9 50% na Categoria\u00a0<a href=\"https:\/\/www.ateti.pt\/loja\/categoria\/outlet-ate-50\/\" target=\"_blank\" rel=\"noopener\">Outlet ate 50%<\/a>.<\/p>\n<p>Fa\u00e7a as suas compras no seu supermercado online At\u00e9 Ti e receba a sua encomenda comodamente em casa, no trabalho ou onde quiser.<\/p>\n","protected":false},"excerpt":{"rendered":"<p>8,10\u20ac\/kg<\/p>\n","protected":false},"featured_media":30048,"comment_status":"closed","ping_status":"closed","template":"","meta":{"_themeisle_gutenberg_block_has_review":false},"product_brand":[],"product_cat":[132,174],"product_tag":[],"woo-feed-brand":[],"class_list":{"0":"post-30046","1":"product","2":"type-product","3":"status-publish","4":"has-post-thumbnail","6":"product_cat-mercearia","7":"product_cat-temperos-e-molhos","9":"first","10":"instock","11":"taxable","12":"shipping-taxable","13":"purchasable","14":"product-type-simple"},"_links":{"self":[{"href":"https:\/\/www.ateti.pt\/loja\/wp-json\/wp\/v2\/product\/30046","targetHints":{"allow":["GET"]}}],"collection":[{"href":"https:\/\/www.ateti.pt\/loja\/wp-json\/wp\/v2\/product"}],"about":[{"href":"https:\/\/www.ateti.pt\/loja\/wp-json\/wp\/v2\/types\/product"}],"replies":[{"embeddable":true,"href":"https:\/\/www.ateti.pt\/loja\/wp-json\/wp\/v2\/comments?post=30046"}],"wp:featuredmedia":[{"embeddable":true,"href":"https:\/\/www.ateti.pt\/loja\/wp-json\/wp\/v2\/media\/30048"}],"wp:attachment":[{"href":"https:\/\/www.ateti.pt\/loja\/wp-json\/wp\/v2\/media?parent=30046"}],"wp:term":[{"taxonomy":"product_brand","embeddable":true,"href":"https:\/\/www.ateti.pt\/loja\/wp-json\/wp\/v2\/product_brand?post=30046"},{"taxonomy":"product_cat","embeddable":true,"href":"https:\/\/www.ateti.pt\/loja\/wp-json\/wp\/v2\/product_cat?post=30046"},{"taxonomy":"product_tag","embeddable":true,"href":"https:\/\/www.ateti.pt\/loja\/wp-json\/wp\/v2\/product_tag?post=30046"},{"taxonomy":"woo-feed-brand","embeddable":true,"href":"https:\/\/www.ateti.pt\/loja\/wp-json\/wp\/v2\/woo-feed-brand?post=30046"}],"curies":[{"name":"wp","href":"https:\/\/api.w.org\/{rel}","templated":true}]}}