{"id":29990,"date":"2021-04-23T17:31:24","date_gmt":"2021-04-23T16:31:24","guid":{"rendered":"https:\/\/www.ateti.pt\/loja\/?post_type=product&#038;p=29990"},"modified":"2022-08-04T16:16:03","modified_gmt":"2022-08-04T16:16:03","slug":"gel-tira-nodoas-nodeti-95ml","status":"publish","type":"product","link":"https:\/\/www.ateti.pt\/loja\/produto\/gel-tira-nodoas-nodeti-95ml\/","title":{"rendered":"Tira N\u00f3doas Nodeti 95ml"},"content":{"rendered":"<p><strong>Gel Tira N\u00f3doas Nodeti 95ml<\/strong><\/p>\n<p><strong>Quantidade:<\/strong> 95ml<\/p>\n<p>Gel Tira N\u00f3doas Nodeti 95ml \u00e9 eficaz na remo\u00e7\u00e3o de n\u00f3doas dif\u00edceis de: \u00f3leo, gordura, tintas diversas (de esmalte, esferogr\u00e1fica e de impress\u00e3o), verniz, alcatr\u00e3o, cola, resina, graxa e cera.<\/p>\n<p>Pode usar o Gel Tira N\u00f3doas Nodeti 95ml\u00a0em roupas, alcatifas, estofos, sof\u00e1s (napa, couro e tecido), m\u00f3veis met\u00e1licos, limpeza de autom\u00f3veis, remo\u00e7\u00e3o de autocolantes, limpeza de fumo nos vidros dos fog\u00f5es de sala e lavagens de m\u00e3os e de roupa muito suja (colarinhos e punhos).<\/p>\n<p><strong>Modo de Emprego:\u00a0<\/strong>Nas roupas, aplique Nodeti sobre a n\u00f3doa. Aguarde um pouco. Esfregue at\u00e9 a n\u00f3doa desaparecer e depois passe por \u00e1gua. Nas restantes aplica\u00e7\u00f5es esfregue a n\u00f3doa ou sujidade, com um pano embebido em Nodeti. Remova com um pano h\u00famido.<\/p>\n<p>Cont\u00e9m tensoativos: 5-15%; tensoativos n\u00e3o i\u00f3nicos: 5-15%; hidrocarbonetos arom\u00e1ticos &gt;30%; hidrocarbonetos alif\u00e1ticos: 15-30%. Tem PH neutro.<\/p>\n<p>Evite o contacto prolongado com determinadas roupas de cor fr\u00e1gil, de fibras sint\u00e9ticas e de superf\u00edcies met\u00e1licas. Teste previamente. N\u00e3o Ingerir. Manter fora do alcance das crian\u00e7as. Inflam\u00e1vel na presen\u00e7a prolongada de fonte de igni\u00e7\u00e3o.<\/p>\n<p><strong>Informa\u00e7\u00f5es gerais:<\/strong><\/p>\n<p>Se o seu Tira N\u00f3doas Nodeti 95ml cair nos olhos lave com \u00e1gua abundante e consulte um m\u00e9dico.<\/p>\n<p>Para ver mais <a href=\"https:\/\/www.ateti.pt\/loja\/categoria\/higiene-e-limpeza\/\" target=\"_blank\" rel=\"noopener\">Higiene &amp; Limpeza<\/a><\/p>\n","protected":false},"excerpt":{"rendered":"<p>29,37\u20ac\/l<\/p>\n","protected":false},"featured_media":29991,"comment_status":"closed","ping_status":"closed","template":"","meta":{"_themeisle_gutenberg_block_has_review":false},"product_brand":[],"product_cat":[192,237,190],"product_tag":[],"woo-feed-brand":[],"class_list":{"0":"post-29990","1":"product","2":"type-product","3":"status-publish","4":"has-post-thumbnail","6":"product_cat-acessorios-de-cozinha-casa-de-banho","7":"product_cat-casa-jardim","8":"product_cat-desinfetantes-e-limpeza","9":"ts_product_brand-nodeti","11":"first","12":"instock","13":"taxable","14":"shipping-taxable","15":"purchasable","16":"product-type-simple"},"_links":{"self":[{"href":"https:\/\/www.ateti.pt\/loja\/wp-json\/wp\/v2\/product\/29990","targetHints":{"allow":["GET"]}}],"collection":[{"href":"https:\/\/www.ateti.pt\/loja\/wp-json\/wp\/v2\/product"}],"about":[{"href":"https:\/\/www.ateti.pt\/loja\/wp-json\/wp\/v2\/types\/product"}],"replies":[{"embeddable":true,"href":"https:\/\/www.ateti.pt\/loja\/wp-json\/wp\/v2\/comments?post=29990"}],"wp:featuredmedia":[{"embeddable":true,"href":"https:\/\/www.ateti.pt\/loja\/wp-json\/wp\/v2\/media\/29991"}],"wp:attachment":[{"href":"https:\/\/www.ateti.pt\/loja\/wp-json\/wp\/v2\/media?parent=29990"}],"wp:term":[{"taxonomy":"product_brand","embeddable":true,"href":"https:\/\/www.ateti.pt\/loja\/wp-json\/wp\/v2\/product_brand?post=29990"},{"taxonomy":"product_cat","embeddable":true,"href":"https:\/\/www.ateti.pt\/loja\/wp-json\/wp\/v2\/product_cat?post=29990"},{"taxonomy":"product_tag","embeddable":true,"href":"https:\/\/www.ateti.pt\/loja\/wp-json\/wp\/v2\/product_tag?post=29990"},{"taxonomy":"woo-feed-brand","embeddable":true,"href":"https:\/\/www.ateti.pt\/loja\/wp-json\/wp\/v2\/woo-feed-brand?post=29990"}],"curies":[{"name":"wp","href":"https:\/\/api.w.org\/{rel}","templated":true}]}}

Tira Nódoas Nodeti 95ml

<p><strong>Gel Tira Nódoas Nodeti 95ml</strong></p>
<p><strong>Quantidade:</strong> 95ml</p>
<p>Gel Tira Nódoas Nodeti 95ml é eficaz na remoção de nódoas difíceis de: óleo, gordura, tintas diversas (de esmalte, esferográfica e de impressão), verniz, alcatrão, cola, resina, graxa e cera.</p>
<p>Pode usar o Gel Tira Nódoas Nodeti 95ml em roupas, alcatifas, estofos, sofás (napa, couro e tecido), móveis metálicos, limpeza de automóveis, remoção de autocolantes, limpeza de fumo nos vidros dos fogões de sala e lavagens de mãos e de roupa muito suja (colarinhos e punhos).</p>
<p><strong>Modo de Emprego: </strong>Nas roupas, aplique Nodeti sobre a nódoa. Aguarde um pouco. Esfregue até a nódoa desaparecer e depois passe por água. Nas restantes aplicações esfregue a nódoa ou sujidade, com um pano embebido em Nodeti. Remova com um pano húmido.</p>
<p>Contém tensoativos: 5-15%; tensoativos não iónicos: 5-15%; hidrocarbonetos aromáticos &gt;30%; hidrocarbonetos alifáticos: 15-30%. Tem PH neutro.</p>
<p>Evite o contacto prolongado com determinadas roupas de cor frágil, de fibras sintéticas e de superfícies metálicas. Teste previamente. Não Ingerir. Manter fora do alcance das crianças. Inflamável na presença prolongada de fonte de ignição.</p>
<p><strong>Informações gerais:</strong></p>
<p>Se o seu Tira Nódoas Nodeti 95ml cair nos olhos lave com água abundante e consulte um médico.</p>
<p>Para ver mais <a href="https://www.ateti.pt/loja/categoria/higiene-e-limpeza/" target="_blank" rel="noopener">Higiene &amp; Limpeza</a></p>
