{"id":28920,"date":"2021-04-09T10:58:17","date_gmt":"2021-04-09T09:58:17","guid":{"rendered":"https:\/\/www.ateti.pt\/loja\/?post_type=product&#038;p=28920"},"modified":"2026-02-18T16:57:52","modified_gmt":"2026-02-18T16:57:52","slug":"mistolin-inox-500ml","status":"publish","type":"product","link":"https:\/\/www.ateti.pt\/loja\/produto\/mistolin-inox-500ml\/","title":{"rendered":"Mistolin Inox 500ml"},"content":{"rendered":"<p><strong>Mistolin Inox<\/strong><\/p>\n<p>Quantidade: 500ml<\/p>\n<p><em>Mistolin Inox<\/em> limpa f\u00e1cil e eficazmente a gordura e sujidade incrustada, real\u00e7a o brilho natural e protege as superf\u00edcies em a\u00e7o inoxid\u00e1vel.<\/p>\n<p><strong>Modo de Emprego:<\/strong> Aplicar diretamente nas superf\u00edcies em a\u00e7o inoxid\u00e1vel e deixar atuar at\u00e9 1 minuto; enxaguar de seguida e limpar com um pano. ATEN\u00c7\u00c3O: cont\u00e9m agentes anticorrosivos, n\u00e3o usar em outros tipos de metais sem experimentar numa zona menos vis\u00edvel.<\/p>\n<p><strong>Composi\u00e7\u00e3o:\u00a0<\/strong>(reg. 648\/2004) Cont\u00e9m entre outros ingredientes: inferior a 5%: tensoactivos n\u00e3o-i\u00f3nicos, tensoactvos ani\u00f3nicos, fosfonatos. Perfume.<\/p>\n<p><strong>Advert\u00eancias de Perigo:\u00a0<\/strong>Provoca queimaduras na pele e les\u00f5es oculares graves.<\/p>\n<p>&nbsp;<\/p>\n","protected":false},"excerpt":{"rendered":"<p>6.58\u20ac\/lt<\/p>\n","protected":false},"featured_media":28929,"comment_status":"closed","ping_status":"closed","template":"","meta":{"_themeisle_gutenberg_block_has_review":false},"product_brand":[],"product_cat":[209,190,204],"product_tag":[],"woo-feed-brand":[],"class_list":{"0":"post-28920","1":"product","2":"type-product","3":"status-publish","4":"has-post-thumbnail","6":"product_cat-cozinha","7":"product_cat-desinfetantes-e-limpeza","8":"product_cat-limpeza","10":"first","11":"instock","12":"taxable","13":"shipping-taxable","14":"purchasable","15":"product-type-simple"},"_links":{"self":[{"href":"https:\/\/www.ateti.pt\/loja\/wp-json\/wp\/v2\/product\/28920","targetHints":{"allow":["GET"]}}],"collection":[{"href":"https:\/\/www.ateti.pt\/loja\/wp-json\/wp\/v2\/product"}],"about":[{"href":"https:\/\/www.ateti.pt\/loja\/wp-json\/wp\/v2\/types\/product"}],"replies":[{"embeddable":true,"href":"https:\/\/www.ateti.pt\/loja\/wp-json\/wp\/v2\/comments?post=28920"}],"wp:featuredmedia":[{"embeddable":true,"href":"https:\/\/www.ateti.pt\/loja\/wp-json\/wp\/v2\/media\/28929"}],"wp:attachment":[{"href":"https:\/\/www.ateti.pt\/loja\/wp-json\/wp\/v2\/media?parent=28920"}],"wp:term":[{"taxonomy":"product_brand","embeddable":true,"href":"https:\/\/www.ateti.pt\/loja\/wp-json\/wp\/v2\/product_brand?post=28920"},{"taxonomy":"product_cat","embeddable":true,"href":"https:\/\/www.ateti.pt\/loja\/wp-json\/wp\/v2\/product_cat?post=28920"},{"taxonomy":"product_tag","embeddable":true,"href":"https:\/\/www.ateti.pt\/loja\/wp-json\/wp\/v2\/product_tag?post=28920"},{"taxonomy":"woo-feed-brand","embeddable":true,"href":"https:\/\/www.ateti.pt\/loja\/wp-json\/wp\/v2\/woo-feed-brand?post=28920"}],"curies":[{"name":"wp","href":"https:\/\/api.w.org\/{rel}","templated":true}]}}