{"id":28198,"date":"2021-03-31T17:29:13","date_gmt":"2021-03-31T16:29:13","guid":{"rendered":"https:\/\/www.ateti.pt\/loja\/?post_type=product&#038;p=28198"},"modified":"2025-01-20T15:28:17","modified_gmt":"2025-01-20T15:28:17","slug":"pao-de-alfarroba-450gr","status":"publish","type":"product","link":"https:\/\/www.ateti.pt\/loja\/produto\/pao-de-alfarroba-450gr\/","title":{"rendered":"P\u00e3o de Alfarroba 450gr"},"content":{"rendered":"<h2>P\u00e3o de Alfarroba<\/h2>\n<p>Massa de farinha trigo e de alfarroba.<\/p>\n<p>P\u00fablico em geral, com exce\u00e7\u00e3o de indiv\u00edduos com intoler\u00e2ncias ou suscet\u00edveis de contrair rea\u00e7\u00f5es al\u00e9rgicas aos ingredientes e alerg\u00e9nios mencionados no produto.<\/p>\n<p><strong>Quantidade:<\/strong> 450gr<\/p>\n<p><strong>Validade:<\/strong> O produto &#8220;P\u00e3o de Alfarroba &#8221; tem uma validade at\u00e9 5 dias, pelo que deve considerar menos 2 dias \u00fateis para efeitos de transporte.<\/p>\n<p><strong>Ingredientes:<\/strong> Massa [Farinha de TRIGO, \u00e1gua, farinha de alfarroba, levedura fresca, regulador de acidez (E170), emulsionantes (E472e, E471), agente de tratamento da farinha (E300) e enzimas (TRIGO).].<\/p>\n<p><strong>Alerg\u00e9neos:<\/strong> Cont\u00e9m GL\u00daTEN. Pode conter vest\u00edgios de SOJA, FRUTOS DE CASCA RIJA e SEMENTES DE SESAMO.<\/p>\n<p><strong>OGM: <\/strong>O produto n\u00e3o cont\u00e9m OMG.<\/p>\n<p><strong>Declara\u00e7\u00e3o Nutricional<\/strong><\/p>\n<p>Energia (kJ\/kcal): 819,7Kj \/ 195,8Kcal<br \/>\nL\u00edpidos (g) 1,2<br \/>\nDos quais \u00c1c. Gordos Saturados (g) 0,4<br \/>\nHidratos de Carbono (g) 39<br \/>\nDos quais a\u00e7ucares (g) 2,1<br \/>\nFibra (g) 3,3<br \/>\nProte\u00ednas (g) 5,6<br \/>\nSal (g) 0,1<\/p>\n<p>&nbsp;<\/p>\n","protected":false},"excerpt":{"rendered":"<p>4.87\u20ac\/Kg<\/p>\n","protected":false},"featured_media":28199,"comment_status":"closed","ping_status":"closed","template":"","meta":{"_themeisle_gutenberg_block_has_review":false},"product_brand":[],"product_cat":[891,665,598],"product_tag":[],"woo-feed-brand":[],"class_list":{"0":"post-28198","1":"product","2":"type-product","3":"status-publish","4":"has-post-thumbnail","6":"product_cat-iva-zero","7":"product_cat-padaria","8":"product_cat-padaria-pastelaria","9":"ts_product_brand-fabrica-pastelaria-confetaria-de-s-silvestre","11":"first","12":"instock","13":"taxable","14":"shipping-taxable","15":"purchasable","16":"product-type-simple"},"_links":{"self":[{"href":"https:\/\/www.ateti.pt\/loja\/wp-json\/wp\/v2\/product\/28198","targetHints":{"allow":["GET"]}}],"collection":[{"href":"https:\/\/www.ateti.pt\/loja\/wp-json\/wp\/v2\/product"}],"about":[{"href":"https:\/\/www.ateti.pt\/loja\/wp-json\/wp\/v2\/types\/product"}],"replies":[{"embeddable":true,"href":"https:\/\/www.ateti.pt\/loja\/wp-json\/wp\/v2\/comments?post=28198"}],"wp:featuredmedia":[{"embeddable":true,"href":"https:\/\/www.ateti.pt\/loja\/wp-json\/wp\/v2\/media\/28199"}],"wp:attachment":[{"href":"https:\/\/www.ateti.pt\/loja\/wp-json\/wp\/v2\/media?parent=28198"}],"wp:term":[{"taxonomy":"product_brand","embeddable":true,"href":"https:\/\/www.ateti.pt\/loja\/wp-json\/wp\/v2\/product_brand?post=28198"},{"taxonomy":"product_cat","embeddable":true,"href":"https:\/\/www.ateti.pt\/loja\/wp-json\/wp\/v2\/product_cat?post=28198"},{"taxonomy":"product_tag","embeddable":true,"href":"https:\/\/www.ateti.pt\/loja\/wp-json\/wp\/v2\/product_tag?post=28198"},{"taxonomy":"woo-feed-brand","embeddable":true,"href":"https:\/\/www.ateti.pt\/loja\/wp-json\/wp\/v2\/woo-feed-brand?post=28198"}],"curies":[{"name":"wp","href":"https:\/\/api.w.org\/{rel}","templated":true}]}}

Pão de Alfarroba 450gr

<h2>Pão de Alfarroba</h2>
<p>Massa de farinha trigo e de alfarroba.</p>
<p>Público em geral, com exceção de indivíduos com intolerâncias ou suscetíveis de contrair reações alérgicas aos ingredientes e alergénios mencionados no produto.</p>
<p><strong>Quantidade:</strong> 450gr</p>
<p><strong>Validade:</strong> O produto &#8220;Pão de Alfarroba &#8221; tem uma validade até 5 dias, pelo que deve considerar menos 2 dias úteis para efeitos de transporte.</p>
<p><strong>Ingredientes:</strong> Massa [Farinha de TRIGO, água, farinha de alfarroba, levedura fresca, regulador de acidez (E170), emulsionantes (E472e, E471), agente de tratamento da farinha (E300) e enzimas (TRIGO).].</p>
<p><strong>Alergéneos:</strong> Contém GLÚTEN. Pode conter vestígios de SOJA, FRUTOS DE CASCA RIJA e SEMENTES DE SESAMO.</p>
<p><strong>OGM: </strong>O produto não contém OMG.</p>
<p><strong>Declaração Nutricional</strong></p>
<p>Energia (kJ/kcal): 819,7Kj / 195,8Kcal<br />
Lípidos (g) 1,2<br />
Dos quais Ác. Gordos Saturados (g) 0,4<br />
Hidratos de Carbono (g) 39<br />
Dos quais açucares (g) 2,1<br />
Fibra (g) 3,3<br />
Proteínas (g) 5,6<br />
Sal (g) 0,1</p>
<p>&nbsp;</p>
