{"id":28163,"date":"2021-03-31T15:32:50","date_gmt":"2021-03-31T14:32:50","guid":{"rendered":"https:\/\/www.ateti.pt\/loja\/?post_type=product&#038;p=28163"},"modified":"2025-01-20T15:29:36","modified_gmt":"2025-01-20T15:29:36","slug":"pao-de-forma-fatiado-650gr","status":"publish","type":"product","link":"https:\/\/www.ateti.pt\/loja\/produto\/pao-de-forma-fatiado-650gr\/","title":{"rendered":"P\u00e3o de Forma Fatiado 650gr"},"content":{"rendered":"<p><strong>P\u00e3o de Forma Fatiado<\/strong><\/p>\n<p>Massa de farinha trigo em forma retangular.<\/p>\n<p>P\u00fablico em geral, com exce\u00e7\u00e3o de indiv\u00edduos com intoler\u00e2ncias ou suscet\u00edveis de contrair rea\u00e7\u00f5es al\u00e9rgicas aos ingredientes e alerg\u00e9nios mencionados no produto.<\/p>\n<p><strong>Quantidade:<\/strong> 650gr<\/p>\n<p><strong>Validade:<\/strong> O produto &#8220;P\u00e3o de Forma Fatiado&#8221; tem uma validade at\u00e9 at\u00e9 10 dias. Manter em local fresco e seco.<\/p>\n<p><strong>Ingredientes:<\/strong>Massa [Farinha de TRIGO, \u00e1gua, a\u00e7\u00facar, levedura, dextrose, soro de LEITE em p\u00f3, sal, enzimas, GL\u00daTEN de trigo, antioxidantes (E300), emulsionantes (E471, E481 e E472e), antiaglomerante (E170), conservante (E282), regulador de acidez (E330), farinha de SOJA, espessante (E466, E415)]<\/p>\n<p><strong>Alerg\u00e9neos: <\/strong>Cont\u00e9m GL\u00daTEN, SOJA e PRODUTOS \u00c0 BASE DE LEITE. Pode conter vest\u00edgios de FRUTOS DE CASCA RIJA e SEMENTES DE SESAMO.<\/p>\n<p><strong>OGM: <\/strong>O produto n\u00e3o cont\u00e9m OMG.<\/p>\n<p><strong>Declara\u00e7\u00e3o Nutricional:<\/strong><\/p>\n<p>Energia (kJ\/kcal) 955,03\/228,15<br \/>\nL\u00edpidos (g) 1,3<br \/>\nDos quais \u00c1c. Gordos Saturados (g) 0,79<br \/>\nHidratos de Carbono (g) 45,71<br \/>\nDos quais a\u00e7ucares (g) 6,57<br \/>\nFibra (g) 2,43<br \/>\nProte\u00ednas (g) 7,2<br \/>\nSal (g) 0,28<\/p>\n<p>&nbsp;<\/p>\n","protected":false},"excerpt":{"rendered":"<p>4.29\u20ac\/Kg<\/p>\n","protected":false},"featured_media":28164,"comment_status":"closed","ping_status":"closed","template":"","meta":{"_themeisle_gutenberg_block_has_review":false},"product_brand":[],"product_cat":[891,665,598],"product_tag":[],"woo-feed-brand":[],"class_list":{"0":"post-28163","1":"product","2":"type-product","3":"status-publish","4":"has-post-thumbnail","6":"product_cat-iva-zero","7":"product_cat-padaria","8":"product_cat-padaria-pastelaria","9":"ts_product_brand-fabrica-pastelaria-confetaria-de-s-silvestre","11":"first","12":"instock","13":"taxable","14":"shipping-taxable","15":"purchasable","16":"product-type-simple"},"_links":{"self":[{"href":"https:\/\/www.ateti.pt\/loja\/wp-json\/wp\/v2\/product\/28163","targetHints":{"allow":["GET"]}}],"collection":[{"href":"https:\/\/www.ateti.pt\/loja\/wp-json\/wp\/v2\/product"}],"about":[{"href":"https:\/\/www.ateti.pt\/loja\/wp-json\/wp\/v2\/types\/product"}],"replies":[{"embeddable":true,"href":"https:\/\/www.ateti.pt\/loja\/wp-json\/wp\/v2\/comments?post=28163"}],"wp:featuredmedia":[{"embeddable":true,"href":"https:\/\/www.ateti.pt\/loja\/wp-json\/wp\/v2\/media\/28164"}],"wp:attachment":[{"href":"https:\/\/www.ateti.pt\/loja\/wp-json\/wp\/v2\/media?parent=28163"}],"wp:term":[{"taxonomy":"product_brand","embeddable":true,"href":"https:\/\/www.ateti.pt\/loja\/wp-json\/wp\/v2\/product_brand?post=28163"},{"taxonomy":"product_cat","embeddable":true,"href":"https:\/\/www.ateti.pt\/loja\/wp-json\/wp\/v2\/product_cat?post=28163"},{"taxonomy":"product_tag","embeddable":true,"href":"https:\/\/www.ateti.pt\/loja\/wp-json\/wp\/v2\/product_tag?post=28163"},{"taxonomy":"woo-feed-brand","embeddable":true,"href":"https:\/\/www.ateti.pt\/loja\/wp-json\/wp\/v2\/woo-feed-brand?post=28163"}],"curies":[{"name":"wp","href":"https:\/\/api.w.org\/{rel}","templated":true}]}}