{"id":28159,"date":"2021-03-31T15:21:00","date_gmt":"2021-03-31T14:21:00","guid":{"rendered":"https:\/\/www.ateti.pt\/loja\/?post_type=product&#038;p=28159"},"modified":"2025-05-28T10:46:31","modified_gmt":"2025-05-28T09:46:31","slug":"pao-de-leite-fatiado-450gr","status":"publish","type":"product","link":"https:\/\/www.ateti.pt\/loja\/produto\/pao-de-leite-fatiado-450gr\/","title":{"rendered":"P\u00e3o de Leite Fatiado 450gr"},"content":{"rendered":"<p><strong>P\u00e3o de Leite Fatiado<\/strong><\/p>\n<p>Quantidade: 450gr<\/p>\n<p>O produto &#8220;P\u00e3o de Leite Fatiado&#8221; tem uma validade at\u00e9 6 dias, pelo que deve considerar menos 2 dias \u00fateis para efeitos de transporte.<\/p>\n<div><strong>Modo de conserva\u00e7\u00e3o:<\/strong>\u00a0Conservar em local seco e fresco<\/div>\n<div>\n<p><strong>Alerg\u00e9neos:<\/strong> Cont\u00e9m GL\u00daTEN, OVOS, SOJA e LEITE. Pode conter vest\u00edgios de FRUTOS DE CASCA RIJA e SEMENTES DE SESAMO.<\/p>\n<p><strong>OGM:\u00a0<\/strong>O produto n\u00e3o cont\u00e9m OMG.<\/p>\n<p><strong>Declara\u00e7\u00e3o Nutricional<\/strong><\/p>\n<p>Energia (kJ\/kcal): 1240,75Kj \/ 296,54Kcal<br \/>\nL\u00edpidos (g) 6,34<br \/>\nDos quais \u00c1c. Gordos Saturados (g) 2,84<br \/>\nHidratos de Carbono (g) 50,66<br \/>\nDos quais a\u00e7ucares (g) 11,51<br \/>\nFibra (g) 1,72<br \/>\nProte\u00ednas (g) 8,32<br \/>\nSal (g) 1,15<\/p>\n<\/div>\n","protected":false},"excerpt":{"rendered":"<p>5.53\u20ac\/Kg<\/p>\n","protected":false},"featured_media":28162,"comment_status":"closed","ping_status":"closed","template":"","meta":{"_themeisle_gutenberg_block_has_review":false},"product_brand":[],"product_cat":[665,598],"product_tag":[],"woo-feed-brand":[],"class_list":{"0":"post-28159","1":"product","2":"type-product","3":"status-publish","4":"has-post-thumbnail","6":"product_cat-padaria","7":"product_cat-padaria-pastelaria","8":"ts_product_brand-fabrica-pastelaria-confetaria-de-s-silvestre","10":"first","11":"instock","12":"taxable","13":"shipping-taxable","14":"purchasable","15":"product-type-simple"},"_links":{"self":[{"href":"https:\/\/www.ateti.pt\/loja\/wp-json\/wp\/v2\/product\/28159","targetHints":{"allow":["GET"]}}],"collection":[{"href":"https:\/\/www.ateti.pt\/loja\/wp-json\/wp\/v2\/product"}],"about":[{"href":"https:\/\/www.ateti.pt\/loja\/wp-json\/wp\/v2\/types\/product"}],"replies":[{"embeddable":true,"href":"https:\/\/www.ateti.pt\/loja\/wp-json\/wp\/v2\/comments?post=28159"}],"wp:featuredmedia":[{"embeddable":true,"href":"https:\/\/www.ateti.pt\/loja\/wp-json\/wp\/v2\/media\/28162"}],"wp:attachment":[{"href":"https:\/\/www.ateti.pt\/loja\/wp-json\/wp\/v2\/media?parent=28159"}],"wp:term":[{"taxonomy":"product_brand","embeddable":true,"href":"https:\/\/www.ateti.pt\/loja\/wp-json\/wp\/v2\/product_brand?post=28159"},{"taxonomy":"product_cat","embeddable":true,"href":"https:\/\/www.ateti.pt\/loja\/wp-json\/wp\/v2\/product_cat?post=28159"},{"taxonomy":"product_tag","embeddable":true,"href":"https:\/\/www.ateti.pt\/loja\/wp-json\/wp\/v2\/product_tag?post=28159"},{"taxonomy":"woo-feed-brand","embeddable":true,"href":"https:\/\/www.ateti.pt\/loja\/wp-json\/wp\/v2\/woo-feed-brand?post=28159"}],"curies":[{"name":"wp","href":"https:\/\/api.w.org\/{rel}","templated":true}]}}