{"id":27994,"date":"2021-03-30T12:54:13","date_gmt":"2021-03-30T11:54:13","guid":{"rendered":"https:\/\/www.ateti.pt\/loja\/?post_type=product&#038;p=27994"},"modified":"2023-02-23T10:25:54","modified_gmt":"2023-02-23T09:25:54","slug":"grao-de-bico-cozido-lata-meps-25kg","status":"publish","type":"product","link":"https:\/\/www.ateti.pt\/loja\/produto\/grao-de-bico-cozido-lata-meps-25kg\/","title":{"rendered":"Gr\u00e3o de Bico Cozido Lata Meps 2.5Kg"},"content":{"rendered":"<p><strong>Gr\u00e3o de Bico Cozido Lata Meps <\/strong><\/p>\n<p>Produto normalmente usado em diversas receitas culin\u00e1rias.<\/p>\n<p><strong>Quantidade:<\/strong> 2,5Kg<\/p>\n<p><strong>Ingredientes:<\/strong><\/p>\n<p>Gr\u00e3o de bico, \u00e1gua e sal.<\/p>\n<p><strong>Valores nutricionais por 100 g de produto:<\/strong><\/p>\n<p>Energia: 446 kj\/106 kcal; L\u00edpidos: 2,6 g, dos quais saturados: 0,5 g; Hidratos de carbono: 12 g, dos quais a\u00e7\u00facares: 0,5 g; Fibra: 6,1 g; Prote\u00ednas: 5,9 g; Sal:0,46 g.<\/p>\n<p><strong>Informa\u00e7\u00f5es gerais do produto:<\/strong><\/p>\n<p>Deve conservar o seu Gr\u00e3o de Bico Cozido Lata Meps 2.5Kg num local seco e fresco.<br \/>\nDepois do produto estar aberto, este deve manter-se no frigor\u00edfico.<\/p>\n<p><strong>Produtor:<\/strong><\/p>\n<p>Maria Em\u00edlia Pereira Soares &amp; Filhos, Lda., Rua da Agrela, Bou\u00e7as, Apartado 278, 4824-909 Fafe, Portugal<\/p>\n<p><strong>Modo de prepara\u00e7\u00e3o do produto:<\/strong><\/p>\n<p>O Gr\u00e3o de Bico Cozido em Lata de 2.5 Kg est\u00e1 pronto a consumir, deve apenas escorrer completamente o l\u00edquido e lavar o produto com \u00e1gua corrente.<\/p>\n<p><strong>Sugest\u00e3o de receita de H\u00famus:<\/strong><\/p>\n<p>Ingredientes:<\/p>\n<p>lata de Gr\u00e3o de Bico<br \/>\n2 dentes de alho<br \/>\n2 c. sopa de pasta de s\u00e9samo (<em>tahini<\/em>)<br \/>\n1 c. de ch\u00e1\u00a0de sal<br \/>\n\u00bd lim\u00e3o<br \/>\n6 c. sopa de azeite<br \/>\nqb cominhos<br \/>\nqb piment\u00e3o doce<br \/>\nqb coentros<\/p>\n<p><strong>Prepara\u00e7\u00e3o:<\/strong><\/p>\n<p>1 &#8211; Depois de escorrer o gr\u00e3o de bico, passe-o por \u00e1gua fria e coloque-o num \u00a0liquidificador, juntamente com o alho, o sal, os cominhos, a pasta de s\u00e9samo e o sumo de lim\u00e3o. Triture at\u00e9 ficar uma mistura homog\u00e9nea.<\/p>\n<p>2 &#8211; Adicione o azeite e volte a triturar por alguns segundos. Bata at\u00e9 obter um creme liso.<\/p>\n<p>3 &#8211; Coloque numa ta\u00e7a e decore com piment\u00e3o doce, salsa e azeite.<\/p>\n<p>Experimente esta receita e bom apetite!<\/p>\n<p>Para ver mais produtos como este v\u00e1 a\u00a0<a href=\"https:\/\/www.ateti.pt\/loja\/categoria\/ate-ti-negocios\/alimentacao-office\/enlatados\/\" target=\"_blank\" rel=\"noopener\">Enlatados<\/a>\u00a0na Categoria At\u00e9 Ti Neg\u00f3cios.<\/p>\n<p>Pode ainda encontrar no At\u00e9 Ti produtos com descontos at\u00e9 50% na Categoria\u00a0<a href=\"https:\/\/www.ateti.pt\/loja\/categoria\/outlet-ate-50\/\" target=\"_blank\" rel=\"noopener\">Outlet ate 50%<\/a>.<\/p>\n<p>Fa\u00e7a as suas compras no seu supermercado online At\u00e9 Ti e receba a sua encomenda comodamente em casa, no trabalho ou onde quiser.<\/p>\n","protected":false},"excerpt":{"rendered":"<p>1.67\u20ac\/Kg<\/p>\n<p>Gr\u00e3o de Bico Cozido Lata Meps 2.5Kg \u00e9 um produto normalmente usado em diversas receitas culin\u00e1rias.<\/p>\n","protected":false},"featured_media":27996,"comment_status":"closed","ping_status":"closed","template":"","meta":{"_themeisle_gutenberg_block_has_review":false},"product_brand":[],"product_cat":[542,250,690],"product_tag":[],"woo-feed-brand":[],"class_list":{"0":"post-27994","1":"product","2":"type-product","3":"status-publish","4":"has-post-thumbnail","6":"product_cat-alimentacao-office","7":"product_cat-ate-ti-negocios","8":"product_cat-enlatados","9":"ts_product_brand-meps","11":"first","12":"instock","13":"sale","14":"taxable","15":"shipping-taxable","16":"purchasable","17":"product-type-simple"},"_links":{"self":[{"href":"https:\/\/www.ateti.pt\/loja\/wp-json\/wp\/v2\/product\/27994","targetHints":{"allow":["GET"]}}],"collection":[{"href":"https:\/\/www.ateti.pt\/loja\/wp-json\/wp\/v2\/product"}],"about":[{"href":"https:\/\/www.ateti.pt\/loja\/wp-json\/wp\/v2\/types\/product"}],"replies":[{"embeddable":true,"href":"https:\/\/www.ateti.pt\/loja\/wp-json\/wp\/v2\/comments?post=27994"}],"wp:featuredmedia":[{"embeddable":true,"href":"https:\/\/www.ateti.pt\/loja\/wp-json\/wp\/v2\/media\/27996"}],"wp:attachment":[{"href":"https:\/\/www.ateti.pt\/loja\/wp-json\/wp\/v2\/media?parent=27994"}],"wp:term":[{"taxonomy":"product_brand","embeddable":true,"href":"https:\/\/www.ateti.pt\/loja\/wp-json\/wp\/v2\/product_brand?post=27994"},{"taxonomy":"product_cat","embeddable":true,"href":"https:\/\/www.ateti.pt\/loja\/wp-json\/wp\/v2\/product_cat?post=27994"},{"taxonomy":"product_tag","embeddable":true,"href":"https:\/\/www.ateti.pt\/loja\/wp-json\/wp\/v2\/product_tag?post=27994"},{"taxonomy":"woo-feed-brand","embeddable":true,"href":"https:\/\/www.ateti.pt\/loja\/wp-json\/wp\/v2\/woo-feed-brand?post=27994"}],"curies":[{"name":"wp","href":"https:\/\/api.w.org\/{rel}","templated":true}]}}