{"id":27775,"date":"2021-03-26T18:16:33","date_gmt":"2021-03-26T17:16:33","guid":{"rendered":"https:\/\/www.ateti.pt\/loja\/?post_type=product&#038;p=27775"},"modified":"2026-03-03T12:37:20","modified_gmt":"2026-03-03T12:37:20","slug":"croissant-3-unid","status":"publish","type":"product","link":"https:\/\/www.ateti.pt\/loja\/produto\/croissant-3-unid\/","title":{"rendered":"Croissant Brioche (3un)"},"content":{"rendered":"<p><strong>Croissant Brioche (3un)<\/strong><\/p>\n<p>Massa de brioche fofa.<\/p>\n<p>P\u00fablico em geral, com exce\u00e7\u00e3o de indiv\u00edduos com intoler\u00e2ncias ou suscet\u00edveis de contrair rea\u00e7\u00f5es al\u00e9rgicas aos ingredientes e alerg\u00e9nios mencionados no produto.<\/p>\n<p><strong>Quantidade:<\/strong> 3 un x 90g<\/p>\n<p><strong>Validade:<\/strong> O produto &#8220;Croissant Brioche&#8221; tem uma validade at\u00e9 9 dias, pelo que deve considerar menos 2 dias \u00fateis para efeitos de transporte.<\/p>\n<p><strong>Ingredientes:<\/strong> Massa [Farinhade TRIGOT55, a\u00e7\u00facar granulado, \u00e1gua, OVO de galinha, \u00f3leos e gorduras vegetais simples (\u00f3leo de palma (MB-RSPO) e\u00a0 derivados (MB-RSPO) e \u00f3leo de girassol), LEITE UHT, sal, enzimas, antioxidantes (E300, extrato natural rico em tocoferois e palmitato de ascorbilo), leveduras frescas, emulsionantes (mono-diglic\u00e9ridos e lecitina de SOJA, E481), corantes (carotenos), aromas, regulador de acidez (E170 e \u00e1cido c\u00edtrico) e aroma.].<\/p>\n<p><strong>Alerg\u00e9neos:\u00a0<\/strong>Cont\u00e9m GL\u00daTEN, OVO, SOJA E PRODUTOS \u00c0 BASE DE LEITE. Pode conter vest\u00edgios de FRUTOS DE CASCA RIJA e SEMENTES DE SESAMO.<\/p>\n<p><strong>OGM: <\/strong>O produto n\u00e3o cont\u00e9m OMG.<\/p>\n<p><strong>Declara\u00e7\u00e3o Nutricional:<\/strong><\/p>\n<p>Energia (kJ\/kcal) 1273,9 \/ 304,3<br \/>\nL\u00edpidos (g) 7,7<br \/>\nDos quais \u00c1c. Gordos Saturados (g) 3,6<br \/>\nHidratos de Carbono (g) 49,8<br \/>\nDos quais a\u00e7ucares (g) 11,3<br \/>\nFibra (g) 1,7<br \/>\nProte\u00ednas (g) 8,2<br \/>\nSal (g) 1,2<\/p>\n<p>&nbsp;<\/p>\n","protected":false},"excerpt":{"rendered":"<p>0.89\u20ac\/Unid<\/p>\n","protected":false},"featured_media":27776,"comment_status":"closed","ping_status":"closed","template":"","meta":{"_themeisle_gutenberg_block_has_review":false},"product_brand":[],"product_cat":[598,666],"product_tag":[],"woo-feed-brand":[],"class_list":{"0":"post-27775","1":"product","2":"type-product","3":"status-publish","4":"has-post-thumbnail","6":"product_cat-padaria-pastelaria","7":"product_cat-pastelaria","8":"ts_product_brand-fabrica-pastelaria-confetaria-de-s-silvestre","10":"first","11":"instock","12":"taxable","13":"shipping-taxable","14":"purchasable","15":"product-type-simple"},"_links":{"self":[{"href":"https:\/\/www.ateti.pt\/loja\/wp-json\/wp\/v2\/product\/27775","targetHints":{"allow":["GET"]}}],"collection":[{"href":"https:\/\/www.ateti.pt\/loja\/wp-json\/wp\/v2\/product"}],"about":[{"href":"https:\/\/www.ateti.pt\/loja\/wp-json\/wp\/v2\/types\/product"}],"replies":[{"embeddable":true,"href":"https:\/\/www.ateti.pt\/loja\/wp-json\/wp\/v2\/comments?post=27775"}],"wp:featuredmedia":[{"embeddable":true,"href":"https:\/\/www.ateti.pt\/loja\/wp-json\/wp\/v2\/media\/27776"}],"wp:attachment":[{"href":"https:\/\/www.ateti.pt\/loja\/wp-json\/wp\/v2\/media?parent=27775"}],"wp:term":[{"taxonomy":"product_brand","embeddable":true,"href":"https:\/\/www.ateti.pt\/loja\/wp-json\/wp\/v2\/product_brand?post=27775"},{"taxonomy":"product_cat","embeddable":true,"href":"https:\/\/www.ateti.pt\/loja\/wp-json\/wp\/v2\/product_cat?post=27775"},{"taxonomy":"product_tag","embeddable":true,"href":"https:\/\/www.ateti.pt\/loja\/wp-json\/wp\/v2\/product_tag?post=27775"},{"taxonomy":"woo-feed-brand","embeddable":true,"href":"https:\/\/www.ateti.pt\/loja\/wp-json\/wp\/v2\/woo-feed-brand?post=27775"}],"curies":[{"name":"wp","href":"https:\/\/api.w.org\/{rel}","templated":true}]}}