{"id":27559,"date":"2021-03-25T12:22:46","date_gmt":"2021-03-25T11:22:46","guid":{"rendered":"https:\/\/www.ateti.pt\/loja\/?post_type=product&#038;p=27559"},"modified":"2026-02-24T10:59:13","modified_gmt":"2026-02-24T10:59:13","slug":"fralda-de-incontinencia-indaslip-m8-20un","status":"publish","type":"product","link":"https:\/\/www.ateti.pt\/loja\/produto\/fralda-de-incontinencia-indaslip-m8-20un\/","title":{"rendered":"Fralda de Incontin\u00eancia IndaSlip M8 20un"},"content":{"rendered":"<h5><strong>Fralda de Incontin\u00eancia\u00a0 Indaslip <\/strong><\/h5>\n<h5><strong>Tamanho M<\/strong><\/h5>\n<p><strong>Quantidade:<\/strong> 20un<\/p>\n<p>Indicado para pacientes com mobilidade reduzida e acamados com incontin\u00eancia grave.<\/p>\n<p>Transpir\u00e1vel. Elaborado com tecidos de toque t\u00eaxtil macio que ajuda a pele a respirar.<\/p>\n<p>Duplo n\u00facleo absorvente. Barreiras anti-fugas. Cintura el\u00e1stica. Indicador de humidade. Part\u00edculas neutral odor, com agrad\u00e1vel aroma de talco. El\u00e1stica curva. Etiquetas de fecho reposicion\u00e1veis. Sem l\u00e1tex.<\/p>\n<p>Veja mais em <a href=\"https:\/\/www.ateti.pt\/loja\/categoria\/higiene-e-limpeza\/higiene\/higiene-feminina\/\">Higiene Feminina<\/a><\/p>\n","protected":false},"excerpt":{"rendered":"<p>0,55\u20ac\/un<\/p>\n","protected":false},"featured_media":56883,"comment_status":"closed","ping_status":"closed","template":"","meta":{"_themeisle_gutenberg_block_has_review":false},"product_brand":[],"product_cat":[203,230,231],"product_tag":[],"woo-feed-brand":[],"class_list":{"0":"post-27559","1":"product","2":"type-product","3":"status-publish","4":"has-post-thumbnail","6":"product_cat-beleza-e-higiene","7":"product_cat-higiene-feminina","8":"product_cat-higiene-masculina","9":"ts_product_brand-indaslip","11":"first","12":"instock","13":"taxable","14":"shipping-taxable","15":"purchasable","16":"product-type-simple"},"_links":{"self":[{"href":"https:\/\/www.ateti.pt\/loja\/wp-json\/wp\/v2\/product\/27559","targetHints":{"allow":["GET"]}}],"collection":[{"href":"https:\/\/www.ateti.pt\/loja\/wp-json\/wp\/v2\/product"}],"about":[{"href":"https:\/\/www.ateti.pt\/loja\/wp-json\/wp\/v2\/types\/product"}],"replies":[{"embeddable":true,"href":"https:\/\/www.ateti.pt\/loja\/wp-json\/wp\/v2\/comments?post=27559"}],"wp:featuredmedia":[{"embeddable":true,"href":"https:\/\/www.ateti.pt\/loja\/wp-json\/wp\/v2\/media\/56883"}],"wp:attachment":[{"href":"https:\/\/www.ateti.pt\/loja\/wp-json\/wp\/v2\/media?parent=27559"}],"wp:term":[{"taxonomy":"product_brand","embeddable":true,"href":"https:\/\/www.ateti.pt\/loja\/wp-json\/wp\/v2\/product_brand?post=27559"},{"taxonomy":"product_cat","embeddable":true,"href":"https:\/\/www.ateti.pt\/loja\/wp-json\/wp\/v2\/product_cat?post=27559"},{"taxonomy":"product_tag","embeddable":true,"href":"https:\/\/www.ateti.pt\/loja\/wp-json\/wp\/v2\/product_tag?post=27559"},{"taxonomy":"woo-feed-brand","embeddable":true,"href":"https:\/\/www.ateti.pt\/loja\/wp-json\/wp\/v2\/woo-feed-brand?post=27559"}],"curies":[{"name":"wp","href":"https:\/\/api.w.org\/{rel}","templated":true}]}}