{"id":27033,"date":"2021-03-18T17:27:55","date_gmt":"2021-03-18T16:27:55","guid":{"rendered":"https:\/\/www.ateti.pt\/loja\/?post_type=product&#038;p=27033"},"modified":"2026-02-10T12:12:40","modified_gmt":"2026-02-10T12:12:40","slug":"arrefada-de-coco","status":"publish","type":"product","link":"https:\/\/www.ateti.pt\/loja\/produto\/arrefada-de-coco\/","title":{"rendered":"Arrefada de C\u00f4co 1 un"},"content":{"rendered":"<p>Arrefada de C\u00f4co<\/p>\n<p>Quantidade: 1 unid<\/p>\n<div>O produto &#8221; Arrefada de C\u00f4co&#8221;,\u00a0 &#8220;Arrufada de C\u00f4co&#8221; ou &#8220;P\u00e3o de Deus&#8221; \u00e9 um bolo doce semelhante ao brioche com cobertura de c\u00f4co.<\/div>\n<div><\/div>\n<div>Tem uma validade at\u00e9 10 dias, pelo que deve considerar menos 3 dias \u00fateis para efeitos de transporte.<\/div>\n<div><\/div>\n","protected":false},"excerpt":{"rendered":"<p>5.19\u20ac\/unid<\/p>\n","protected":false},"featured_media":27036,"comment_status":"open","ping_status":"closed","template":"","meta":{"_themeisle_gutenberg_block_has_review":false},"product_brand":[],"product_cat":[598,666],"product_tag":[],"woo-feed-brand":[],"class_list":{"0":"post-27033","1":"product","2":"type-product","3":"status-publish","4":"has-post-thumbnail","6":"product_cat-padaria-pastelaria","7":"product_cat-pastelaria","8":"ts_product_brand-fabrica-pastelaria-confetaria-de-s-silvestre","10":"first","11":"instock","12":"taxable","13":"shipping-taxable","14":"purchasable","15":"product-type-simple"},"_links":{"self":[{"href":"https:\/\/www.ateti.pt\/loja\/wp-json\/wp\/v2\/product\/27033","targetHints":{"allow":["GET"]}}],"collection":[{"href":"https:\/\/www.ateti.pt\/loja\/wp-json\/wp\/v2\/product"}],"about":[{"href":"https:\/\/www.ateti.pt\/loja\/wp-json\/wp\/v2\/types\/product"}],"replies":[{"embeddable":true,"href":"https:\/\/www.ateti.pt\/loja\/wp-json\/wp\/v2\/comments?post=27033"}],"wp:featuredmedia":[{"embeddable":true,"href":"https:\/\/www.ateti.pt\/loja\/wp-json\/wp\/v2\/media\/27036"}],"wp:attachment":[{"href":"https:\/\/www.ateti.pt\/loja\/wp-json\/wp\/v2\/media?parent=27033"}],"wp:term":[{"taxonomy":"product_brand","embeddable":true,"href":"https:\/\/www.ateti.pt\/loja\/wp-json\/wp\/v2\/product_brand?post=27033"},{"taxonomy":"product_cat","embeddable":true,"href":"https:\/\/www.ateti.pt\/loja\/wp-json\/wp\/v2\/product_cat?post=27033"},{"taxonomy":"product_tag","embeddable":true,"href":"https:\/\/www.ateti.pt\/loja\/wp-json\/wp\/v2\/product_tag?post=27033"},{"taxonomy":"woo-feed-brand","embeddable":true,"href":"https:\/\/www.ateti.pt\/loja\/wp-json\/wp\/v2\/woo-feed-brand?post=27033"}],"curies":[{"name":"wp","href":"https:\/\/api.w.org\/{rel}","templated":true}]}}