{"id":27028,"date":"2021-03-18T17:17:32","date_gmt":"2021-03-18T16:17:32","guid":{"rendered":"https:\/\/www.ateti.pt\/loja\/?post_type=product&#038;p=27028"},"modified":"2026-03-03T12:37:40","modified_gmt":"2026-03-03T12:37:40","slug":"lontras","status":"publish","type":"product","link":"https:\/\/www.ateti.pt\/loja\/produto\/lontras\/","title":{"rendered":"Lontras 1 un"},"content":{"rendered":"<p><strong>Lontras<\/strong><\/p>\n<p>Bolo t\u00edpido da Lous\u00e3, com uma consist\u00eancia e um sabor algo semelhante aos brioches, com um pouco de doce de ovos e canela no interior da massa, que lhe d\u00e1 um sabor adocicado.<\/p>\n<div>O produto &#8221; Lontras &#8221; tem uma validade at\u00e9 8 dias, pelo que deve considerar menos 3 dias \u00fateis para efeitos de transporte.<\/div>\n<div><\/div>\n<div><strong>Ingredientes:\u00a0<\/strong>Farinha de trigo T55, a\u00e7\u00facar, ovo, \u00f3leo e gorduras vegetais simples (\u00f3leo de palma(MB-RSPO) e seus derivados (MB-RSPO) e \u00f3leo de girassol, emulsionantes (mono-diglic\u00e9ridos, lecitina de soja e E481), corantes(betacaroteno, E102, E110), antioxidantes(extratorico em tocofer\u00f3is\u00a0 palmitato de asc\u00f3rbilo), reguladores de acidez (\u00e1cido c\u00edtrico e E170), enzimas, agente de tratamento de farinha(\u00e1cido asc\u00f3rbico), leite, (levedura, sal, amido de milho modificado, glucose, espessante(E401), conservantes(E202), estabilizantes(E102, E110), aromas, coco ralado e canela em p\u00f3. Os aditivos E102, E110, podem causar efeitos negativos da atividade e na aten\u00e7ao das crian\u00e7as. Pode conter vest\u00edgios de frutos de casca rija, s\u00e9samo e sulfitos.<\/div>\n<div><\/div>\n<div>Valores nutricionais por 100g:<\/div>\n<div><\/div>\n<div>Energia; 1133.4kj\/270kcal; L\u00edpidos: 7.7g, dos quais saturados: 4.7g; Hidratos de carbono: 43g, dos quais a\u00e7\u00facares: 13.3; Fibra: 2g; Prote\u00ednas: 6.5g; Sal: 0.9g.<\/div>\n<div><\/div>\n","protected":false},"excerpt":{"rendered":"<p>4.19\u20ac\/unid<\/p>\n","protected":false},"featured_media":27032,"comment_status":"open","ping_status":"closed","template":"","meta":{"_themeisle_gutenberg_block_has_review":false},"product_brand":[],"product_cat":[598,666],"product_tag":[],"woo-feed-brand":[],"class_list":{"0":"post-27028","1":"product","2":"type-product","3":"status-publish","4":"has-post-thumbnail","6":"product_cat-padaria-pastelaria","7":"product_cat-pastelaria","8":"ts_product_brand-fabrica-pastelaria-confetaria-de-s-silvestre","10":"first","11":"instock","12":"taxable","13":"shipping-taxable","14":"purchasable","15":"product-type-simple"},"_links":{"self":[{"href":"https:\/\/www.ateti.pt\/loja\/wp-json\/wp\/v2\/product\/27028","targetHints":{"allow":["GET"]}}],"collection":[{"href":"https:\/\/www.ateti.pt\/loja\/wp-json\/wp\/v2\/product"}],"about":[{"href":"https:\/\/www.ateti.pt\/loja\/wp-json\/wp\/v2\/types\/product"}],"replies":[{"embeddable":true,"href":"https:\/\/www.ateti.pt\/loja\/wp-json\/wp\/v2\/comments?post=27028"}],"wp:featuredmedia":[{"embeddable":true,"href":"https:\/\/www.ateti.pt\/loja\/wp-json\/wp\/v2\/media\/27032"}],"wp:attachment":[{"href":"https:\/\/www.ateti.pt\/loja\/wp-json\/wp\/v2\/media?parent=27028"}],"wp:term":[{"taxonomy":"product_brand","embeddable":true,"href":"https:\/\/www.ateti.pt\/loja\/wp-json\/wp\/v2\/product_brand?post=27028"},{"taxonomy":"product_cat","embeddable":true,"href":"https:\/\/www.ateti.pt\/loja\/wp-json\/wp\/v2\/product_cat?post=27028"},{"taxonomy":"product_tag","embeddable":true,"href":"https:\/\/www.ateti.pt\/loja\/wp-json\/wp\/v2\/product_tag?post=27028"},{"taxonomy":"woo-feed-brand","embeddable":true,"href":"https:\/\/www.ateti.pt\/loja\/wp-json\/wp\/v2\/woo-feed-brand?post=27028"}],"curies":[{"name":"wp","href":"https:\/\/api.w.org\/{rel}","templated":true}]}}

<p><strong>Lontras</strong></p>
<p>Bolo típido da Lousã, com uma consistência e um sabor algo semelhante aos brioches, com um pouco de doce de ovos e canela no interior da massa, que lhe dá um sabor adocicado.</p>
<div>O produto &#8221; Lontras &#8221; tem uma validade até 8 dias, pelo que deve considerar menos 3 dias úteis para efeitos de transporte.</div>
<div></div>
<div><strong>Ingredientes: </strong>Farinha de trigo T55, açúcar, ovo, óleo e gorduras vegetais simples (óleo de palma(MB-RSPO) e seus derivados (MB-RSPO) e óleo de girassol, emulsionantes (mono-diglicéridos, lecitina de soja e E481), corantes(betacaroteno, E102, E110), antioxidantes(extratorico em tocoferóis  palmitato de ascórbilo), reguladores de acidez (ácido cítrico e E170), enzimas, agente de tratamento de farinha(ácido ascórbico), leite, (levedura, sal, amido de milho modificado, glucose, espessante(E401), conservantes(E202), estabilizantes(E102, E110), aromas, coco ralado e canela em pó. Os aditivos E102, E110, podem causar efeitos negativos da atividade e na atençao das crianças. Pode conter vestígios de frutos de casca rija, sésamo e sulfitos.</div>
<div></div>
<div>Valores nutricionais por 100g:</div>
<div></div>
<div>Energia; 1133.4kj/270kcal; Lípidos: 7.7g, dos quais saturados: 4.7g; Hidratos de carbono: 43g, dos quais açúcares: 13.3; Fibra: 2g; Proteínas: 6.5g; Sal: 0.9g.</div>
<div></div>
