{"id":27,"date":"2022-02-15T15:53:08","date_gmt":"2022-02-15T14:53:08","guid":{"rendered":"https:\/\/www.ateti.pt\/loja\/?post_type=product&#038;p=27"},"modified":"2025-08-12T12:50:50","modified_gmt":"2025-08-12T11:50:50","slug":"caffe-bonini-decaffeinato","status":"publish","type":"product","link":"https:\/\/www.ateti.pt\/loja\/produto\/caffe-bonini-decaffeinato\/","title":{"rendered":"Descafeinado 50 C\u00e1psulas Bonini Club"},"content":{"rendered":"<p><strong>Descafeinado Bonini Club<\/strong><\/p>\n<p>Quantidade: 50 C\u00e1psulas<\/p>\n<h5>Ficha t\u00e9cnica<\/h5>\n<div class=\"row\">\n<div class=\"col-xs-6 pull-left\">\n<div class=\"panel panel-default\">\n<div class=\"panel-heading\">INFORMA\u00c7\u00d5ES GERAIS<\/div>\n<table class=\"table table-bordered\">\n<tbody>\n<tr>\n<td colspan=\"2\">Armazenar em local seco \u00e0 temperatura ambiente<\/td>\n<\/tr>\n<tr>\n<th width=\"30%\">Ingredientes<\/th>\n<td>Roasted and ground coffee. Packaged in a protected atmosphere.<\/td>\n<\/tr>\n<tr>\n<th>Produtor<\/th>\n<td>Caff\u00e8 Bonini S.r.l.<\/td>\n<\/tr>\n<\/tbody>\n<\/table>\n<\/div>\n<\/div>\n<\/div>\n","protected":false},"excerpt":{"rendered":"<p>0.30\u20ac\/Unidade<\/p>\n<h3>Descri\u00e7\u00e3o<\/h3>\n<p>Uma mistura perfeita ente o sabor e a leveza. Oferece todo o sabor do caf\u00e9 mas com a aus\u00eancia da cafe\u00edna. Uma experi\u00eancia tranquilizante!<\/p>\n<p>&nbsp;<\/p>\n","protected":false},"featured_media":60874,"comment_status":"closed","ping_status":"closed","template":"","meta":{"_themeisle_gutenberg_block_has_review":false},"product_brand":[],"product_cat":[250,692,694,16,117,256,257,787],"product_tag":[],"woo-feed-brand":[],"class_list":{"0":"post-27","1":"product","2":"type-product","3":"status-publish","4":"has-post-thumbnail","6":"product_cat-ate-ti-negocios","7":"product_cat-cafe","8":"product_cat-cafe-capsulas","9":"product_cat-capsulas-bonini","10":"product_cat-cafe-em-capsula","11":"product_cat-compativeis-cafe-em-capsula","12":"product_cat-original","13":"product_cat-promocao-bonini","14":"ts_product_brand-bonini-club","16":"first","17":"instock","18":"taxable","19":"shipping-taxable","20":"purchasable","21":"product-type-simple"},"_links":{"self":[{"href":"https:\/\/www.ateti.pt\/loja\/wp-json\/wp\/v2\/product\/27","targetHints":{"allow":["GET"]}}],"collection":[{"href":"https:\/\/www.ateti.pt\/loja\/wp-json\/wp\/v2\/product"}],"about":[{"href":"https:\/\/www.ateti.pt\/loja\/wp-json\/wp\/v2\/types\/product"}],"replies":[{"embeddable":true,"href":"https:\/\/www.ateti.pt\/loja\/wp-json\/wp\/v2\/comments?post=27"}],"wp:featuredmedia":[{"embeddable":true,"href":"https:\/\/www.ateti.pt\/loja\/wp-json\/wp\/v2\/media\/60874"}],"wp:attachment":[{"href":"https:\/\/www.ateti.pt\/loja\/wp-json\/wp\/v2\/media?parent=27"}],"wp:term":[{"taxonomy":"product_brand","embeddable":true,"href":"https:\/\/www.ateti.pt\/loja\/wp-json\/wp\/v2\/product_brand?post=27"},{"taxonomy":"product_cat","embeddable":true,"href":"https:\/\/www.ateti.pt\/loja\/wp-json\/wp\/v2\/product_cat?post=27"},{"taxonomy":"product_tag","embeddable":true,"href":"https:\/\/www.ateti.pt\/loja\/wp-json\/wp\/v2\/product_tag?post=27"},{"taxonomy":"woo-feed-brand","embeddable":true,"href":"https:\/\/www.ateti.pt\/loja\/wp-json\/wp\/v2\/woo-feed-brand?post=27"}],"curies":[{"name":"wp","href":"https:\/\/api.w.org\/{rel}","templated":true}]}}