{"id":26820,"date":"2021-03-17T13:40:01","date_gmt":"2021-03-17T12:40:01","guid":{"rendered":"https:\/\/www.ateti.pt\/loja\/?post_type=product&#038;p=26820"},"modified":"2026-02-18T16:37:03","modified_gmt":"2026-02-18T16:37:03","slug":"esponja-autobrilhante-para-calcado-incolor-home-7","status":"publish","type":"product","link":"https:\/\/www.ateti.pt\/loja\/produto\/esponja-autobrilhante-para-calcado-incolor-home-7\/","title":{"rendered":"Esponja Autobrilhante para Cal\u00e7ado Incolor Home 7"},"content":{"rendered":"<h5><strong>Esponja Autobrilhante para Cal\u00e7ado Incolor<\/strong><\/h5>\n<p>A Esponja Autobrilhante Home 7 protege e d\u00e1 Brilho ao cal\u00e7ado. Ideal para o cuidado di\u00e1rio do cal\u00e7ado em pele lisa (natural ou sint\u00e9tica) e imperme\u00e1vel (n\u00e3o absorvente).<\/p>\n<p><strong>Modo de Emprego:\u00a0<\/strong>O cal\u00e7ado dever\u00e1 ser limpo previamente. Passar a esponja uniformemente sobre todo o cal\u00e7ado e deixar secar. O brilho aparecer\u00e1 sem necessidade de polimento. Aconselhamos que seja previamente testada a compatibilidade do produto numa zona pouco vis\u00edvel do cal\u00e7ado.<\/p>\n<p>Manter fora do alcance das crian\u00e7as.<\/p>\n<p>Veja mais em <a href=\"https:\/\/www.ateti.pt\/loja\/categoria\/higiene-e-limpeza\/limpeza\/diversos-limpeza\/\">Diversos<\/a><\/p>\n","protected":false},"excerpt":{"rendered":"<p>1.49\u20ac\/un<\/p>\n","protected":false},"featured_media":56892,"comment_status":"closed","ping_status":"closed","template":"","meta":{"_themeisle_gutenberg_block_has_review":false},"product_brand":[],"product_cat":[190,233,204],"product_tag":[],"woo-feed-brand":[],"class_list":{"0":"post-26820","1":"product","2":"type-product","3":"status-publish","4":"has-post-thumbnail","6":"product_cat-desinfetantes-e-limpeza","7":"product_cat-diversos-limpeza","8":"product_cat-limpeza","9":"ts_product_brand-home7","11":"first","12":"instock","13":"taxable","14":"shipping-taxable","15":"purchasable","16":"product-type-simple"},"_links":{"self":[{"href":"https:\/\/www.ateti.pt\/loja\/wp-json\/wp\/v2\/product\/26820","targetHints":{"allow":["GET"]}}],"collection":[{"href":"https:\/\/www.ateti.pt\/loja\/wp-json\/wp\/v2\/product"}],"about":[{"href":"https:\/\/www.ateti.pt\/loja\/wp-json\/wp\/v2\/types\/product"}],"replies":[{"embeddable":true,"href":"https:\/\/www.ateti.pt\/loja\/wp-json\/wp\/v2\/comments?post=26820"}],"wp:featuredmedia":[{"embeddable":true,"href":"https:\/\/www.ateti.pt\/loja\/wp-json\/wp\/v2\/media\/56892"}],"wp:attachment":[{"href":"https:\/\/www.ateti.pt\/loja\/wp-json\/wp\/v2\/media?parent=26820"}],"wp:term":[{"taxonomy":"product_brand","embeddable":true,"href":"https:\/\/www.ateti.pt\/loja\/wp-json\/wp\/v2\/product_brand?post=26820"},{"taxonomy":"product_cat","embeddable":true,"href":"https:\/\/www.ateti.pt\/loja\/wp-json\/wp\/v2\/product_cat?post=26820"},{"taxonomy":"product_tag","embeddable":true,"href":"https:\/\/www.ateti.pt\/loja\/wp-json\/wp\/v2\/product_tag?post=26820"},{"taxonomy":"woo-feed-brand","embeddable":true,"href":"https:\/\/www.ateti.pt\/loja\/wp-json\/wp\/v2\/woo-feed-brand?post=26820"}],"curies":[{"name":"wp","href":"https:\/\/api.w.org\/{rel}","templated":true}]}}