{"id":26686,"date":"2026-03-07T11:09:54","date_gmt":"2026-03-07T11:09:54","guid":{"rendered":"https:\/\/www.ateti.pt\/loja\/?post_type=product&#038;p=26686"},"modified":"2026-03-27T10:45:37","modified_gmt":"2026-03-27T10:45:37","slug":"amendoa-palitada-frutorra-150g","status":"publish","type":"product","link":"https:\/\/www.ateti.pt\/loja\/produto\/amendoa-palitada-frutorra-150g\/","title":{"rendered":"Am\u00eandoa Palitada 150g Frutorra (30-04-2026)"},"content":{"rendered":"<p><strong>Am\u00eandoa Palitada Frutorra<\/strong><\/p>\n<p>Quantidade: 150g<\/p>\n<p><strong>Ingredientes:\u00a0<\/strong>Miolo de am\u00eandoa sem pele palitada. pode conter amendoim, outros frutos de casca rija, sulfitos, cereais que cont\u00e9m gl\u00faten, soja, leite e sementes de s\u00e9samo.<\/p>\n<p><strong>Declara\u00e7\u00e3o Nutricional (por 100g):\u00a0<\/strong>Energia: 2513kj\/ 608kcal; L\u00edpidos: 53g; dos quais Saturados; 4,2g; Hidratos de Carbono: 7,6g; dos quais A\u00e7ucares: 4,7g; Fibra: 11g; Prote\u00ednas: 19g; Sal: 0g.<\/p>\n<p>Veja mais em <a href=\"https:\/\/www.ateti.pt\/loja\/categoria\/frutas-e-legumes\/frutossecos\/\">Frutos Secos<\/a><\/p>\n","protected":false},"excerpt":{"rendered":"<p>17.93\u20ac\/kg<\/p>\n","protected":false},"featured_media":56901,"comment_status":"closed","ping_status":"closed","template":"","meta":{"_themeisle_gutenberg_block_has_review":false},"product_brand":[],"product_cat":[197,265],"product_tag":[],"woo-feed-brand":[],"class_list":{"0":"post-26686","1":"product","2":"type-product","3":"status-publish","4":"has-post-thumbnail","6":"product_cat-frutossecos","7":"product_cat-promocoes-outlet-ate-50-desconto-supermercado-online-ate-ti","8":"ts_product_brand-frutorra","10":"first","11":"outofstock","12":"sale","13":"taxable","14":"shipping-taxable","15":"purchasable","16":"product-type-simple"},"_links":{"self":[{"href":"https:\/\/www.ateti.pt\/loja\/wp-json\/wp\/v2\/product\/26686","targetHints":{"allow":["GET"]}}],"collection":[{"href":"https:\/\/www.ateti.pt\/loja\/wp-json\/wp\/v2\/product"}],"about":[{"href":"https:\/\/www.ateti.pt\/loja\/wp-json\/wp\/v2\/types\/product"}],"replies":[{"embeddable":true,"href":"https:\/\/www.ateti.pt\/loja\/wp-json\/wp\/v2\/comments?post=26686"}],"wp:featuredmedia":[{"embeddable":true,"href":"https:\/\/www.ateti.pt\/loja\/wp-json\/wp\/v2\/media\/56901"}],"wp:attachment":[{"href":"https:\/\/www.ateti.pt\/loja\/wp-json\/wp\/v2\/media?parent=26686"}],"wp:term":[{"taxonomy":"product_brand","embeddable":true,"href":"https:\/\/www.ateti.pt\/loja\/wp-json\/wp\/v2\/product_brand?post=26686"},{"taxonomy":"product_cat","embeddable":true,"href":"https:\/\/www.ateti.pt\/loja\/wp-json\/wp\/v2\/product_cat?post=26686"},{"taxonomy":"product_tag","embeddable":true,"href":"https:\/\/www.ateti.pt\/loja\/wp-json\/wp\/v2\/product_tag?post=26686"},{"taxonomy":"woo-feed-brand","embeddable":true,"href":"https:\/\/www.ateti.pt\/loja\/wp-json\/wp\/v2\/woo-feed-brand?post=26686"}],"curies":[{"name":"wp","href":"https:\/\/api.w.org\/{rel}","templated":true}]}}