{"id":26675,"date":"2025-12-07T09:30:22","date_gmt":"2025-12-07T09:30:22","guid":{"rendered":"https:\/\/www.ateti.pt\/loja\/?post_type=product&#038;p=26675"},"modified":"2026-02-04T16:26:12","modified_gmt":"2026-02-04T16:26:12","slug":"sultana-dourada-frutorra-150g","status":"publish","type":"product","link":"https:\/\/www.ateti.pt\/loja\/produto\/sultana-dourada-frutorra-150g\/","title":{"rendered":"Sultana Dourada Frutorra 150g (28-02-2026)"},"content":{"rendered":"<h5><strong>Sultana Dourada Frutorra<\/strong><\/h5>\n<p>Quantidade: 150g<\/p>\n<p><strong>Ingredientes:\u00a0<\/strong>Sultana e conservante: di\u00f3xido de enxofre (sulfitos).<\/p>\n<p>Pode conter amendoim, frutos de casca rija, cereais que cont\u00eam gl\u00faten, soja, leite e sementes de s\u00e9samo.<\/p>\n<p><strong>Declara\u00e7\u00e3o Nutricional (por 100g):\u00a0<\/strong>Energia: 1309kj\/ 309kcal; L\u00edpidos: &lt;0,5g; dos quais Saturados: 0,1g; Hidratos de Carbono: 73g; dos quais A\u00e7ucares: 72g; Fibra: 3,5g; Prote\u00ednas: 1,7g; Sal: 0,13g.<\/p>\n<p>Veja mais em <a href=\"https:\/\/www.ateti.pt\/loja\/categoria\/frutas-e-legumes\/frutossecos\/\">Frutos Secos<\/a><\/p>\n","protected":false},"excerpt":{"rendered":"<p>8,60\u20ac\/kg<\/p>\n","protected":false},"featured_media":56903,"comment_status":"closed","ping_status":"closed","template":"","meta":{"_themeisle_gutenberg_block_has_review":false},"product_brand":[],"product_cat":[197,265],"product_tag":[],"woo-feed-brand":[],"class_list":{"0":"post-26675","1":"product","2":"type-product","3":"status-publish","4":"has-post-thumbnail","6":"product_cat-frutossecos","7":"product_cat-promocoes-outlet-ate-50-desconto-supermercado-online-ate-ti","8":"ts_product_brand-frutorra","10":"first","11":"outofstock","12":"sale","13":"taxable","14":"shipping-taxable","15":"purchasable","16":"product-type-simple"},"_links":{"self":[{"href":"https:\/\/www.ateti.pt\/loja\/wp-json\/wp\/v2\/product\/26675","targetHints":{"allow":["GET"]}}],"collection":[{"href":"https:\/\/www.ateti.pt\/loja\/wp-json\/wp\/v2\/product"}],"about":[{"href":"https:\/\/www.ateti.pt\/loja\/wp-json\/wp\/v2\/types\/product"}],"replies":[{"embeddable":true,"href":"https:\/\/www.ateti.pt\/loja\/wp-json\/wp\/v2\/comments?post=26675"}],"wp:featuredmedia":[{"embeddable":true,"href":"https:\/\/www.ateti.pt\/loja\/wp-json\/wp\/v2\/media\/56903"}],"wp:attachment":[{"href":"https:\/\/www.ateti.pt\/loja\/wp-json\/wp\/v2\/media?parent=26675"}],"wp:term":[{"taxonomy":"product_brand","embeddable":true,"href":"https:\/\/www.ateti.pt\/loja\/wp-json\/wp\/v2\/product_brand?post=26675"},{"taxonomy":"product_cat","embeddable":true,"href":"https:\/\/www.ateti.pt\/loja\/wp-json\/wp\/v2\/product_cat?post=26675"},{"taxonomy":"product_tag","embeddable":true,"href":"https:\/\/www.ateti.pt\/loja\/wp-json\/wp\/v2\/product_tag?post=26675"},{"taxonomy":"woo-feed-brand","embeddable":true,"href":"https:\/\/www.ateti.pt\/loja\/wp-json\/wp\/v2\/woo-feed-brand?post=26675"}],"curies":[{"name":"wp","href":"https:\/\/api.w.org\/{rel}","templated":true}]}}