{"id":25717,"date":"2021-03-02T19:26:44","date_gmt":"2021-03-02T18:26:44","guid":{"rendered":"https:\/\/www.ateti.pt\/loja\/?post_type=product&#038;p=25717"},"modified":"2023-10-06T12:33:13","modified_gmt":"2023-10-06T11:33:13","slug":"amaciador-roupa-madressilva-e-sandalo-50-doses-comfort","status":"publish","type":"product","link":"https:\/\/www.ateti.pt\/loja\/produto\/amaciador-roupa-madressilva-e-sandalo-50-doses-comfort\/","title":{"rendered":"Amaciador Roupa Madressilva e S\u00e2ndalo 50 doses Comfort"},"content":{"rendered":"<h5>Amaciador Roupa Madressilva e S\u00e2ndalo Comfort<\/h5>\n<div class=\"productDetailArea\">\n<div class=\"productDetailSubArea\">\n<div class=\"body\">\n<p><b>DESCRI\u00c7\u00c3O:<\/b><\/p>\n<p>Criado por especialistas que misturam algumas das ess\u00eancias mais preciosas da Natureza, experimente a fragr\u00e2ncia de Comfort Creations Madressilva e S\u00e2ndalo. Deixe-se levar por este perfume floral at\u00e9 praias distantes onde a esperam grandes aventuras.&#8217;<\/p>\n<p><b>BENEF\u00cdCIOS:<\/b><\/p>\n<p>&#8211; Fragr\u00e2ncia desenvolvida por especialistas;<\/p>\n<p>&#8211; Frescura duradoura;<\/p>\n<p>&#8211; Extrema suavidade;<\/p>\n<p>&#8211; F\u00e1cil de engomar;<\/p>\n<p>&#8211; Mant\u00e9m a cor e o brilho.<\/p>\n<p><b>CONSELHOS DE UTILIZA\u00c7\u00c3O:<\/b><\/p>\n<p>&#8211; Verifique sempre as instru\u00e7\u00f5es de utiliza\u00e7\u00e3o encontradas na embalagem;<\/p>\n<p>&#8211; A tampa de Comfort pode ser usada como doseador. Despeje a quantidade recomendada no doseador.<\/p>\n<p><b>PRECAU\u00c7\u00d5ES:<\/b><\/p>\n<p>Evite que o amaciador entre em contacto direto com a sua roupa, uma vez que isso pode causar danos em alguns tecidos. Para uma m\u00e1xima frescura, n\u00e3o armazene o seu amaciador sob luz solar direta e evite temperaturas extremas (altas\/baixas). Use sempre a tampa do seu Comfort como doseador no momento da lavagem. N\u00e3o misture o seu amaciador Comfort com o detergente para a roupa.<\/p>\n<\/div>\n<\/div>\n<\/div>\n<p><strong>Quantidade:\u00a0<\/strong>50 doses<\/p>\n<p>Veja mais em <a href=\"https:\/\/www.ateti.pt\/loja\/categoria\/higiene-e-limpeza\/limpeza\/roupa\/\">Higiene e Limpeza<\/a><\/p>\n","protected":false},"excerpt":{"rendered":"<p>0.10\u20ac\/dose<\/p>\n","protected":false},"featured_media":56918,"comment_status":"open","ping_status":"closed","template":"","meta":{"_themeisle_gutenberg_block_has_review":false},"product_brand":[],"product_cat":[190,204,208],"product_tag":[],"woo-feed-brand":[],"class_list":{"0":"post-25717","1":"product","2":"type-product","3":"status-publish","4":"has-post-thumbnail","6":"product_cat-desinfetantes-e-limpeza","7":"product_cat-limpeza","8":"product_cat-roupa","9":"ts_product_brand-comfort","11":"first","12":"instock","13":"taxable","14":"shipping-taxable","15":"purchasable","16":"product-type-simple"},"_links":{"self":[{"href":"https:\/\/www.ateti.pt\/loja\/wp-json\/wp\/v2\/product\/25717","targetHints":{"allow":["GET"]}}],"collection":[{"href":"https:\/\/www.ateti.pt\/loja\/wp-json\/wp\/v2\/product"}],"about":[{"href":"https:\/\/www.ateti.pt\/loja\/wp-json\/wp\/v2\/types\/product"}],"replies":[{"embeddable":true,"href":"https:\/\/www.ateti.pt\/loja\/wp-json\/wp\/v2\/comments?post=25717"}],"wp:featuredmedia":[{"embeddable":true,"href":"https:\/\/www.ateti.pt\/loja\/wp-json\/wp\/v2\/media\/56918"}],"wp:attachment":[{"href":"https:\/\/www.ateti.pt\/loja\/wp-json\/wp\/v2\/media?parent=25717"}],"wp:term":[{"taxonomy":"product_brand","embeddable":true,"href":"https:\/\/www.ateti.pt\/loja\/wp-json\/wp\/v2\/product_brand?post=25717"},{"taxonomy":"product_cat","embeddable":true,"href":"https:\/\/www.ateti.pt\/loja\/wp-json\/wp\/v2\/product_cat?post=25717"},{"taxonomy":"product_tag","embeddable":true,"href":"https:\/\/www.ateti.pt\/loja\/wp-json\/wp\/v2\/product_tag?post=25717"},{"taxonomy":"woo-feed-brand","embeddable":true,"href":"https:\/\/www.ateti.pt\/loja\/wp-json\/wp\/v2\/woo-feed-brand?post=25717"}],"curies":[{"name":"wp","href":"https:\/\/api.w.org\/{rel}","templated":true}]}}