{"id":25685,"date":"2021-03-02T11:52:47","date_gmt":"2021-03-02T10:52:47","guid":{"rendered":"https:\/\/www.ateti.pt\/loja\/?post_type=product&#038;p=25685"},"modified":"2025-07-03T16:28:54","modified_gmt":"2025-07-03T15:28:54","slug":"champo-2-em-1-baby-corine-de-farme","status":"publish","type":"product","link":"https:\/\/www.ateti.pt\/loja\/produto\/champo-2-em-1-baby-corine-de-farme\/","title":{"rendered":"Champ\u00f4 2 em 1 Baby Corine de Farme 500ml"},"content":{"rendered":"<p><strong>Champ\u00f4 Baby Corine de Farme<\/strong><\/p>\n<p><strong>Quantidade:\u00a0<\/strong>500ml<\/p>\n<p><strong>Champ\u00f4 2 em 1 Baby Corine de Farme com acondicionador\u00a0<\/strong><\/p>\n<p><strong>Champ\u00f4 Baby Corine de Farme<\/strong> foi especialmente concebido para limpar suavemente o cabelo delicado do beb\u00e9 desde o primeiro dia. Enriquecido com extrato de Cal\u00eandula com propriedades calmantes, respeita a sensibilidade do couro cabeludo do beb\u00e9 e a sua f\u00f3rmula suave facilita o pentear. N\u00e3o irrita os olhos. Este champ\u00f4 \u00e9 indicado para o cabelo delicado tanto dos beb\u00e9s, como dos adultos.<\/p>\n<p><strong>Os compromissos Corine de Farme Baby:<\/strong><\/p>\n<ul>\n<li>95% de ingredientes de origem natural<\/li>\n<li>Adapta\u00e7\u00e3o \u00e0 pele sens\u00edvel dos beb\u00e9s desde o primeiro dia<\/li>\n<li>Formulado sob controlo farmac\u00eautico<\/li>\n<li>Testado sob controlo pedi\u00e1trico e dermatol\u00f3gico<\/li>\n<\/ul>\n<p><strong>Conselhos de utiliza\u00e7\u00e3o:\u00a0<\/strong>Fazer espuma na palma das m\u00e3os e aplicar no corpo e cabelo previamente molhados. Enxaguar abundantemente.<\/p>\n<p><strong>Precau\u00e7\u00f5es de utiliza\u00e7\u00e3o:\u00a0<\/strong>A espuma foi desenvolvida para n\u00e3o irritar os olhos. No entanto, em caso de contacto direto com os olhos deve enxagu\u00e1-los imediatamente. N\u00e3o aplicar sobre pele irritada ou ferida.<\/p>\n<p>Veja mais em <a href=\"https:\/\/www.ateti.pt\/loja\/categoria\/bebe-crianca\/higiene-bebe-crianca\/\">Beb\u00e9 e Crian\u00e7a<\/a><\/p>\n<p>&nbsp;<\/p>\n","protected":false},"excerpt":{"rendered":"<p>7.98\u20ac\/lt<\/p>\n","protected":false},"featured_media":60507,"comment_status":"closed","ping_status":"closed","template":"","meta":{"_themeisle_gutenberg_block_has_review":false},"product_brand":[],"product_cat":[214,203,211,227],"product_tag":[],"woo-feed-brand":[],"class_list":{"0":"post-25685","1":"product","2":"type-product","3":"status-publish","4":"has-post-thumbnail","6":"product_cat-bebe-crianca","7":"product_cat-beleza-e-higiene","8":"product_cat-cabelo","9":"product_cat-higiene-bebe-crianca","10":"ts_product_brand-corine-de-farme","12":"first","13":"instock","14":"taxable","15":"shipping-taxable","16":"purchasable","17":"product-type-simple"},"_links":{"self":[{"href":"https:\/\/www.ateti.pt\/loja\/wp-json\/wp\/v2\/product\/25685","targetHints":{"allow":["GET"]}}],"collection":[{"href":"https:\/\/www.ateti.pt\/loja\/wp-json\/wp\/v2\/product"}],"about":[{"href":"https:\/\/www.ateti.pt\/loja\/wp-json\/wp\/v2\/types\/product"}],"replies":[{"embeddable":true,"href":"https:\/\/www.ateti.pt\/loja\/wp-json\/wp\/v2\/comments?post=25685"}],"wp:featuredmedia":[{"embeddable":true,"href":"https:\/\/www.ateti.pt\/loja\/wp-json\/wp\/v2\/media\/60507"}],"wp:attachment":[{"href":"https:\/\/www.ateti.pt\/loja\/wp-json\/wp\/v2\/media?parent=25685"}],"wp:term":[{"taxonomy":"product_brand","embeddable":true,"href":"https:\/\/www.ateti.pt\/loja\/wp-json\/wp\/v2\/product_brand?post=25685"},{"taxonomy":"product_cat","embeddable":true,"href":"https:\/\/www.ateti.pt\/loja\/wp-json\/wp\/v2\/product_cat?post=25685"},{"taxonomy":"product_tag","embeddable":true,"href":"https:\/\/www.ateti.pt\/loja\/wp-json\/wp\/v2\/product_tag?post=25685"},{"taxonomy":"woo-feed-brand","embeddable":true,"href":"https:\/\/www.ateti.pt\/loja\/wp-json\/wp\/v2\/woo-feed-brand?post=25685"}],"curies":[{"name":"wp","href":"https:\/\/api.w.org\/{rel}","templated":true}]}}

Champô 2 em 1 Baby Corine de Farme 500ml

<p><strong>Champô Baby Corine de Farme</strong></p>
<p><strong>Quantidade: </strong>500ml</p>
<p><strong>Champô 2 em 1 Baby Corine de Farme com acondicionador </strong></p>
<p><strong>Champô Baby Corine de Farme</strong> foi especialmente concebido para limpar suavemente o cabelo delicado do bebé desde o primeiro dia. Enriquecido com extrato de Calêndula com propriedades calmantes, respeita a sensibilidade do couro cabeludo do bebé e a sua fórmula suave facilita o pentear. Não irrita os olhos. Este champô é indicado para o cabelo delicado tanto dos bebés, como dos adultos.</p>
<p><strong>Os compromissos Corine de Farme Baby:</strong></p>
<ul>
<li>95% de ingredientes de origem natural</li>
<li>Adaptação à pele sensível dos bebés desde o primeiro dia</li>
<li>Formulado sob controlo farmacêutico</li>
<li>Testado sob controlo pediátrico e dermatológico</li>
</ul>
<p><strong>Conselhos de utilização: </strong>Fazer espuma na palma das mãos e aplicar no corpo e cabelo previamente molhados. Enxaguar abundantemente.</p>
<p><strong>Precauções de utilização: </strong>A espuma foi desenvolvida para não irritar os olhos. No entanto, em caso de contacto direto com os olhos deve enxaguá-los imediatamente. Não aplicar sobre pele irritada ou ferida.</p>
<p>Veja mais em <a href="https://www.ateti.pt/loja/categoria/bebe-crianca/higiene-bebe-crianca/">Bebé e Criança</a></p>
<p>&nbsp;</p>
