{"id":25059,"date":"2024-12-12T17:05:38","date_gmt":"2024-12-12T17:05:38","guid":{"rendered":"https:\/\/www.ateti.pt\/loja\/?post_type=product&#038;p=25059"},"modified":"2026-01-30T12:08:02","modified_gmt":"2026-01-30T12:08:02","slug":"cereais-estrelitas-nestle-270g","status":"publish","type":"product","link":"https:\/\/www.ateti.pt\/loja\/produto\/cereais-estrelitas-nestle-270g\/","title":{"rendered":"Cereais Estrelitas Nestl\u00e9 270g"},"content":{"rendered":"<h5>Cereais Estrelitas Nestl\u00e9<\/h5>\n<p><strong>Quantidade:\u00a0<\/strong>270g<\/p>\n<p>ESTRELITAS. Deliciosos cereais em forma de estrela e um irresist\u00edvel sabor a mel. Cont\u00eam cereais integrais e 7 vitaminas e minerais.<\/p>\n<div class=\"field__item\">\n<div class=\"paragraph paragraph--type--titulo-paragrafo paragraph--view-mode--default\">\n<div class=\"titulo-paragrafo__field-paragrafo\">\n<p><strong>Ingredientes: <\/strong>Farinha de <strong>trigo\u00a0<\/strong>integral (41,7%), s\u00eamola de milho (32,2%), a\u00e7\u00facar, \u00f3leo de girassol, xarope de glucose, mel (1,5%), carbonato de c\u00e1lcio, sal, antioxidante (extrato rico em tocofer\u00f3is), corante (carotenos), ferro, vitamina B3, B5, D, B6, B1, B2, B9.<\/p>\n<p>Pode conter\u00a0<strong>leite.<\/strong><\/p>\n<\/div>\n<\/div>\n<\/div>\n<div class=\"field__item\">\n<div class=\"paragraph paragraph--type--titulo-paragrafo paragraph--view-mode--default\">\n<div class=\"titulo-paragrafo__field-titulo\">\n<p><strong>Prepara\u00e7\u00e3o: <\/strong>junte 30g de Cereais ESTRELITAS com 125ml de leite meio gordo.<\/p>\n<\/div>\n<\/div>\n<\/div>\n<div class=\"field__item\">\n<div class=\"paragraph paragraph--type--titulo-paragrafo paragraph--view-mode--default\">\n<div class=\"titulo-paragrafo__field-titulo\">\n<p><strong>Conserva\u00e7\u00e3o: <\/strong>conservar num local fresco e seco. Consumir de prefer\u00eancia antes do fim da data especificada na embalagem.<\/p>\n<p>Valores nutricionais: Energia: 399kcal; L\u00edpidos: 5.4g, dos quais saturados: 0.6g; Hidratos de Carbono: 78.1g, dos quais a\u00e7\u00facares: 24.7g; Fibra: 4.4g; Prote\u00ednas: 7.4g; Sal:0,35g.<\/p>\n<\/div>\n<\/div>\n<\/div>\n<p>Veja mais em <a href=\"https:\/\/www.ateti.pt\/loja\/categoria\/mercearia\/chocolates-biscoitos-e-cereais\/pequeno-almoco-e-cereais\/\">Pequeno Almo\u00e7o e Cereais<\/a><\/p>\n","protected":false},"excerpt":{"rendered":"<p>12.92\u20ac\/kg<\/p>\n","protected":false},"featured_media":56938,"comment_status":"closed","ping_status":"closed","template":"","meta":{"_themeisle_gutenberg_block_has_review":false},"product_brand":[],"product_cat":[144,132,145],"product_tag":[],"woo-feed-brand":[],"class_list":{"0":"post-25059","1":"product","2":"type-product","3":"status-publish","4":"has-post-thumbnail","6":"product_cat-chocolates-biscoitos-e-cereais","7":"product_cat-mercearia","8":"product_cat-pequeno-almoco-e-cereais","9":"ts_product_brand-nestle","11":"first","12":"instock","13":"taxable","14":"shipping-taxable","15":"purchasable","16":"product-type-simple"},"_links":{"self":[{"href":"https:\/\/www.ateti.pt\/loja\/wp-json\/wp\/v2\/product\/25059","targetHints":{"allow":["GET"]}}],"collection":[{"href":"https:\/\/www.ateti.pt\/loja\/wp-json\/wp\/v2\/product"}],"about":[{"href":"https:\/\/www.ateti.pt\/loja\/wp-json\/wp\/v2\/types\/product"}],"replies":[{"embeddable":true,"href":"https:\/\/www.ateti.pt\/loja\/wp-json\/wp\/v2\/comments?post=25059"}],"wp:featuredmedia":[{"embeddable":true,"href":"https:\/\/www.ateti.pt\/loja\/wp-json\/wp\/v2\/media\/56938"}],"wp:attachment":[{"href":"https:\/\/www.ateti.pt\/loja\/wp-json\/wp\/v2\/media?parent=25059"}],"wp:term":[{"taxonomy":"product_brand","embeddable":true,"href":"https:\/\/www.ateti.pt\/loja\/wp-json\/wp\/v2\/product_brand?post=25059"},{"taxonomy":"product_cat","embeddable":true,"href":"https:\/\/www.ateti.pt\/loja\/wp-json\/wp\/v2\/product_cat?post=25059"},{"taxonomy":"product_tag","embeddable":true,"href":"https:\/\/www.ateti.pt\/loja\/wp-json\/wp\/v2\/product_tag?post=25059"},{"taxonomy":"woo-feed-brand","embeddable":true,"href":"https:\/\/www.ateti.pt\/loja\/wp-json\/wp\/v2\/woo-feed-brand?post=25059"}],"curies":[{"name":"wp","href":"https:\/\/api.w.org\/{rel}","templated":true}]}}

Cereais Estrelitas Nestlé 270g

<h5>Cereais Estrelitas Nestlé</h5>
<p><strong>Quantidade: </strong>270g</p>
<p>ESTRELITAS. Deliciosos cereais em forma de estrela e um irresistível sabor a mel. Contêm cereais integrais e 7 vitaminas e minerais.</p>
<div class="field__item">
<div class="paragraph paragraph--type--titulo-paragrafo paragraph--view-mode--default">
<div class="titulo-paragrafo__field-paragrafo">
<p><strong>Ingredientes: </strong>Farinha de <strong>trigo </strong>integral (41,7%), sêmola de milho (32,2%), açúcar, óleo de girassol, xarope de glucose, mel (1,5%), carbonato de cálcio, sal, antioxidante (extrato rico em tocoferóis), corante (carotenos), ferro, vitamina B3, B5, D, B6, B1, B2, B9.</p>
<p>Pode conter <strong>leite.</strong></p>
</div>
</div>
</div>
<div class="field__item">
<div class="paragraph paragraph--type--titulo-paragrafo paragraph--view-mode--default">
<div class="titulo-paragrafo__field-titulo">
<p><strong>Preparação: </strong>junte 30g de Cereais ESTRELITAS com 125ml de leite meio gordo.</p>
</div>
</div>
</div>
<div class="field__item">
<div class="paragraph paragraph--type--titulo-paragrafo paragraph--view-mode--default">
<div class="titulo-paragrafo__field-titulo">
<p><strong>Conservação: </strong>conservar num local fresco e seco. Consumir de preferência antes do fim da data especificada na embalagem.</p>
<p>Valores nutricionais: Energia: 399kcal; Lípidos: 5.4g, dos quais saturados: 0.6g; Hidratos de Carbono: 78.1g, dos quais açúcares: 24.7g; Fibra: 4.4g; Proteínas: 7.4g; Sal:0,35g.</p>
</div>
</div>
</div>
<p>Veja mais em <a href="https://www.ateti.pt/loja/categoria/mercearia/chocolates-biscoitos-e-cereais/pequeno-almoco-e-cereais/">Pequeno Almoço e Cereais</a></p>
