{"id":25026,"date":"2021-02-15T12:27:32","date_gmt":"2021-02-15T11:27:32","guid":{"rendered":"https:\/\/www.ateti.pt\/loja\/?post_type=product&#038;p=25026"},"modified":"2023-08-01T15:15:48","modified_gmt":"2023-08-01T14:15:48","slug":"manjericao-margao-6g","status":"publish","type":"product","link":"https:\/\/www.ateti.pt\/loja\/produto\/manjericao-margao-6g\/","title":{"rendered":"Manjeric\u00e3o Marg\u00e3o 6g"},"content":{"rendered":"<p><strong>Manjeric\u00e3o Marg\u00e3o\u00a0<\/strong><\/p>\n<p><strong>Quantidade:\u00a0<\/strong>6g<\/p>\n<p>Atualmente o manjeric\u00e3o \u00e9 cultivado tanto nas regi\u00f5es tropicais como temperadas e a exposi\u00e7\u00e3o ao sol intensifica o seu aroma. Cont\u00e9m \u00f3leos essenciais, que s\u00e3o respons\u00e1veis pelo seu cheiro e sabor caracter\u00edsticos.<\/p>\n<p><strong>Sugest\u00e3o de utiliza\u00e7\u00e3o:\u00a0<\/strong>O manjeric\u00e3o \u00e9 um cl\u00e1ssico na cozinha italiana. O <em>Pesto, Insalata Caprese<\/em>\u00a0e\u00a0<em>Pizza Margherita<\/em>\u00a0n\u00e3o est\u00e3o completos sem manjeric\u00e3o. Combina com as saladas, pratos de legumes e molhos.<\/p>\n<p>Sugest\u00e3o de receita:<\/p>\n<div class=\"col-xs-12\">\n<h3 class=\"main-title\">Ingredientes:<\/h3>\n<\/div>\n<div class=\"col-xs-12 col-md-5\">\n<ul class=\"recipe-about-list\">\n<li>150 mililitros de azeite<\/li>\n<li>2 colheres de ch\u00e1 de sumo de lim\u00e3o<\/li>\n<li>2 colheres de ch\u00e1\u00a0Moinho de Alho<\/li>\n<li>1\/2 colher de ch\u00e1\u00a0Pimenta Branca Mo\u00edda<\/li>\n<li>1\/2 colher de ch\u00e1\u00a0Estrag\u00e3o Folha<\/li>\n<li>1\/2 colher de ch\u00e1 Manjeric\u00e3o Marg\u00e3o<\/li>\n<li>1\/4\u00a0Or\u00e9g\u00e3os Folhas<\/li>\n<li>8 pernas de frango, sem pele<\/li>\n<\/ul>\n<h3>Prepara\u00e7\u00e3o:<\/h3>\n<ul>\n<li class=\"row step\">\n<div class=\"col-xs-12 col-md-12 step-content\">\n<p>Coloque os ingredientes da marinada num recipiente fundo e misture-os. Fa\u00e7a marcas na carne de galinha e regue com a marinada. Leve ao frigor\u00edfico durante 2 ou da noite para o dia.<\/p>\n<\/div>\n<\/li>\n<li class=\"row step\">\n<div class=\"col-xs-12 col-md-12 step-content\">\n<p>Cozinhe o frango sob o grill pr\u00e9-aquecido do forno, durante 25 a 30 minutos, virando de vez em quando e regando com a marinada at\u00e9 ficar completamente cozinhado.<\/p>\n<\/div>\n<\/li>\n<li class=\"row step\">\n<div class=\"col-xs-12 col-md-12 step-content\">\n<p>Sirva com uma salada mista, ideal para grelhados.<\/p>\n<\/div>\n<\/li>\n<\/ul>\n<\/div>\n<p>veja mais em <a href=\"https:\/\/www.ateti.pt\/loja\/categoria\/mercearia\/temperos-e-molhos\/\">Temperos e Molhos<\/a><\/p>\n","protected":false},"excerpt":{"rendered":"<p>125\u20ac\/kg<\/p>\n","protected":false},"featured_media":54800,"comment_status":"closed","ping_status":"closed","template":"","meta":{"_themeisle_gutenberg_block_has_review":false},"product_brand":[],"product_cat":[132,174],"product_tag":[],"woo-feed-brand":[],"class_list":{"0":"post-25026","1":"product","2":"type-product","3":"status-publish","4":"has-post-thumbnail","6":"product_cat-mercearia","7":"product_cat-temperos-e-molhos","8":"ts_product_brand-margao","10":"first","11":"instock","12":"taxable","13":"shipping-taxable","14":"purchasable","15":"product-type-simple"},"_links":{"self":[{"href":"https:\/\/www.ateti.pt\/loja\/wp-json\/wp\/v2\/product\/25026","targetHints":{"allow":["GET"]}}],"collection":[{"href":"https:\/\/www.ateti.pt\/loja\/wp-json\/wp\/v2\/product"}],"about":[{"href":"https:\/\/www.ateti.pt\/loja\/wp-json\/wp\/v2\/types\/product"}],"replies":[{"embeddable":true,"href":"https:\/\/www.ateti.pt\/loja\/wp-json\/wp\/v2\/comments?post=25026"}],"wp:featuredmedia":[{"embeddable":true,"href":"https:\/\/www.ateti.pt\/loja\/wp-json\/wp\/v2\/media\/54800"}],"wp:attachment":[{"href":"https:\/\/www.ateti.pt\/loja\/wp-json\/wp\/v2\/media?parent=25026"}],"wp:term":[{"taxonomy":"product_brand","embeddable":true,"href":"https:\/\/www.ateti.pt\/loja\/wp-json\/wp\/v2\/product_brand?post=25026"},{"taxonomy":"product_cat","embeddable":true,"href":"https:\/\/www.ateti.pt\/loja\/wp-json\/wp\/v2\/product_cat?post=25026"},{"taxonomy":"product_tag","embeddable":true,"href":"https:\/\/www.ateti.pt\/loja\/wp-json\/wp\/v2\/product_tag?post=25026"},{"taxonomy":"woo-feed-brand","embeddable":true,"href":"https:\/\/www.ateti.pt\/loja\/wp-json\/wp\/v2\/woo-feed-brand?post=25026"}],"curies":[{"name":"wp","href":"https:\/\/api.w.org\/{rel}","templated":true}]}}

Manjericão Margão 6g

<p><strong>Manjericão Margão </strong></p>
<p><strong>Quantidade: </strong>6g</p>
<p>Atualmente o manjericão é cultivado tanto nas regiões tropicais como temperadas e a exposição ao sol intensifica o seu aroma. Contém óleos essenciais, que são responsáveis pelo seu cheiro e sabor característicos.</p>
<p><strong>Sugestão de utilização: </strong>O manjericão é um clássico na cozinha italiana. O <em>Pesto, Insalata Caprese</em> e <em>Pizza Margherita</em> não estão completos sem manjericão. Combina com as saladas, pratos de legumes e molhos.</p>
<p>Sugestão de receita:</p>
<div class="col-xs-12">
<h3 class="main-title">Ingredientes:</h3>
</div>
<div class="col-xs-12 col-md-5">
<ul class="recipe-about-list">
<li>150 mililitros de azeite</li>
<li>2 colheres de chá de sumo de limão</li>
<li>2 colheres de chá Moinho de Alho</li>
<li>1/2 colher de chá Pimenta Branca Moída</li>
<li>1/2 colher de chá Estragão Folha</li>
<li>1/2 colher de chá Manjericão Margão</li>
<li>1/4 Orégãos Folhas</li>
<li>8 pernas de frango, sem pele</li>
</ul>
<h3>Preparação:</h3>
<ul>
<li class="row step">
<div class="col-xs-12 col-md-12 step-content">
<p>Coloque os ingredientes da marinada num recipiente fundo e misture-os. Faça marcas na carne de galinha e regue com a marinada. Leve ao frigorífico durante 2 ou da noite para o dia.</p>
</div>
</li>
<li class="row step">
<div class="col-xs-12 col-md-12 step-content">
<p>Cozinhe o frango sob o grill pré-aquecido do forno, durante 25 a 30 minutos, virando de vez em quando e regando com a marinada até ficar completamente cozinhado.</p>
</div>
</li>
<li class="row step">
<div class="col-xs-12 col-md-12 step-content">
<p>Sirva com uma salada mista, ideal para grelhados.</p>
</div>
</li>
</ul>
</div>
<p>veja mais em <a href="https://www.ateti.pt/loja/categoria/mercearia/temperos-e-molhos/">Temperos e Molhos</a></p>
