{"id":25015,"date":"2024-09-03T23:07:08","date_gmt":"2024-09-03T22:07:08","guid":{"rendered":"https:\/\/www.ateti.pt\/loja\/?post_type=product&#038;p=25015"},"modified":"2025-12-04T16:01:54","modified_gmt":"2025-12-04T16:01:54","slug":"amaciador-oleo-de-coco-manteiga-de-cacau","status":"publish","type":"product","link":"https:\/\/www.ateti.pt\/loja\/produto\/amaciador-oleo-de-coco-manteiga-de-cacau\/","title":{"rendered":"Amaciador \u00d3leo de Coco e Manteiga de Cacau Ultra Suave 250ml Garnier"},"content":{"rendered":"<h1>Amaciador \u00d3leo de Coco e Manteiga de Cacau Garnier Ultra Suave<\/h1>\n<p><strong>Quantidade:<\/strong>\u00a0250ml<\/p>\n<p>Verdadeira receita de alisamento intenso para disciplinar os cabelos rebeldes, dif\u00edceis de alisar. O shampoo Garnier Ultra Suave associa o \u00d3leo de Coco, reconhecido pelas suas propriedades alisantes e suavizantes, numa textura suave que n\u00e3o pesa nos cabelos, \u00e0 Manteiga de Cacau, reconhecida pelas suas propriedades nutritivas.<\/p>\n<p><strong>Cont\u00e9m:\u00a0<\/strong><\/p>\n<div id=\"ingredients-list\" data-ioplist=\"\">\n<p>O \u00d3leo de Coco \u00e9 reconhecido pelas suas propriedades alisantes e suavizantes e a Manteiga de Cacau \u00e9 reconhecida pelas suas propriedades nutritivas.<\/p>\n<\/div>\n<p><strong>Resultado:\u00a0<\/strong>Um liso intenso que nutre e deixa os cabelos sem pesar. Frisado controlado e volume disciplinado.<\/p>\n<p>Cont\u00e9m ingredientes naturais e renov\u00e1veis.<\/p>\n<p>Respeita e adapta-se perfeitamente aos cabelos delicados.<\/p>\n<p>F\u00e1brica comprometida com o desenvolvimento sustent\u00e1vel.<\/p>\n<p>Recipiente feito com 30% de pl\u00e1stico reciclado e 100% recicl\u00e1vel.<\/p>\n<p>Veja mais em\u00a0<a href=\"https:\/\/www.ateti.pt\/loja\/categoria\/higiene-e-limpeza\/higiene\/cabelo\/\">Higiene e Limpeza<\/a><\/p>\n","protected":false},"excerpt":{"rendered":"<p>14.36\u20ac\/lt<\/p>\n","protected":false},"featured_media":60884,"comment_status":"closed","ping_status":"closed","template":"","meta":{"_themeisle_gutenberg_block_has_review":false},"product_brand":[],"product_cat":[203,211,190],"product_tag":[],"woo-feed-brand":[],"class_list":{"0":"post-25015","1":"product","2":"type-product","3":"status-publish","4":"has-post-thumbnail","6":"product_cat-beleza-e-higiene","7":"product_cat-cabelo","8":"product_cat-desinfetantes-e-limpeza","9":"ts_product_brand-garnier","11":"first","12":"outofstock","13":"sale","14":"taxable","15":"shipping-taxable","16":"purchasable","17":"product-type-simple"},"_links":{"self":[{"href":"https:\/\/www.ateti.pt\/loja\/wp-json\/wp\/v2\/product\/25015","targetHints":{"allow":["GET"]}}],"collection":[{"href":"https:\/\/www.ateti.pt\/loja\/wp-json\/wp\/v2\/product"}],"about":[{"href":"https:\/\/www.ateti.pt\/loja\/wp-json\/wp\/v2\/types\/product"}],"replies":[{"embeddable":true,"href":"https:\/\/www.ateti.pt\/loja\/wp-json\/wp\/v2\/comments?post=25015"}],"wp:featuredmedia":[{"embeddable":true,"href":"https:\/\/www.ateti.pt\/loja\/wp-json\/wp\/v2\/media\/60884"}],"wp:attachment":[{"href":"https:\/\/www.ateti.pt\/loja\/wp-json\/wp\/v2\/media?parent=25015"}],"wp:term":[{"taxonomy":"product_brand","embeddable":true,"href":"https:\/\/www.ateti.pt\/loja\/wp-json\/wp\/v2\/product_brand?post=25015"},{"taxonomy":"product_cat","embeddable":true,"href":"https:\/\/www.ateti.pt\/loja\/wp-json\/wp\/v2\/product_cat?post=25015"},{"taxonomy":"product_tag","embeddable":true,"href":"https:\/\/www.ateti.pt\/loja\/wp-json\/wp\/v2\/product_tag?post=25015"},{"taxonomy":"woo-feed-brand","embeddable":true,"href":"https:\/\/www.ateti.pt\/loja\/wp-json\/wp\/v2\/woo-feed-brand?post=25015"}],"curies":[{"name":"wp","href":"https:\/\/api.w.org\/{rel}","templated":true}]}}

Amaciador Óleo de Coco e Manteiga de Cacau Ultra Suave 250ml Garnier

<h1>Amaciador Óleo de Coco e Manteiga de Cacau Garnier Ultra Suave</h1>
<p><strong>Quantidade:</strong> 250ml</p>
<p>Verdadeira receita de alisamento intenso para disciplinar os cabelos rebeldes, difíceis de alisar. O shampoo Garnier Ultra Suave associa o Óleo de Coco, reconhecido pelas suas propriedades alisantes e suavizantes, numa textura suave que não pesa nos cabelos, à Manteiga de Cacau, reconhecida pelas suas propriedades nutritivas.</p>
<p><strong>Contém: </strong></p>
<div id="ingredients-list" data-ioplist="">
<p>O Óleo de Coco é reconhecido pelas suas propriedades alisantes e suavizantes e a Manteiga de Cacau é reconhecida pelas suas propriedades nutritivas.</p>
</div>
<p><strong>Resultado: </strong>Um liso intenso que nutre e deixa os cabelos sem pesar. Frisado controlado e volume disciplinado.</p>
<p>Contém ingredientes naturais e renováveis.</p>
<p>Respeita e adapta-se perfeitamente aos cabelos delicados.</p>
<p>Fábrica comprometida com o desenvolvimento sustentável.</p>
<p>Recipiente feito com 30% de plástico reciclado e 100% reciclável.</p>
<p>Veja mais em <a href="https://www.ateti.pt/loja/categoria/higiene-e-limpeza/higiene/cabelo/">Higiene e Limpeza</a></p>
