{"id":24809,"date":"2026-01-01T18:49:35","date_gmt":"2026-01-01T18:49:35","guid":{"rendered":"https:\/\/www.ateti.pt\/loja\/?post_type=product&#038;p=24809"},"modified":"2026-03-02T16:54:07","modified_gmt":"2026-03-02T16:54:07","slug":"grelhador-anti-aderente-28cm-otyma","status":"publish","type":"product","link":"https:\/\/www.ateti.pt\/loja\/produto\/grelhador-anti-aderente-28cm-otyma\/","title":{"rendered":"Grelhador Anti-Aderente 28cm Otyma"},"content":{"rendered":"<p><strong>Grelhador Anti-Aderente 28cm Otyma<\/strong><\/p>\n<p><strong>Instru\u00e7\u00f5es de Utiliza\u00e7\u00e3o: <\/strong>Antes de usar o grelhador pela primeira vez aconselhamos a lav\u00e1-lo, enxagu\u00e1-lo e unt\u00e1-lo com um pouco de gordura alimentar. Pode repetir periodicamente esta opera\u00e7\u00e3o para manter a capa antiaderente em condi\u00e7\u00f5es \u00f3timas.<\/p>\n<p>\u00c9 utiliz\u00e1vel em qualquer tipo de fog\u00e3o.<\/p>\n<p>Use utens\u00edlios em pl\u00e1stico ou madeira, evitando os objetos cortantes ou pontiagudos.<\/p>\n<p>Como \u00e9 de aquecimento r\u00e1pido, a fonte de calor deve ser regulada para uma posi\u00e7\u00e3o m\u00e9dia, obtendo assim melhores resultados e poupando energia.<\/p>\n<p>Aconselha-se o uso de fontes de calor de di\u00e2metro adequado ao fundo da pe\u00e7a.<\/p>\n<p>N\u00e3o deve utilizar o seu grelhador sobre uma fonte de calor sem adicionar alimentos, gordura ou \u00e1gua.<\/p>\n<p><strong>Instru\u00e7\u00f5es de Limpeza:\u00a0<\/strong>Lavar com \u00e1gua quente, detergente l\u00edquido e uma esponja n\u00e3o abrasiva. Pode lavar-se na m\u00e1quina.<\/p>\n<p><strong>Seguran\u00e7a:<\/strong> Para prevenir poss\u00edveis acidentes nunca deixe a pega voltada para a parte de fora do fog\u00e3o. Deixe arrefecer a pe\u00e7a fora do alcance das crian\u00e7as.<\/p>\n<p>Com crian\u00e7as por perto, nunca deixe alimentos\u00a0 a cozinhar sem vigil\u00e2ncia.<\/p>\n<p><strong>Garantia Otyma:\u00a0<\/strong>Todos os produtos Otyma, est\u00e3o garantidos contra defeitos de fabrico.<\/p>\n<p>Esta garantia n\u00e3o cobre os danos causados por uma utiliza\u00e7\u00e3o inadequada, ou pela queda inadvertida de alguma pe\u00e7a.<\/p>\n<p>A Otyma certifica que o revestimento antiaderente usado no fabrico deste produto, est\u00e1 de acordo com a regulamenta\u00e7\u00e3o referente aos revestimentos antiaderentes em contacto\u00a0 com alimentos.<\/p>\n<p>Este grelhador tem um fundo de indu\u00e7\u00e3o total o que lhe permite uma ainda maior efici\u00eancia energ\u00e9tica e maior rapidez na cozedura dos alimentos.<\/p>\n<p>Adequado para:<\/p>\n<ul>\n<li>el\u00e9trico<\/li>\n<li>vitrocer\u00e2mica<\/li>\n<li>g\u00e1s<\/li>\n<li>indu\u00e7\u00e3o<\/li>\n<\/ul>\n<p>Veja mais em <a href=\"https:\/\/www.ateti.pt\/loja\/categoria\/casa-jardim\/utilitarios-de-casa\/\">Utilit\u00e1rios de Casa<\/a><\/p>\n<p>&nbsp;<\/p>\n","protected":false},"excerpt":{"rendered":"<p>29.99\u20ac\/un.<\/p>\n","protected":false},"featured_media":57061,"comment_status":"closed","ping_status":"closed","template":"","meta":{"_themeisle_gutenberg_block_has_review":false},"product_brand":[],"product_cat":[237,706],"product_tag":[],"woo-feed-brand":[],"class_list":{"0":"post-24809","1":"product","2":"type-product","3":"status-publish","4":"has-post-thumbnail","6":"product_cat-casa-jardim","7":"product_cat-utilitarios-de-casa","8":"ts_product_brand-otyma","10":"first","11":"instock","12":"sale","13":"taxable","14":"shipping-taxable","15":"purchasable","16":"product-type-simple"},"_links":{"self":[{"href":"https:\/\/www.ateti.pt\/loja\/wp-json\/wp\/v2\/product\/24809","targetHints":{"allow":["GET"]}}],"collection":[{"href":"https:\/\/www.ateti.pt\/loja\/wp-json\/wp\/v2\/product"}],"about":[{"href":"https:\/\/www.ateti.pt\/loja\/wp-json\/wp\/v2\/types\/product"}],"replies":[{"embeddable":true,"href":"https:\/\/www.ateti.pt\/loja\/wp-json\/wp\/v2\/comments?post=24809"}],"wp:featuredmedia":[{"embeddable":true,"href":"https:\/\/www.ateti.pt\/loja\/wp-json\/wp\/v2\/media\/57061"}],"wp:attachment":[{"href":"https:\/\/www.ateti.pt\/loja\/wp-json\/wp\/v2\/media?parent=24809"}],"wp:term":[{"taxonomy":"product_brand","embeddable":true,"href":"https:\/\/www.ateti.pt\/loja\/wp-json\/wp\/v2\/product_brand?post=24809"},{"taxonomy":"product_cat","embeddable":true,"href":"https:\/\/www.ateti.pt\/loja\/wp-json\/wp\/v2\/product_cat?post=24809"},{"taxonomy":"product_tag","embeddable":true,"href":"https:\/\/www.ateti.pt\/loja\/wp-json\/wp\/v2\/product_tag?post=24809"},{"taxonomy":"woo-feed-brand","embeddable":true,"href":"https:\/\/www.ateti.pt\/loja\/wp-json\/wp\/v2\/woo-feed-brand?post=24809"}],"curies":[{"name":"wp","href":"https:\/\/api.w.org\/{rel}","templated":true}]}}