{"id":24403,"date":"2023-10-01T08:15:51","date_gmt":"2023-10-01T07:15:51","guid":{"rendered":"https:\/\/www.ateti.pt\/loja\/?post_type=product&#038;p=24403"},"modified":"2026-04-28T10:19:51","modified_gmt":"2026-04-28T09:19:51","slug":"nespresso-nicola-rossio-30-capsulas","status":"publish","type":"product","link":"https:\/\/www.ateti.pt\/loja\/produto\/nespresso-nicola-rossio-30-capsulas\/","title":{"rendered":"C\u00e1psulas Caf\u00e9 Comp. Nespresso Rossio 30un Nicola"},"content":{"rendered":"<p><strong>C\u00e1psulas de Caf\u00e9 Nicola Rossio 30 C\u00e1psulas Nespresso<\/strong><\/p>\n<p><strong>Intensidade:<\/strong> 12<\/p>\n<p><strong>Quantidade:<\/strong> 30 c\u00e1psulas de caf\u00e9<\/p>\n<p><strong>Peso L\u00edquido:<\/strong> 150g<\/p>\n<div class=\"intro\">\n<p>Blend de torra intensa, encorpado e de aromas suaves, que resultam num expresso cremoso e envolvente.<\/p>\n<\/div>\n<div class=\"extra\">\n<p>Lista de Ingredientes:\u00a0Caf\u00e9 torrado (ingrediente \u00fanico)<\/p>\n<p>Origem:\u00a0Mat\u00e9ria prima oriunda de diversas regi\u00f5es produtoras.<\/p>\n<p>Produto torrado em Portugal.\u00a0Conservar em local fresco e seco.<\/p>\n<p>Produto compat\u00edvel com m\u00e1quinas NESPRESSO\u00ae*<\/p>\n<p>Utilizar produto conforme as instru\u00e7\u00f5es da m\u00e1quina.<\/p>\n<p><em>*Marca registada em nome de empresa n\u00e3o relacionada com Massimo Zanetti Beverage Iberia, SA.<\/em><\/p>\n<\/div>\n<p>Veja mais em <a href=\"https:\/\/www.ateti.pt\/loja\/categoria\/cafe-em-capsula\/capsulas-nespresso\/\">Caf\u00e9 em C\u00e1psula<\/a><\/p>\n","protected":false},"excerpt":{"rendered":"<p>0,16\u20ac\/unidade<br \/>\n<strong>Intensidade:<\/strong> 12<\/p>\n","protected":false},"featured_media":60355,"comment_status":"closed","ping_status":"closed","template":"","meta":{"_themeisle_gutenberg_block_has_review":false},"product_brand":[],"product_cat":[692,694,117,140,578,267],"product_tag":[],"woo-feed-brand":[],"class_list":{"0":"post-24403","1":"product","2":"type-product","3":"status-publish","4":"has-post-thumbnail","6":"product_cat-cafe","7":"product_cat-cafe-capsulas","8":"product_cat-cafe-em-capsula","9":"product_cat-capsulas-nespresso","10":"product_cat-cafe-grandes-formatos","11":"product_cat-nicola","12":"ts_product_brand-nicola","14":"first","15":"instock","16":"sale","17":"taxable","18":"shipping-taxable","19":"purchasable","20":"product-type-simple"},"_links":{"self":[{"href":"https:\/\/www.ateti.pt\/loja\/wp-json\/wp\/v2\/product\/24403","targetHints":{"allow":["GET"]}}],"collection":[{"href":"https:\/\/www.ateti.pt\/loja\/wp-json\/wp\/v2\/product"}],"about":[{"href":"https:\/\/www.ateti.pt\/loja\/wp-json\/wp\/v2\/types\/product"}],"replies":[{"embeddable":true,"href":"https:\/\/www.ateti.pt\/loja\/wp-json\/wp\/v2\/comments?post=24403"}],"wp:featuredmedia":[{"embeddable":true,"href":"https:\/\/www.ateti.pt\/loja\/wp-json\/wp\/v2\/media\/60355"}],"wp:attachment":[{"href":"https:\/\/www.ateti.pt\/loja\/wp-json\/wp\/v2\/media?parent=24403"}],"wp:term":[{"taxonomy":"product_brand","embeddable":true,"href":"https:\/\/www.ateti.pt\/loja\/wp-json\/wp\/v2\/product_brand?post=24403"},{"taxonomy":"product_cat","embeddable":true,"href":"https:\/\/www.ateti.pt\/loja\/wp-json\/wp\/v2\/product_cat?post=24403"},{"taxonomy":"product_tag","embeddable":true,"href":"https:\/\/www.ateti.pt\/loja\/wp-json\/wp\/v2\/product_tag?post=24403"},{"taxonomy":"woo-feed-brand","embeddable":true,"href":"https:\/\/www.ateti.pt\/loja\/wp-json\/wp\/v2\/woo-feed-brand?post=24403"}],"curies":[{"name":"wp","href":"https:\/\/api.w.org\/{rel}","templated":true}]}}

Cápsulas Café Comp. Nespresso Rossio 30un Nicola

<p><strong>Cápsulas de Café Nicola Rossio 30 Cápsulas Nespresso</strong></p>
<p><strong>Intensidade:</strong> 12</p>
<p><strong>Quantidade:</strong> 30 cápsulas de café</p>
<p><strong>Peso Líquido:</strong> 150g</p>
<div class="intro">
<p>Blend de torra intensa, encorpado e de aromas suaves, que resultam num expresso cremoso e envolvente.</p>
</div>
<div class="extra">
<p>Lista de Ingredientes: Café torrado (ingrediente único)</p>
<p>Origem: Matéria prima oriunda de diversas regiões produtoras.</p>
<p>Produto torrado em Portugal. Conservar em local fresco e seco.</p>
<p>Produto compatível com máquinas NESPRESSO®*</p>
<p>Utilizar produto conforme as instruções da máquina.</p>
<p><em>*Marca registada em nome de empresa não relacionada com Massimo Zanetti Beverage Iberia, SA.</em></p>
</div>
<p>Veja mais em <a href="https://www.ateti.pt/loja/categoria/cafe-em-capsula/capsulas-nespresso/">Café em Cápsula</a></p>
