{"id":24326,"date":"2019-02-03T17:28:37","date_gmt":"2019-02-03T17:28:37","guid":{"rendered":"https:\/\/www.ateti.pt\/loja\/?post_type=product&#038;p=24326"},"modified":"2026-04-13T18:20:58","modified_gmt":"2026-04-13T17:20:58","slug":"creme-depilatorio-men-duche-veet-150ml","status":"publish","type":"product","link":"https:\/\/www.ateti.pt\/loja\/produto\/creme-depilatorio-men-duche-veet-150ml\/","title":{"rendered":"Creme Depilat\u00f3rio Men Duche Veet 150ml"},"content":{"rendered":"<h5>Creme Depilat\u00f3rio Men Duche Veet<\/h5>\n<p><strong>Quantidade:\u00a0<\/strong>150ml<\/p>\n<p><strong>Descri\u00e7\u00e3o:\u00a0<\/strong>Depila\u00e7\u00e3o R\u00e1pida e Eficaz.<br \/>\nDescobre o Creme Depilat\u00f3rio Veet Men para o Duche com tecnologia Silk &amp; Fresh\u2122. Al\u00e9m de depilar, Veet Men n\u00e3o s\u00f3 mantem a pele hidratada at\u00e9 24 horas como garante a inexist\u00eancia de qualquer mau odor persistente.<\/p>\n<p><strong><span style=\"vertical-align: inherit\"><span style=\"vertical-align: inherit\">Ingredientes:\u00a0<\/span><\/span><\/strong><span style=\"vertical-align: inherit\"><span style=\"vertical-align: inherit\"> \u00c1gua, Ur\u00e9ia, \u00c1lcool Cetear\u00edlico, Tioglicolato de Pot\u00e1ssio, Para num Liquidum, Hidr\u00f3xido de C\u00e1lcio, Ceteareth-20, Talco, Glicerina, VP\/Hexadeceno, Copol\u00edmero, Parfum, Trisilicato de Magn\u00e9sio, Hidr\u00f3xido de Pot\u00e1ssio, Propilenoglicol, L\u00edtio, Silicato de S\u00f3dio e Magn\u00e9sio, Manteiga Butyrospermum Parkii, Gluconato de S\u00f3dio, Acrilatos, Copol\u00edmero, CI 77891.<\/span><\/span><\/p>\n<p>Veja mais em <a href=\"https:\/\/www.ateti.pt\/loja\/categoria\/higiene-e-limpeza\/higiene\/\">Higiene<\/a><\/p>\n","protected":false},"excerpt":{"rendered":"<p><span style=\"vertical-align: inherit\"><span style=\"vertical-align: inherit\">8,49\u20ac\/unidade.<\/span><\/span><\/p>\n","protected":false},"featured_media":60820,"comment_status":"open","ping_status":"closed","template":"","meta":{"_themeisle_gutenberg_block_has_review":false},"product_brand":[],"product_cat":[203,212,190,231,265],"product_tag":[],"woo-feed-brand":[],"class_list":{"0":"post-24326","1":"product","2":"type-product","3":"status-publish","4":"has-post-thumbnail","6":"product_cat-beleza-e-higiene","7":"product_cat-corpo","8":"product_cat-desinfetantes-e-limpeza","9":"product_cat-higiene-masculina","10":"product_cat-promocoes-outlet-ate-50-desconto-supermercado-online-ate-ti","11":"ts_product_brand-veet","13":"first","14":"instock","15":"sale","16":"taxable","17":"shipping-taxable","18":"purchasable","19":"product-type-simple"},"_links":{"self":[{"href":"https:\/\/www.ateti.pt\/loja\/wp-json\/wp\/v2\/product\/24326","targetHints":{"allow":["GET"]}}],"collection":[{"href":"https:\/\/www.ateti.pt\/loja\/wp-json\/wp\/v2\/product"}],"about":[{"href":"https:\/\/www.ateti.pt\/loja\/wp-json\/wp\/v2\/types\/product"}],"replies":[{"embeddable":true,"href":"https:\/\/www.ateti.pt\/loja\/wp-json\/wp\/v2\/comments?post=24326"}],"wp:featuredmedia":[{"embeddable":true,"href":"https:\/\/www.ateti.pt\/loja\/wp-json\/wp\/v2\/media\/60820"}],"wp:attachment":[{"href":"https:\/\/www.ateti.pt\/loja\/wp-json\/wp\/v2\/media?parent=24326"}],"wp:term":[{"taxonomy":"product_brand","embeddable":true,"href":"https:\/\/www.ateti.pt\/loja\/wp-json\/wp\/v2\/product_brand?post=24326"},{"taxonomy":"product_cat","embeddable":true,"href":"https:\/\/www.ateti.pt\/loja\/wp-json\/wp\/v2\/product_cat?post=24326"},{"taxonomy":"product_tag","embeddable":true,"href":"https:\/\/www.ateti.pt\/loja\/wp-json\/wp\/v2\/product_tag?post=24326"},{"taxonomy":"woo-feed-brand","embeddable":true,"href":"https:\/\/www.ateti.pt\/loja\/wp-json\/wp\/v2\/woo-feed-brand?post=24326"}],"curies":[{"name":"wp","href":"https:\/\/api.w.org\/{rel}","templated":true}]}}