{"id":24192,"date":"2026-01-01T11:16:41","date_gmt":"2026-01-01T11:16:41","guid":{"rendered":"https:\/\/www.ateti.pt\/loja\/?post_type=product&#038;p=24192"},"modified":"2026-03-02T17:25:13","modified_gmt":"2026-03-02T17:25:13","slug":"faca-para-legumes-nicul","status":"publish","type":"product","link":"https:\/\/www.ateti.pt\/loja\/produto\/faca-para-legumes-nicul\/","title":{"rendered":"Faca para legumes Nicul"},"content":{"rendered":"<h5>Faca para legumes Nicul<\/h5>\n<p><strong>Quantidade:<\/strong> 1<\/p>\n<p><strong>Descri\u00e7\u00e3o:<\/strong><\/p>\n<p>Todas as facas Nicul s\u00e3o fabricadas com a\u00e7o inox da melhor qualidade e t\u00eam garantia contra defeitos de fabrico ou nos materiais desde que utilizados corretamente.<\/p>\n<p><strong>Amolar e afiar<\/strong>, com regularidade atrav\u00e9s de fuzil, pedra de amolar ou por profissionais para manter o poder de corte das l\u00e2minas.<\/p>\n<p><strong>Limpeza<\/strong>, as facas com cabo de Polipropileno ou P.O.M. podem ser lavadas \u00e0 m\u00e1quina. Para evitar manchas na l\u00e2mina, causadas pelo calc\u00e1rio da \u00e1gua e detergentes, recomenda-se a secagem logo ap\u00f3s a lavagem.<\/p>\n<p>Para sua seguran\u00e7a n\u00e3o deixe as facas ao alcance das crian\u00e7as.<\/p>\n<p>Veja mais em <a href=\"https:\/\/www.ateti.pt\/loja\/categoria\/higiene-e-limpeza\/acessorios-cozinha-casa-de-banho\/\">Acess\u00f3rios de Cozinha<\/a><\/p>\n","protected":false},"excerpt":{"rendered":"<p>4.49\u20ac\/un.<\/p>\n","protected":false},"featured_media":60509,"comment_status":"open","ping_status":"closed","template":"","meta":{"_themeisle_gutenberg_block_has_review":false},"product_brand":[],"product_cat":[237,706],"product_tag":[],"woo-feed-brand":[],"class_list":{"0":"post-24192","1":"product","2":"type-product","3":"status-publish","4":"has-post-thumbnail","6":"product_cat-casa-jardim","7":"product_cat-utilitarios-de-casa","8":"ts_product_brand-nicul","10":"first","11":"instock","12":"sale","13":"taxable","14":"shipping-taxable","15":"purchasable","16":"product-type-variable"},"_links":{"self":[{"href":"https:\/\/www.ateti.pt\/loja\/wp-json\/wp\/v2\/product\/24192","targetHints":{"allow":["GET"]}}],"collection":[{"href":"https:\/\/www.ateti.pt\/loja\/wp-json\/wp\/v2\/product"}],"about":[{"href":"https:\/\/www.ateti.pt\/loja\/wp-json\/wp\/v2\/types\/product"}],"replies":[{"embeddable":true,"href":"https:\/\/www.ateti.pt\/loja\/wp-json\/wp\/v2\/comments?post=24192"}],"wp:featuredmedia":[{"embeddable":true,"href":"https:\/\/www.ateti.pt\/loja\/wp-json\/wp\/v2\/media\/60509"}],"wp:attachment":[{"href":"https:\/\/www.ateti.pt\/loja\/wp-json\/wp\/v2\/media?parent=24192"}],"wp:term":[{"taxonomy":"product_brand","embeddable":true,"href":"https:\/\/www.ateti.pt\/loja\/wp-json\/wp\/v2\/product_brand?post=24192"},{"taxonomy":"product_cat","embeddable":true,"href":"https:\/\/www.ateti.pt\/loja\/wp-json\/wp\/v2\/product_cat?post=24192"},{"taxonomy":"product_tag","embeddable":true,"href":"https:\/\/www.ateti.pt\/loja\/wp-json\/wp\/v2\/product_tag?post=24192"},{"taxonomy":"woo-feed-brand","embeddable":true,"href":"https:\/\/www.ateti.pt\/loja\/wp-json\/wp\/v2\/woo-feed-brand?post=24192"}],"curies":[{"name":"wp","href":"https:\/\/api.w.org\/{rel}","templated":true}]}}

<h5>Faca para legumes Nicul</h5>
<p><strong>Quantidade:</strong> 1</p>
<p><strong>Descrição:</strong></p>
<p>Todas as facas Nicul são fabricadas com aço inox da melhor qualidade e têm garantia contra defeitos de fabrico ou nos materiais desde que utilizados corretamente.</p>
<p><strong>Amolar e afiar</strong>, com regularidade através de fuzil, pedra de amolar ou por profissionais para manter o poder de corte das lâminas.</p>
<p><strong>Limpeza</strong>, as facas com cabo de Polipropileno ou P.O.M. podem ser lavadas à máquina. Para evitar manchas na lâmina, causadas pelo calcário da água e detergentes, recomenda-se a secagem logo após a lavagem.</p>
<p>Para sua segurança não deixe as facas ao alcance das crianças.</p>
<p>Veja mais em <a href="https://www.ateti.pt/loja/categoria/higiene-e-limpeza/acessorios-cozinha-casa-de-banho/">Acessórios de Cozinha</a></p>
