{"id":23906,"date":"2022-04-27T19:30:18","date_gmt":"2022-04-27T18:30:18","guid":{"rendered":"https:\/\/www.ateti.pt\/loja\/?post_type=product&#038;p=23906"},"modified":"2024-07-25T12:59:03","modified_gmt":"2024-07-25T11:59:03","slug":"manteiga-de-amendoim-crocante-500g-prozis","status":"publish","type":"product","link":"https:\/\/www.ateti.pt\/loja\/produto\/manteiga-de-amendoim-crocante-500g-prozis\/","title":{"rendered":"Manteiga de Amendoim Crocante 500g Prozis"},"content":{"rendered":"<p><strong>Manteiga de Amendoim Crocante Prozis<\/strong><\/p>\n<p>Quantidade: 500g<\/p>\n<p>A Manteiga de Amendoim Crocante Prozis \u00e9 feita com apenas um ingrediente: amendoim. \u00c9 o creme para barrar mais delicioso e natural ou o toque a frutos secos dos teus batidos. Al\u00e9m de serem uma fonte saud\u00e1vel de prote\u00edna, os amendoins tamb\u00e9m oferecem uma quantidade equilibrada de fibra, vitamina E e magn\u00e9sio. O magn\u00e9sio \u00e9 especialmente importante para pessoas ativas e para quem faz exerc\u00edcio, pois contribui para o normal funcionamento dos m\u00fasculos, para a s\u00edntese proteica e para a redu\u00e7\u00e3o do cansa\u00e7o e da fadiga. Basta fazeres as contas: em 100 g de manteiga de amendoim, 26 g s\u00e3o prote\u00ednas e apenas 11 g s\u00e3o hidratos de carbono. Esta propor\u00e7\u00e3o de nutrientes, combinada com a composi\u00e7\u00e3o global de nutrientes e uma f\u00f3rmula sem adi\u00e7\u00e3o de sal, edulcorantes ou aromas artificiais, faz com que a manteiga de amendoim da Prozis seja uma op\u00e7\u00e3o perfeita para quem quer apenas a melhor nutri\u00e7\u00e3o.<\/p>\n<ul>\n<li class=\"butter-h4 tdark txtcenter mt20 zeropadding\">Sem adi\u00e7\u00e3o de sal<\/li>\n<li class=\"butter-h4 tdark txtcenter mt20 zeropadding\">Sem aromas artificiais<\/li>\n<li class=\"butter-h4 tdark txtcenter mt20 zeropadding\">Sem a\u00e7\u00facares adicionados<\/li>\n<\/ul>\n<p>Em 100 g de manteiga de amendoim, 26 g s\u00e3o prote\u00ednas e apenas 11 g s\u00e3o hidratos de carbono. E, al\u00e9m de ser uma fonte natural de prote\u00edna, a manteiga de amendoim da Prozis tamb\u00e9m te oferece quantidades equilibradas de fibra, vitamina E e magn\u00e9sio. Afinal, n\u00e3o \u00e9 por acaso que \u00e9 um snack t\u00e3o popular entre atletas e outras pessoas fisicamente ativas.<\/p>\n<p><strong>Sugest\u00e3o de receita<\/strong><\/p>\n<p><strong>Gelado de Manteiga de Amendoim Crocante Prozis e banana<\/strong><\/p>\n<div class=\"right-cont\">\n<p class=\"butter-p tblack zeropadding mt20\">5 a 6 bananas m\u00e9dias congeladas<br \/>\n25g de manteiga de amendoim crocante Prozis<br \/>\n15g de mel<br \/>\n100ml de leite de am\u00eandoa<br \/>\n1 colher de ch\u00e1 de canela<br \/>\n5 gotas de aroma de baunilha<br \/>\npepitas de cacau (a gosto)<\/p>\n<p>. Adiciona as bananas, a manteiga de amendoim, a canela, o mel e o aroma a num liquidificador de alimentos.<\/p>\n<p>2. Adiciona o leite de am\u00eandoa e mistura muito bem. Se achares necess\u00e1rio devido \u00e0 textura, podes adicionar mais um pouco de leite.<\/p>\n<p>3. Quando a consist\u00eancia da mistura estiver com alguma solidez, coloca numa ta\u00e7a e leva ao congelador por 20 minutos.<\/p>\n<p>4. Retira do congelador e coloca as pepitas de cacau por cima antes de te servires.<\/p>\n<p>5. Para um sabor extra, coloca um dos topping por cima.<\/p>\n<p>Bom apetite!<\/p>\n<p>Veja mais em <a href=\"https:\/\/www.ateti.pt\/loja\/categoria\/mercearia\/chocolates-biscoitos-e-cereais\/pequeno-almoco-e-cereais\/\">Pequeno-almo\u00e7o e cereais<\/a><\/p>\n<\/div>\n","protected":false},"excerpt":{"rendered":"<p>7,90\u20ac\/Kg<\/p>\n","protected":false},"featured_media":60933,"comment_status":"closed","ping_status":"closed","template":"","meta":{"_themeisle_gutenberg_block_has_review":false},"product_brand":[],"product_cat":[25,144,132,145],"product_tag":[],"woo-feed-brand":[],"class_list":{"0":"post-23906","1":"product","2":"type-product","3":"status-publish","4":"has-post-thumbnail","6":"product_cat-chocolates","7":"product_cat-chocolates-biscoitos-e-cereais","8":"product_cat-mercearia","9":"product_cat-pequeno-almoco-e-cereais","10":"ts_product_brand-prozis","12":"first","13":"instock","14":"sale","15":"taxable","16":"shipping-taxable","17":"purchasable","18":"product-type-simple"},"_links":{"self":[{"href":"https:\/\/www.ateti.pt\/loja\/wp-json\/wp\/v2\/product\/23906","targetHints":{"allow":["GET"]}}],"collection":[{"href":"https:\/\/www.ateti.pt\/loja\/wp-json\/wp\/v2\/product"}],"about":[{"href":"https:\/\/www.ateti.pt\/loja\/wp-json\/wp\/v2\/types\/product"}],"replies":[{"embeddable":true,"href":"https:\/\/www.ateti.pt\/loja\/wp-json\/wp\/v2\/comments?post=23906"}],"wp:featuredmedia":[{"embeddable":true,"href":"https:\/\/www.ateti.pt\/loja\/wp-json\/wp\/v2\/media\/60933"}],"wp:attachment":[{"href":"https:\/\/www.ateti.pt\/loja\/wp-json\/wp\/v2\/media?parent=23906"}],"wp:term":[{"taxonomy":"product_brand","embeddable":true,"href":"https:\/\/www.ateti.pt\/loja\/wp-json\/wp\/v2\/product_brand?post=23906"},{"taxonomy":"product_cat","embeddable":true,"href":"https:\/\/www.ateti.pt\/loja\/wp-json\/wp\/v2\/product_cat?post=23906"},{"taxonomy":"product_tag","embeddable":true,"href":"https:\/\/www.ateti.pt\/loja\/wp-json\/wp\/v2\/product_tag?post=23906"},{"taxonomy":"woo-feed-brand","embeddable":true,"href":"https:\/\/www.ateti.pt\/loja\/wp-json\/wp\/v2\/woo-feed-brand?post=23906"}],"curies":[{"name":"wp","href":"https:\/\/api.w.org\/{rel}","templated":true}]}}

<p><strong>Manteiga de Amendoim Crocante Prozis</strong></p>
<p>Quantidade: 500g</p>
<p>A Manteiga de Amendoim Crocante Prozis é feita com apenas um ingrediente: amendoim. É o creme para barrar mais delicioso e natural ou o toque a frutos secos dos teus batidos. Além de serem uma fonte saudável de proteína, os amendoins também oferecem uma quantidade equilibrada de fibra, vitamina E e magnésio. O magnésio é especialmente importante para pessoas ativas e para quem faz exercício, pois contribui para o normal funcionamento dos músculos, para a síntese proteica e para a redução do cansaço e da fadiga. Basta fazeres as contas: em 100 g de manteiga de amendoim, 26 g são proteínas e apenas 11 g são hidratos de carbono. Esta proporção de nutrientes, combinada com a composição global de nutrientes e uma fórmula sem adição de sal, edulcorantes ou aromas artificiais, faz com que a manteiga de amendoim da Prozis seja uma opção perfeita para quem quer apenas a melhor nutrição.</p>
<ul>
<li class="butter-h4 tdark txtcenter mt20 zeropadding">Sem adição de sal</li>
<li class="butter-h4 tdark txtcenter mt20 zeropadding">Sem aromas artificiais</li>
<li class="butter-h4 tdark txtcenter mt20 zeropadding">Sem açúcares adicionados</li>
</ul>
<p>Em 100 g de manteiga de amendoim, 26 g são proteínas e apenas 11 g são hidratos de carbono. E, além de ser uma fonte natural de proteína, a manteiga de amendoim da Prozis também te oferece quantidades equilibradas de fibra, vitamina E e magnésio. Afinal, não é por acaso que é um snack tão popular entre atletas e outras pessoas fisicamente ativas.</p>
<p><strong>Sugestão de receita</strong></p>
<p><strong>Gelado de Manteiga de Amendoim Crocante Prozis e banana</strong></p>
<div class="right-cont">
<p class="butter-p tblack zeropadding mt20">5 a 6 bananas médias congeladas<br />
25g de manteiga de amendoim crocante Prozis<br />
15g de mel<br />
100ml de leite de amêndoa<br />
1 colher de chá de canela<br />
5 gotas de aroma de baunilha<br />
pepitas de cacau (a gosto)</p>
<p>. Adiciona as bananas, a manteiga de amendoim, a canela, o mel e o aroma a num liquidificador de alimentos.</p>
<p>2. Adiciona o leite de amêndoa e mistura muito bem. Se achares necessário devido à textura, podes adicionar mais um pouco de leite.</p>
<p>3. Quando a consistência da mistura estiver com alguma solidez, coloca numa taça e leva ao congelador por 20 minutos.</p>
<p>4. Retira do congelador e coloca as pepitas de cacau por cima antes de te servires.</p>
<p>5. Para um sabor extra, coloca um dos topping por cima.</p>
<p>Bom apetite!</p>
<p>Veja mais em <a href="https://www.ateti.pt/loja/categoria/mercearia/chocolates-biscoitos-e-cereais/pequeno-almoco-e-cereais/">Pequeno-almoço e cereais</a></p>
</div>
