{"id":23399,"date":"2021-06-28T13:48:22","date_gmt":"2021-06-28T12:48:22","guid":{"rendered":"https:\/\/www.ateti.pt\/loja\/?post_type=product&#038;p=23399"},"modified":"2023-10-03T09:22:52","modified_gmt":"2023-10-03T08:22:52","slug":"vinho-tinto-box-5l-porta-de-pias","status":"publish","type":"product","link":"https:\/\/www.ateti.pt\/loja\/produto\/vinho-tinto-box-5l-porta-de-pias\/","title":{"rendered":"Vinho Tinto Box 5L Porta de Pias"},"content":{"rendered":"<h4><strong>Vinho Tinto Box 5L Porta de Pias<\/strong><\/h4>\n<p><strong>Quantidade:\u00a0<\/strong>5L<\/p>\n<p><strong>Descri\u00e7\u00e3o:\u00a0<\/strong>Selecionado entre os melhores da \u00faltima colheita \u00e9 frutado, intenso e encorpado, com final longo e muito macio.<\/p>\n<p>Aconselhado para acompanhar pratos de carne, enchidos e queijos.<\/p>\n<p>Deve ser servido \u00e0 temperatura de 16-17\u00baC.<\/p>\n<p>Teor Alco\u00f3lico 13,5% vol.<br \/>\nAcidez total \u2265 3,5 g \u00e1c. Tart\u00e1rico\/L<br \/>\nSulfuroso total &lt;150 mg\/L<\/p>\n<p>Alerg\u00e9nios: Cont\u00e9m sulfitos e di\u00f3xido de enxofre.<\/p>\n<p>Veja mais em <a href=\"https:\/\/www.ateti.pt\/loja\/categoria\/bebidas\/garrafeira\/\">Vinhos e Licores<\/a><\/p>\n","protected":false},"excerpt":{"rendered":"<p>1,46\u20ac\/litro<\/p>\n","protected":false},"featured_media":31724,"comment_status":"closed","ping_status":"closed","template":"","meta":{"_themeisle_gutenberg_block_has_review":false},"product_brand":[],"product_cat":[158,173,621],"product_tag":[],"woo-feed-brand":[],"class_list":{"0":"post-23399","1":"product","2":"type-product","3":"status-publish","4":"has-post-thumbnail","6":"product_cat-bebidas","7":"product_cat-garrafeira","8":"product_cat-vinho-tinto","9":"pa_tipologia-vinho-bag-in-box","10":"pa_tipologia-vinho-vinho-tinto","12":"first","13":"instock","14":"sale","15":"taxable","16":"shipping-taxable","17":"purchasable","18":"product-type-simple"},"_links":{"self":[{"href":"https:\/\/www.ateti.pt\/loja\/wp-json\/wp\/v2\/product\/23399","targetHints":{"allow":["GET"]}}],"collection":[{"href":"https:\/\/www.ateti.pt\/loja\/wp-json\/wp\/v2\/product"}],"about":[{"href":"https:\/\/www.ateti.pt\/loja\/wp-json\/wp\/v2\/types\/product"}],"replies":[{"embeddable":true,"href":"https:\/\/www.ateti.pt\/loja\/wp-json\/wp\/v2\/comments?post=23399"}],"wp:featuredmedia":[{"embeddable":true,"href":"https:\/\/www.ateti.pt\/loja\/wp-json\/wp\/v2\/media\/31724"}],"wp:attachment":[{"href":"https:\/\/www.ateti.pt\/loja\/wp-json\/wp\/v2\/media?parent=23399"}],"wp:term":[{"taxonomy":"product_brand","embeddable":true,"href":"https:\/\/www.ateti.pt\/loja\/wp-json\/wp\/v2\/product_brand?post=23399"},{"taxonomy":"product_cat","embeddable":true,"href":"https:\/\/www.ateti.pt\/loja\/wp-json\/wp\/v2\/product_cat?post=23399"},{"taxonomy":"product_tag","embeddable":true,"href":"https:\/\/www.ateti.pt\/loja\/wp-json\/wp\/v2\/product_tag?post=23399"},{"taxonomy":"woo-feed-brand","embeddable":true,"href":"https:\/\/www.ateti.pt\/loja\/wp-json\/wp\/v2\/woo-feed-brand?post=23399"}],"curies":[{"name":"wp","href":"https:\/\/api.w.org\/{rel}","templated":true}]}}