{"id":23395,"date":"2021-01-15T13:31:33","date_gmt":"2021-01-15T12:31:33","guid":{"rendered":"https:\/\/www.ateti.pt\/loja\/?post_type=product&#038;p=23395"},"modified":"2023-10-09T11:59:19","modified_gmt":"2023-10-09T10:59:19","slug":"vinho-tinto-box-5l-alma-de-pias","status":"publish","type":"product","link":"https:\/\/www.ateti.pt\/loja\/produto\/vinho-tinto-box-5l-alma-de-pias\/","title":{"rendered":"Vinho Tinto Box 5L Alma de Pias"},"content":{"rendered":"<h5><strong>Vinho Tinto Box 5L Alma de Pias<\/strong><\/h5>\n<p><strong>Descri\u00e7\u00e3o:\u00a0<\/strong><\/p>\n<p>Vinho de aroma frutado com a harmonia e intensidade, de frutos vermelhos e a eleg\u00e2ncia dos taninos finos.<\/p>\n<p>Sabor macio e boa rela\u00e7\u00e3o acidez\/volume de boca.<\/p>\n<p><strong>Origem:<\/strong> Lisboa<\/p>\n<p><strong>Teor de \u00c1lcool:<\/strong> 13%vol.<\/p>\n<p><strong>Acidez Total:<\/strong> 5,6g\/L<\/p>\n<p><strong>pH:<\/strong> 3,5<\/p>\n<p>Vinho rico em aromas a frutos silvestres com uma agrad\u00e1vel rela\u00e7\u00e3o acidez\/volume de boca.<\/p>\n<p>Ideal para acompanhar com carnes vermelhas, assados e queijos de car\u00e1cter forte.<\/p>\n<p><strong>Conserva\u00e7\u00e3o:\u00a0<\/strong>Armazenar em local fresco e seco, abrigado da luz.<\/p>\n<p>Deve servir-se \u00e0 temperatura de 15-17\u00baC.<\/p>\n<p>Alerg\u00e9nios: Cont\u00e9m sulfitos e di\u00f3xido de enxofre.<\/p>\n<p>Veja mais em <a href=\"https:\/\/www.ateti.pt\/loja\/categoria\/bebidas\/vinhos-e-licores\/\">Vinhos e Licores<\/a><\/p>\n","protected":false},"excerpt":{"rendered":"<p>1,54\u20ac\/litro<\/p>\n","protected":false},"featured_media":57063,"comment_status":"open","ping_status":"closed","template":"","meta":{"_themeisle_gutenberg_block_has_review":false},"product_brand":[],"product_cat":[158,173,621],"product_tag":[],"woo-feed-brand":[],"class_list":{"0":"post-23395","1":"product","2":"type-product","3":"status-publish","4":"has-post-thumbnail","6":"product_cat-bebidas","7":"product_cat-garrafeira","8":"product_cat-vinho-tinto","9":"pa_tipologia-vinho-bag-in-box","10":"pa_tipologia-vinho-vinho-tinto","11":"ts_product_brand-alma-de-pias","13":"first","14":"instock","15":"sale","16":"taxable","17":"shipping-taxable","18":"purchasable","19":"product-type-simple"},"_links":{"self":[{"href":"https:\/\/www.ateti.pt\/loja\/wp-json\/wp\/v2\/product\/23395","targetHints":{"allow":["GET"]}}],"collection":[{"href":"https:\/\/www.ateti.pt\/loja\/wp-json\/wp\/v2\/product"}],"about":[{"href":"https:\/\/www.ateti.pt\/loja\/wp-json\/wp\/v2\/types\/product"}],"replies":[{"embeddable":true,"href":"https:\/\/www.ateti.pt\/loja\/wp-json\/wp\/v2\/comments?post=23395"}],"wp:featuredmedia":[{"embeddable":true,"href":"https:\/\/www.ateti.pt\/loja\/wp-json\/wp\/v2\/media\/57063"}],"wp:attachment":[{"href":"https:\/\/www.ateti.pt\/loja\/wp-json\/wp\/v2\/media?parent=23395"}],"wp:term":[{"taxonomy":"product_brand","embeddable":true,"href":"https:\/\/www.ateti.pt\/loja\/wp-json\/wp\/v2\/product_brand?post=23395"},{"taxonomy":"product_cat","embeddable":true,"href":"https:\/\/www.ateti.pt\/loja\/wp-json\/wp\/v2\/product_cat?post=23395"},{"taxonomy":"product_tag","embeddable":true,"href":"https:\/\/www.ateti.pt\/loja\/wp-json\/wp\/v2\/product_tag?post=23395"},{"taxonomy":"woo-feed-brand","embeddable":true,"href":"https:\/\/www.ateti.pt\/loja\/wp-json\/wp\/v2\/woo-feed-brand?post=23395"}],"curies":[{"name":"wp","href":"https:\/\/api.w.org\/{rel}","templated":true}]}}

<h5><strong>Vinho Tinto Box 5L Alma de Pias</strong></h5>
<p><strong>Descrição: </strong></p>
<p>Vinho de aroma frutado com a harmonia e intensidade, de frutos vermelhos e a elegância dos taninos finos.</p>
<p>Sabor macio e boa relação acidez/volume de boca.</p>
<p><strong>Origem:</strong> Lisboa</p>
<p><strong>Teor de Álcool:</strong> 13%vol.</p>
<p><strong>Acidez Total:</strong> 5,6g/L</p>
<p><strong>pH:</strong> 3,5</p>
<p>Vinho rico em aromas a frutos silvestres com uma agradável relação acidez/volume de boca.</p>
<p>Ideal para acompanhar com carnes vermelhas, assados e queijos de carácter forte.</p>
<p><strong>Conservação: </strong>Armazenar em local fresco e seco, abrigado da luz.</p>
<p>Deve servir-se à temperatura de 15-17ºC.</p>
<p>Alergénios: Contém sulfitos e dióxido de enxofre.</p>
<p>Veja mais em <a href="https://www.ateti.pt/loja/categoria/bebidas/vinhos-e-licores/">Vinhos e Licores</a></p>
