{"id":23393,"date":"2021-01-15T13:20:32","date_gmt":"2021-01-15T12:20:32","guid":{"rendered":"https:\/\/www.ateti.pt\/loja\/?post_type=product&#038;p=23393"},"modified":"2024-02-08T16:13:06","modified_gmt":"2024-02-08T16:13:06","slug":"vinho-branco-box-5l-capa-rosa","status":"publish","type":"product","link":"https:\/\/www.ateti.pt\/loja\/produto\/vinho-branco-box-5l-capa-rosa\/","title":{"rendered":"Vinho Branco Box 5L Capa Rosa"},"content":{"rendered":"<h5><strong>Vinho Branco Box 5L Capa Rosa<\/strong><\/h5>\n<p><strong>Quantidade:\u00a0<\/strong>5 litros<\/p>\n<p><strong>Descri\u00e7\u00e3o:\u00a0<\/strong>\u00c9 um vinho fresco e frutado, concebido a partir\u00a0de lotes entre os melhores vinhos da produ\u00e7\u00e3o.<\/p>\n<p>Ideal para acompanhar pratos de peixe e marisco.<\/p>\n<p>Deve servir-se ainda jovem e a uma temperatura entre 5\u00ba e 8\u00ba C.<br \/>\nTeor Alco\u00f3lico: 11,5% vol.<br \/>\nAcidez total: &gt; 3,5 g \u00e1c. Tart\u00e1rico\/L<br \/>\nSulfuroso total: &lt;200 mg\/L<\/p>\n<p>Alerg\u00e9nios: Cont\u00e9m sulfitos e di\u00f3xido de enxofre.<\/p>\n<p>Veja mais em <a href=\"https:\/\/www.ateti.pt\/loja\/categoria\/bebidas\/vinhos-e-licores\/\">Vinhos e Licores<\/a><\/p>\n<p>&nbsp;<\/p>\n","protected":false},"excerpt":{"rendered":"<p>1,24\u20ac\/litro<\/p>\n","protected":false},"featured_media":60709,"comment_status":"open","ping_status":"closed","template":"","meta":{"_themeisle_gutenberg_block_has_review":false},"product_brand":[],"product_cat":[158,173,623],"product_tag":[],"woo-feed-brand":[],"class_list":{"0":"post-23393","1":"product","2":"type-product","3":"status-publish","4":"has-post-thumbnail","6":"product_cat-bebidas","7":"product_cat-garrafeira","8":"product_cat-vinho-branco","9":"pa_tipologia-vinho-bag-in-box","10":"pa_tipologia-vinho-vinho-branco","12":"first","13":"instock","14":"sale","15":"taxable","16":"shipping-taxable","17":"purchasable","18":"product-type-simple"},"_links":{"self":[{"href":"https:\/\/www.ateti.pt\/loja\/wp-json\/wp\/v2\/product\/23393","targetHints":{"allow":["GET"]}}],"collection":[{"href":"https:\/\/www.ateti.pt\/loja\/wp-json\/wp\/v2\/product"}],"about":[{"href":"https:\/\/www.ateti.pt\/loja\/wp-json\/wp\/v2\/types\/product"}],"replies":[{"embeddable":true,"href":"https:\/\/www.ateti.pt\/loja\/wp-json\/wp\/v2\/comments?post=23393"}],"wp:featuredmedia":[{"embeddable":true,"href":"https:\/\/www.ateti.pt\/loja\/wp-json\/wp\/v2\/media\/60709"}],"wp:attachment":[{"href":"https:\/\/www.ateti.pt\/loja\/wp-json\/wp\/v2\/media?parent=23393"}],"wp:term":[{"taxonomy":"product_brand","embeddable":true,"href":"https:\/\/www.ateti.pt\/loja\/wp-json\/wp\/v2\/product_brand?post=23393"},{"taxonomy":"product_cat","embeddable":true,"href":"https:\/\/www.ateti.pt\/loja\/wp-json\/wp\/v2\/product_cat?post=23393"},{"taxonomy":"product_tag","embeddable":true,"href":"https:\/\/www.ateti.pt\/loja\/wp-json\/wp\/v2\/product_tag?post=23393"},{"taxonomy":"woo-feed-brand","embeddable":true,"href":"https:\/\/www.ateti.pt\/loja\/wp-json\/wp\/v2\/woo-feed-brand?post=23393"}],"curies":[{"name":"wp","href":"https:\/\/api.w.org\/{rel}","templated":true}]}}