{"id":22520,"date":"2020-11-19T19:42:20","date_gmt":"2020-11-19T18:42:20","guid":{"rendered":"https:\/\/www.ateti.pt\/loja\/?post_type=product&#038;p=22520"},"modified":"2025-01-20T16:16:16","modified_gmt":"2025-01-20T16:16:16","slug":"biscoitos-cha-hungaro-350g","status":"publish","type":"product","link":"https:\/\/www.ateti.pt\/loja\/produto\/biscoitos-cha-hungaro-350g\/","title":{"rendered":"Biscoitos Ch\u00e1 Hungaro 350g"},"content":{"rendered":"<p><strong>Biscoitos Ch\u00e1 Hungaro<\/strong><\/p>\n<p>Quantidade: 350g<\/p>\n<div>O produto &#8220;Biscoitos Ch\u00e1 Hungaro 350g &#8221; tem uma validade at\u00e9 20 dias, pelo que deve considerar menos 3 dias \u00fateis para efeitos de transporte.<\/div>\n<div><strong>Ingredientes:\u00a0<\/strong>Farinha de trigo 55, a\u00e7\u00facar, gema de ovo, \u00f3leos e gorduras vegetais simples(\u00f3leo de palma, MB-RSPO) e seus derivados(MB-RSPO) e \u00f3leos de girassol, emulsionantes (mono-diglic\u00e9ridos, lecitina de soja, E476 e E492), corante org\u00e2nico natural (betacaroteno), antioxidante (tocofer\u00f3is e palmitato de ascorbilo) e regulador de acidez(\u00e1cido c\u00edtrico), Sal, aromas, cacau magro em p\u00f3, soro de leite, morangos, gelificante \/E440ii), amido de milho modificado, conservante(E202)\u00a0 e corante.<\/div>\n<div>Pode conter vest\u00edgios de frutos de casca rija e sementes de s\u00e9samo.<\/div>\n<div>Valores nutricionais por 100g:<\/div>\n<div>Energia: 2070kj\/495kcal; L\u00edpidos: 29.4g, dos quais saturados: 18.7g; Hidratos de carbono: 50.2g, dos quais a\u00e7\u00facares: 15.7g; Fibra: 1.2g; Prote\u00ednas: 7.25g; Sal: 0.5g.<\/div>\n","protected":false},"excerpt":{"rendered":"<p>19.97\u20ac\/Kg<\/p>\n","protected":false},"featured_media":61279,"comment_status":"open","ping_status":"closed","template":"","meta":{"_themeisle_gutenberg_block_has_review":false},"product_brand":[],"product_cat":[598,666],"product_tag":[],"woo-feed-brand":[],"class_list":{"0":"post-22520","1":"product","2":"type-product","3":"status-publish","4":"has-post-thumbnail","6":"product_cat-padaria-pastelaria","7":"product_cat-pastelaria","8":"ts_product_brand-fabrica-pastelaria-confetaria-de-s-silvestre","10":"first","11":"instock","12":"taxable","13":"shipping-taxable","14":"purchasable","15":"product-type-simple"},"_links":{"self":[{"href":"https:\/\/www.ateti.pt\/loja\/wp-json\/wp\/v2\/product\/22520","targetHints":{"allow":["GET"]}}],"collection":[{"href":"https:\/\/www.ateti.pt\/loja\/wp-json\/wp\/v2\/product"}],"about":[{"href":"https:\/\/www.ateti.pt\/loja\/wp-json\/wp\/v2\/types\/product"}],"replies":[{"embeddable":true,"href":"https:\/\/www.ateti.pt\/loja\/wp-json\/wp\/v2\/comments?post=22520"}],"wp:featuredmedia":[{"embeddable":true,"href":"https:\/\/www.ateti.pt\/loja\/wp-json\/wp\/v2\/media\/61279"}],"wp:attachment":[{"href":"https:\/\/www.ateti.pt\/loja\/wp-json\/wp\/v2\/media?parent=22520"}],"wp:term":[{"taxonomy":"product_brand","embeddable":true,"href":"https:\/\/www.ateti.pt\/loja\/wp-json\/wp\/v2\/product_brand?post=22520"},{"taxonomy":"product_cat","embeddable":true,"href":"https:\/\/www.ateti.pt\/loja\/wp-json\/wp\/v2\/product_cat?post=22520"},{"taxonomy":"product_tag","embeddable":true,"href":"https:\/\/www.ateti.pt\/loja\/wp-json\/wp\/v2\/product_tag?post=22520"},{"taxonomy":"woo-feed-brand","embeddable":true,"href":"https:\/\/www.ateti.pt\/loja\/wp-json\/wp\/v2\/woo-feed-brand?post=22520"}],"curies":[{"name":"wp","href":"https:\/\/api.w.org\/{rel}","templated":true}]}}

Biscoitos Chá Hungaro 350g

<p><strong>Biscoitos Chá Hungaro</strong></p>
<p>Quantidade: 350g</p>
<div>O produto &#8220;Biscoitos Chá Hungaro 350g &#8221; tem uma validade até 20 dias, pelo que deve considerar menos 3 dias úteis para efeitos de transporte.</div>
<div><strong>Ingredientes: </strong>Farinha de trigo 55, açúcar, gema de ovo, óleos e gorduras vegetais simples(óleo de palma, MB-RSPO) e seus derivados(MB-RSPO) e óleos de girassol, emulsionantes (mono-diglicéridos, lecitina de soja, E476 e E492), corante orgânico natural (betacaroteno), antioxidante (tocoferóis e palmitato de ascorbilo) e regulador de acidez(ácido cítrico), Sal, aromas, cacau magro em pó, soro de leite, morangos, gelificante /E440ii), amido de milho modificado, conservante(E202)  e corante.</div>
<div>Pode conter vestígios de frutos de casca rija e sementes de sésamo.</div>
<div>Valores nutricionais por 100g:</div>
<div>Energia: 2070kj/495kcal; Lípidos: 29.4g, dos quais saturados: 18.7g; Hidratos de carbono: 50.2g, dos quais açúcares: 15.7g; Fibra: 1.2g; Proteínas: 7.25g; Sal: 0.5g.</div>
