{"id":22379,"date":"2024-01-09T12:45:20","date_gmt":"2024-01-09T12:45:20","guid":{"rendered":"https:\/\/www.ateti.pt\/loja\/?post_type=product&#038;p=22379"},"modified":"2025-07-15T12:27:06","modified_gmt":"2025-07-15T11:27:06","slug":"forte-delta-q-200-capsulas-bonini","status":"publish","type":"product","link":"https:\/\/www.ateti.pt\/loja\/produto\/forte-delta-q-200-capsulas-bonini\/","title":{"rendered":"Caf\u00e9 Forte Compat\u00edveis Delta Q 200 C\u00e1psulas Bonini"},"content":{"rendered":"<p><strong>Caf\u00e9 em C\u00e1psula Intenso Delta Q Bonini 200 c\u00e1psulas<\/strong><\/p>\n<p><strong>Intensidade:<\/strong> 14<\/p>\n<p><strong>Quantidade:<\/strong> 200 c\u00e1psulas de caf\u00e9<\/p>\n<p>Forte Delta Q 200 c\u00e1psulas Bonini tem uma mistura consistente e vigorosa, um aroma forte e penetrante para verdadeiros conhecedores.<\/p>\n<p>Um caf\u00e9 com um fasc\u00ednio elegante e casual mas ao mesmo tempo pungente. Sendo uma mistura 100% robusta que \u00e9 expressa em um copo com aroma forte e um creme saboroso.<\/p>\n<p>Este variedade de caf\u00e9 em c\u00e1psula \u00e9 compat\u00edvel com m\u00e1quinas de caf\u00e9 Delta Q.<\/p>\n<p><em>A marca Delta Q\u00ae n\u00e3o \u00e9 propriedade da Bonini S.R.L nem de empresas ligadas \u00e0 mesma. O produto deve ser utilizado em aparelhos de coloca\u00e7\u00e3o de c\u00e1psulas.<\/em><\/p>\n<p>&nbsp;<\/p>\n<p><a href=\"https:\/\/www.ateti.pt\/loja\/wp-content\/uploads\/2021\/02\/Label_DeltaQ_Forte_200caps_v3_Agosto2021-e1628260757419.png\"><img loading=\"lazy\" decoding=\"async\" class=\"alignnone wp-image-32629 \" src=\"https:\/\/www.ateti.pt\/loja\/wp-content\/uploads\/2021\/02\/Label_DeltaQ_Forte_200caps_v3_Agosto2021-300x240.png\" alt=\"\" width=\"227\" height=\"182\" \/><\/a><\/p>\n","protected":false},"excerpt":{"rendered":"<p>0,22\u20ac\/unidade<\/p>\n<p style=\"margin: 0in; font-family: Calibri; font-size: 11.0pt;\"><strong>Intensidade:<\/strong> 14<\/p>\n<p style=\"margin: 0in; font-family: Calibri; font-size: 11.0pt;\"><strong>Quantidade:<\/strong> 200 c\u00e1psulas de caf\u00e9<\/p>\n","protected":false},"featured_media":32781,"comment_status":"closed","ping_status":"closed","template":"","meta":{"_themeisle_gutenberg_block_has_review":false},"product_brand":[],"product_cat":[250,692,694,117,21,256,578,787],"product_tag":[],"woo-feed-brand":[756],"class_list":{"0":"post-22379","1":"product","2":"type-product","3":"status-publish","4":"has-post-thumbnail","6":"product_cat-ate-ti-negocios","7":"product_cat-cafe","8":"product_cat-cafe-capsulas","9":"product_cat-cafe-em-capsula","10":"product_cat-capsulas-delta-q","11":"product_cat-compativeis-cafe-em-capsula","12":"product_cat-cafe-grandes-formatos","13":"product_cat-promocao-bonini","14":"ts_product_brand-bonini","15":"woo-feed-brand-bonini","17":"first","18":"instock","19":"sale","20":"taxable","21":"shipping-taxable","22":"purchasable","23":"product-type-simple"},"_links":{"self":[{"href":"https:\/\/www.ateti.pt\/loja\/wp-json\/wp\/v2\/product\/22379","targetHints":{"allow":["GET"]}}],"collection":[{"href":"https:\/\/www.ateti.pt\/loja\/wp-json\/wp\/v2\/product"}],"about":[{"href":"https:\/\/www.ateti.pt\/loja\/wp-json\/wp\/v2\/types\/product"}],"replies":[{"embeddable":true,"href":"https:\/\/www.ateti.pt\/loja\/wp-json\/wp\/v2\/comments?post=22379"}],"wp:featuredmedia":[{"embeddable":true,"href":"https:\/\/www.ateti.pt\/loja\/wp-json\/wp\/v2\/media\/32781"}],"wp:attachment":[{"href":"https:\/\/www.ateti.pt\/loja\/wp-json\/wp\/v2\/media?parent=22379"}],"wp:term":[{"taxonomy":"product_brand","embeddable":true,"href":"https:\/\/www.ateti.pt\/loja\/wp-json\/wp\/v2\/product_brand?post=22379"},{"taxonomy":"product_cat","embeddable":true,"href":"https:\/\/www.ateti.pt\/loja\/wp-json\/wp\/v2\/product_cat?post=22379"},{"taxonomy":"product_tag","embeddable":true,"href":"https:\/\/www.ateti.pt\/loja\/wp-json\/wp\/v2\/product_tag?post=22379"},{"taxonomy":"woo-feed-brand","embeddable":true,"href":"https:\/\/www.ateti.pt\/loja\/wp-json\/wp\/v2\/woo-feed-brand?post=22379"}],"curies":[{"name":"wp","href":"https:\/\/api.w.org\/{rel}","templated":true}]}}

Café Forte Compatíveis Delta Q 200 Cápsulas Bonini

<p><strong>Café em Cápsula Intenso Delta Q Bonini 200 cápsulas</strong></p>
<p><strong>Intensidade:</strong> 14</p>
<p><strong>Quantidade:</strong> 200 cápsulas de café</p>
<p>Forte Delta Q 200 cápsulas Bonini tem uma mistura consistente e vigorosa, um aroma forte e penetrante para verdadeiros conhecedores.</p>
<p>Um café com um fascínio elegante e casual mas ao mesmo tempo pungente. Sendo uma mistura 100% robusta que é expressa em um copo com aroma forte e um creme saboroso.</p>
<p>Este variedade de café em cápsula é compatível com máquinas de café Delta Q.</p>
<p><em>A marca Delta Q® não é propriedade da Bonini S.R.L nem de empresas ligadas à mesma. O produto deve ser utilizado em aparelhos de colocação de cápsulas.</em></p>
<p>&nbsp;</p>
<p><a href="https://www.ateti.pt/loja/wp-content/uploads/2021/02/Label_DeltaQ_Forte_200caps_v3_Agosto2021-e1628260757419.png"><img loading="lazy" decoding="async" class="alignnone wp-image-32629 " src="https://www.ateti.pt/loja/wp-content/uploads/2021/02/Label_DeltaQ_Forte_200caps_v3_Agosto2021-300x240.png" alt="" width="227" height="182" /></a></p>

<p>0,22€/unidade</p>
<p style="margin: 0in; font-family: Calibri; font-size: 11.0pt;"><strong>Intensidade:</strong> 14</p>
<p style="margin: 0in; font-family: Calibri; font-size: 11.0pt;"><strong>Quantidade:</strong> 200 cápsulas de café</p>
