{"id":20958,"date":"2022-05-22T16:45:06","date_gmt":"2022-05-22T16:45:06","guid":{"rendered":"https:\/\/www.ateti.pt\/loja\/?post_type=product&#038;p=20958"},"modified":"2022-09-13T14:53:22","modified_gmt":"2022-09-13T13:53:22","slug":"bloco-de-notas-adesivas-4-cores-40x50mm-q-connect","status":"publish","type":"product","link":"https:\/\/www.ateti.pt\/loja\/produto\/bloco-de-notas-adesivas-4-cores-40x50mm-q-connect\/","title":{"rendered":"Bloco de Notas Adesivas 4 cores 40x50mm Q-Connect"},"content":{"rendered":"<p><strong>Bloco de Notas Adesivas 4 cores 40x50mm Q-Connect<\/strong><\/p>\n<p>Muito \u00fateis para recordar informa\u00e7\u00e3o.<\/p>\n<p>Cores fluorescentes.<\/p>\n<p>50 folhas por cada cor.<\/p>\n<p>Pack de 4 unidades sortidas em 4 cores<\/p>\n<p>V\u00ea mais em\u00a0<a href=\"https:\/\/www.ateti.pt\/loja\/categoria\/papelaria\/\">Papelaria<\/a><\/p>\n","protected":false},"excerpt":{"rendered":"<p>2.35\u20ac\/unidade<\/p>\n","protected":false},"featured_media":43962,"comment_status":"closed","ping_status":"closed","template":"","meta":{"_themeisle_gutenberg_block_has_review":false},"product_brand":[],"product_cat":[250,571,815],"product_tag":[],"woo-feed-brand":[],"class_list":{"0":"post-20958","1":"product","2":"type-product","3":"status-publish","4":"has-post-thumbnail","6":"product_cat-ate-ti-negocios","7":"product_cat-papelaria","8":"product_cat-papelaria-e-consumiveis","9":"ts_product_brand-q-connect","11":"first","12":"instock","13":"sale","14":"taxable","15":"shipping-taxable","16":"purchasable","17":"product-type-simple"},"_links":{"self":[{"href":"https:\/\/www.ateti.pt\/loja\/wp-json\/wp\/v2\/product\/20958","targetHints":{"allow":["GET"]}}],"collection":[{"href":"https:\/\/www.ateti.pt\/loja\/wp-json\/wp\/v2\/product"}],"about":[{"href":"https:\/\/www.ateti.pt\/loja\/wp-json\/wp\/v2\/types\/product"}],"replies":[{"embeddable":true,"href":"https:\/\/www.ateti.pt\/loja\/wp-json\/wp\/v2\/comments?post=20958"}],"wp:featuredmedia":[{"embeddable":true,"href":"https:\/\/www.ateti.pt\/loja\/wp-json\/wp\/v2\/media\/43962"}],"wp:attachment":[{"href":"https:\/\/www.ateti.pt\/loja\/wp-json\/wp\/v2\/media?parent=20958"}],"wp:term":[{"taxonomy":"product_brand","embeddable":true,"href":"https:\/\/www.ateti.pt\/loja\/wp-json\/wp\/v2\/product_brand?post=20958"},{"taxonomy":"product_cat","embeddable":true,"href":"https:\/\/www.ateti.pt\/loja\/wp-json\/wp\/v2\/product_cat?post=20958"},{"taxonomy":"product_tag","embeddable":true,"href":"https:\/\/www.ateti.pt\/loja\/wp-json\/wp\/v2\/product_tag?post=20958"},{"taxonomy":"woo-feed-brand","embeddable":true,"href":"https:\/\/www.ateti.pt\/loja\/wp-json\/wp\/v2\/woo-feed-brand?post=20958"}],"curies":[{"name":"wp","href":"https:\/\/api.w.org\/{rel}","templated":true}]}}