{"id":19276,"date":"2022-07-12T10:41:57","date_gmt":"2022-07-12T09:41:57","guid":{"rendered":"https:\/\/www.ateti.pt\/loja\/?post_type=product&#038;p=19276"},"modified":"2025-11-12T17:01:25","modified_gmt":"2025-11-12T17:01:25","slug":"atum-oleo-vegetal-bom-petisco-120g","status":"publish","type":"product","link":"https:\/\/www.ateti.pt\/loja\/produto\/atum-oleo-vegetal-bom-petisco-120g\/","title":{"rendered":"Atum \u00d3leo Vegetal 120g Bom Petisco"},"content":{"rendered":"<p><strong>Atum \u00d3leo Vegetal Bom Petisco<\/strong><\/p>\n<p>Quantidade: 120g<\/p>\n<p><strong>Ingredientes: <\/strong>Atum(65%), \u00f3leo vegetal de girassol (34%), sal.<\/p>\n<p><strong>Alerg\u00e9nios: <\/strong>Peixe (Atum)<\/p>\n<p><strong>Valores nutricionais:\u00a0<\/strong>Energia:806kj\/193kcal; L\u00edpidos: 10g, dos quais saturados: 1,2g; Hidratos de Carbono: 0g, dos quais a\u00e7\u00facares: 0g; Prote\u00ednas:25g; Sal: 1,3g; \u00d3mega-3: 150mg; EPA+DHA:160mg.<\/p>\n<div class=\"wpb_text_column wpb_content_element vc_1609943196091 \">\n<div class=\"wpb_wrapper\">\n<p><strong>Peso L\u00edquido:<\/strong> 120g<\/p>\n<p><strong>Peso L\u00edquido Escorrido:<\/strong>\u00a078g<\/p>\n<\/div>\n<\/div>\n<div class=\"wpb_text_column wpb_content_element vc_1609759915965 \">\n<div class=\"wpb_wrapper\">\n<p><strong>Condi\u00e7\u00f5es de conserva\u00e7\u00e3o: <\/strong>O produto deve estar armazenado \u00e0 temperatura ambiente, protegido da humidade, sujidade e outros agentes que possam alterar a embalagem.<\/p>\n<\/div>\n<\/div>\n<div class=\"ivan-vc-separator vc_separator wpb_content_element\"><strong>Instru\u00e7\u00f5es de utiliza\u00e7\u00e3o: <\/strong>Produto pronto a consumir. Consumir no dia da abertura.<\/div>\n<div><\/div>\n<div><strong>Produto de Portugal<\/strong><\/div>\n<div><\/div>\n<div><strong>Origem Atum:<\/strong>\u00a0Ver embalagem. Oceano Atl\u00e2ntico (ATL). Oceano Pac\u00edfico (PAC). Oceano \u00cdndico (IND).<\/div>\n<div>\n<div>\n<p>Sugest\u00e3o de receita<\/p>\n<h5>Salada de gr\u00e3o de bico e atum<\/h5>\n<p><strong>Ingredientes:<\/strong><\/p>\n<p>4 ovos<\/p>\n<p>1 cebola<\/p>\n<p>1 pepino<\/p>\n<p>1 tomate<\/p>\n<p>2 latas de\u00a0 Atum \u00d3leo Vegetal Bom Petisco<\/p>\n<div class=\"code-block code-block-20\">\n<div id=\"ncultura.pt_responsive_hr_desktop_60_percentage_04-3\" class=\"demand-supply\" data-ad=\"ncultura.pt_responsive_hr_desktop_60_percentage_04\" data-devices=\"m:0,t:1,d:1\" data-ds-status=\"done\">1 lata de milho<\/div>\n<\/div>\n<p>1 frasco Gr\u00e3o de Bico<\/p>\n<p>Salsa q.b.<\/p>\n<p>Azeitonas pretas q.b. (descaro\u00e7adas)<\/p>\n<p><strong>Para o tempero:<\/strong><\/p>\n<p>3 colheres de sopa de azeite<\/p>\n<p>1 c. de sopa com vinagre de vinho branco<\/p>\n<p>1 c. de sobremesa com mostarda em p\u00f3<\/p>\n<p>Sal q.b.<\/p>\n<p>Pimenta preta q.b.<\/p>\n<p><strong>Prepara\u00e7\u00e3o:<\/strong><\/p>\n<p>Coloque a cozer em \u00e1gua os ovos por 10 minutos.<\/p>\n<p>Entretanto, escorra o atum, o gr\u00e3o de bico e o milho. Reserve.<\/p>\n<p>Lave bem o pepino. Fa\u00e7a o mesmo com o tomate.<\/p>\n<p>Corte o tomate em peda\u00e7os. Descasque o pepino e corte-o \u00e0s rodelas finas. Reserve.<\/p>\n<p>Corte as azeitonas em rodelas. Reserve.<\/p>\n<p>Pique a cebola grosseiramente. Fa\u00e7a o mesmo com a salsa.<\/p>\n<p>Coloque numa saladeira: gr\u00e3o-de-bico, milho, tomate, pepino e cebola. Misture bem.<\/p>\n<p>Depois, misture o azeite, o vinagre e a mostarda, preparando o molho.<\/p>\n<p>Mexa bem de forma a incorporar tudo.<\/p>\n<p>Tempere com sal e pimenta.<\/p>\n<p>Regue com o molho o preparado anterior e, depois, misture bem.<\/p>\n<p>Distribua por toda a parte o atum escorrido e desfeito. Envolva tudo.<\/p>\n<p>Junte os ovos e as azeitonas.<\/p>\n<p>Polvilhe com salsa e sirva.<\/p>\n<\/div>\n<\/div>\n<div><\/div>\n<div>Veja mais em <a href=\"https:\/\/www.ateti.pt\/loja\/categoria\/mercearia\/conservas\/\">Conservas<\/a><\/div>\n","protected":false},"excerpt":{"rendered":"<p>10.92\u20ac\/kg<\/p>\n","protected":false},"featured_media":42292,"comment_status":"closed","ping_status":"closed","template":"","meta":{"_themeisle_gutenberg_block_has_review":false},"product_brand":[],"product_cat":[155,891,132],"product_tag":[],"woo-feed-brand":[],"class_list":{"0":"post-19276","1":"product","2":"type-product","3":"status-publish","4":"has-post-thumbnail","6":"product_cat-conservas","7":"product_cat-iva-zero","8":"product_cat-mercearia","9":"ts_product_brand-bom-petisco","11":"first","12":"instock","13":"sale","14":"taxable","15":"shipping-taxable","16":"purchasable","17":"product-type-simple"},"_links":{"self":[{"href":"https:\/\/www.ateti.pt\/loja\/wp-json\/wp\/v2\/product\/19276","targetHints":{"allow":["GET"]}}],"collection":[{"href":"https:\/\/www.ateti.pt\/loja\/wp-json\/wp\/v2\/product"}],"about":[{"href":"https:\/\/www.ateti.pt\/loja\/wp-json\/wp\/v2\/types\/product"}],"replies":[{"embeddable":true,"href":"https:\/\/www.ateti.pt\/loja\/wp-json\/wp\/v2\/comments?post=19276"}],"wp:featuredmedia":[{"embeddable":true,"href":"https:\/\/www.ateti.pt\/loja\/wp-json\/wp\/v2\/media\/42292"}],"wp:attachment":[{"href":"https:\/\/www.ateti.pt\/loja\/wp-json\/wp\/v2\/media?parent=19276"}],"wp:term":[{"taxonomy":"product_brand","embeddable":true,"href":"https:\/\/www.ateti.pt\/loja\/wp-json\/wp\/v2\/product_brand?post=19276"},{"taxonomy":"product_cat","embeddable":true,"href":"https:\/\/www.ateti.pt\/loja\/wp-json\/wp\/v2\/product_cat?post=19276"},{"taxonomy":"product_tag","embeddable":true,"href":"https:\/\/www.ateti.pt\/loja\/wp-json\/wp\/v2\/product_tag?post=19276"},{"taxonomy":"woo-feed-brand","embeddable":true,"href":"https:\/\/www.ateti.pt\/loja\/wp-json\/wp\/v2\/woo-feed-brand?post=19276"}],"curies":[{"name":"wp","href":"https:\/\/api.w.org\/{rel}","templated":true}]}}