{"id":18520,"date":"2020-07-06T10:31:04","date_gmt":"2020-07-06T09:31:04","guid":{"rendered":"https:\/\/www.ateti.pt\/loja\/?post_type=product&#038;p=18520"},"modified":"2024-02-09T17:48:56","modified_gmt":"2024-02-09T17:48:56","slug":"shampoo-aloe-vera-cabelos-normais-garnier-fructis-350ml","status":"publish","type":"product","link":"https:\/\/www.ateti.pt\/loja\/produto\/shampoo-aloe-vera-cabelos-normais-garnier-fructis-350ml\/","title":{"rendered":"Champ\u00f4 Alo\u00e9 Vera Garnier Fructis 350mL"},"content":{"rendered":"<p><b>Champ\u00f4 Alo\u00e9 Vera Garnier Fructis<\/b><\/p>\n<p>Quantidade: 350mL<\/p>\n<p><b>Champ\u00f4 Alo\u00e9 Vera Garnier Fructis, <\/b>com uma f\u00f3rmula vegan e com 98% de ingredientes de origem natural deixa o cabelo purificado e hidratado, sem pesar.<\/p>\n<p>Perfeito para cabelos normais a secos.<\/p>\n<div class=\"product-note\">\n<div class=\"collapse\">\n<div id=\"collapse349041\" class=\"collapse__content collapse__content--collapsed\">\n<div class=\"product-note__description richtext\">\n<div id=\"ingredients-list\" data-ioplist=\"\">\n<p><strong>Cont\u00e9m:<\/strong> F\u00f3rmula vegan, 96% biodegrad\u00e1vel e com 98% de ingredientes de origem natural \u00e0 base de aloe vera e \u00f3leo de coco.<\/p>\n<\/div>\n<\/div>\n<\/div>\n<\/div>\n<\/div>\n<div class=\"product-note\">\n<div class=\"collapse\">\n<div id=\"search-content\">\n<div class=\"container\">\n<div class=\"row\">\n<div class=\"col-xs-12 col-sm-12\">\n<div class=\"collapse-list\">\n<div class=\"product-note\">\n<div class=\"collapse\">\n<div id=\"collapse967164\" class=\"collapse__content collapse__content--collapsed\">\n<div class=\"product-note__description richtext\">\n<p><strong>Resultados: <\/strong>Super Hidrata\u00e7\u00e3o, purificante e suavidade.<\/p>\n<p>Veja mais em <a href=\"https:\/\/www.ateti.pt\/loja\/categoria\/higiene-e-limpeza\/higiene\/cabelo\/\">Cabelos<\/a><\/p>\n<\/div>\n<\/div>\n<\/div>\n<\/div>\n<\/div>\n<\/div>\n<\/div>\n<\/div>\n<\/div>\n<div id=\"refapp-tabs-titles\" class=\"reviews-container\">\n<div id=\"ratings\" class=\"rr-conatiner rr-conatiner-outer\">\n<div class=\"rfp-rr-title-section-174-or rr-title-section\"><\/div>\n<\/div>\n<\/div>\n<\/div>\n<\/div>\n<p>&nbsp;<\/p>\n","protected":false},"excerpt":{"rendered":"<p>14,26\u20ac\/lt<\/p>\n","protected":false},"featured_media":60810,"comment_status":"closed","ping_status":"closed","template":"","meta":{"_themeisle_gutenberg_block_has_review":false},"product_brand":[],"product_cat":[203,211,190],"product_tag":[],"woo-feed-brand":[],"class_list":{"0":"post-18520","1":"product","2":"type-product","3":"status-publish","4":"has-post-thumbnail","6":"product_cat-beleza-e-higiene","7":"product_cat-cabelo","8":"product_cat-desinfetantes-e-limpeza","9":"ts_product_brand-garnier-fructis","11":"first","12":"instock","13":"taxable","14":"shipping-taxable","15":"purchasable","16":"product-type-simple"},"_links":{"self":[{"href":"https:\/\/www.ateti.pt\/loja\/wp-json\/wp\/v2\/product\/18520","targetHints":{"allow":["GET"]}}],"collection":[{"href":"https:\/\/www.ateti.pt\/loja\/wp-json\/wp\/v2\/product"}],"about":[{"href":"https:\/\/www.ateti.pt\/loja\/wp-json\/wp\/v2\/types\/product"}],"replies":[{"embeddable":true,"href":"https:\/\/www.ateti.pt\/loja\/wp-json\/wp\/v2\/comments?post=18520"}],"wp:featuredmedia":[{"embeddable":true,"href":"https:\/\/www.ateti.pt\/loja\/wp-json\/wp\/v2\/media\/60810"}],"wp:attachment":[{"href":"https:\/\/www.ateti.pt\/loja\/wp-json\/wp\/v2\/media?parent=18520"}],"wp:term":[{"taxonomy":"product_brand","embeddable":true,"href":"https:\/\/www.ateti.pt\/loja\/wp-json\/wp\/v2\/product_brand?post=18520"},{"taxonomy":"product_cat","embeddable":true,"href":"https:\/\/www.ateti.pt\/loja\/wp-json\/wp\/v2\/product_cat?post=18520"},{"taxonomy":"product_tag","embeddable":true,"href":"https:\/\/www.ateti.pt\/loja\/wp-json\/wp\/v2\/product_tag?post=18520"},{"taxonomy":"woo-feed-brand","embeddable":true,"href":"https:\/\/www.ateti.pt\/loja\/wp-json\/wp\/v2\/woo-feed-brand?post=18520"}],"curies":[{"name":"wp","href":"https:\/\/api.w.org\/{rel}","templated":true}]}}

Champô Aloé Vera Garnier Fructis 350mL

<p><b>Champô Aloé Vera Garnier Fructis</b></p>
<p>Quantidade: 350mL</p>
<p><b>Champô Aloé Vera Garnier Fructis, </b>com uma fórmula vegan e com 98% de ingredientes de origem natural deixa o cabelo purificado e hidratado, sem pesar.</p>
<p>Perfeito para cabelos normais a secos.</p>
<div class="product-note">
<div class="collapse">
<div id="collapse349041" class="collapse__content collapse__content--collapsed">
<div class="product-note__description richtext">
<div id="ingredients-list" data-ioplist="">
<p><strong>Contém:</strong> Fórmula vegan, 96% biodegradável e com 98% de ingredientes de origem natural à base de aloe vera e óleo de coco.</p>
</div>
</div>
</div>
</div>
</div>
<div class="product-note">
<div class="collapse">
<div id="search-content">
<div class="container">
<div class="row">
<div class="col-xs-12 col-sm-12">
<div class="collapse-list">
<div class="product-note">
<div class="collapse">
<div id="collapse967164" class="collapse__content collapse__content--collapsed">
<div class="product-note__description richtext">
<p><strong>Resultados: </strong>Super Hidratação, purificante e suavidade.</p>
<p>Veja mais em <a href="https://www.ateti.pt/loja/categoria/higiene-e-limpeza/higiene/cabelo/">Cabelos</a></p>
</div>
</div>
</div>
</div>
</div>
</div>
</div>
</div>
</div>
<div id="refapp-tabs-titles" class="reviews-container">
<div id="ratings" class="rr-conatiner rr-conatiner-outer">
<div class="rfp-rr-title-section-174-or rr-title-section"></div>
</div>
</div>
</div>
</div>
<p>&nbsp;</p>
